{"id":1293,"date":"2017-12-02T00:34:16","date_gmt":"2017-12-01T23:34:16","guid":{"rendered":"\/lyc-raymondneris\/?page_id=1293"},"modified":"2017-12-02T14:20:10","modified_gmt":"2017-12-02T13:20:10","slug":"semaine-bleue-2","status":"publish","type":"page","link":"https:\/\/site.ac-martinique.fr\/lyc-raymondneris\/?page_id=1293","title":{"rendered":"SEMAINE BLEUE"},"content":{"rendered":"<p>Dans le cadre de la semaine bleue, les \u00e9l\u00e8ves de terminale coiffure\u00a0ont accueilli jeudi 16 novembre, les personnes \u00e2g\u00e9es de la maison de retraite du Marin au Lyc\u00e9e Raymond N\u00e9ris<\/p>\n<p><a href=\"\/lyc-raymondneris\/wp-content\/uploads\/sites\/40\/2017\/12\/Projet-Octobre-bleu-3.pdf\" target=\"_blank\">VOIR LE DIAPORAMA<\/a><\/p>\n<p><a href=\"\/lyc-raymondneris\/?attachment_id=1227\" rel=\"attachment wp-att-1227\"><img loading=\"lazy\" decoding=\"async\" class=\"alignnone size-full wp-image-1227\" src=\"\/lyc-raymondneris\/wp-content\/uploads\/sites\/40\/2017\/11\/semaine-bleue.jpg\" alt=\"\" width=\"1171\" height=\"1651\" srcset=\"https:\/\/site.ac-martinique.fr\/lyc-raymondneris\/wp-content\/uploads\/sites\/40\/2017\/11\/semaine-bleue.jpg 1171w, https:\/\/site.ac-martinique.fr\/lyc-raymondneris\/wp-content\/uploads\/sites\/40\/2017\/11\/semaine-bleue-213x300.jpg 213w, https:\/\/site.ac-martinique.fr\/lyc-raymondneris\/wp-content\/uploads\/sites\/40\/2017\/11\/semaine-bleue-768x1083.jpg 768w, https:\/\/site.ac-martinique.fr\/lyc-raymondneris\/wp-content\/uploads\/sites\/40\/2017\/11\/semaine-bleue-726x1024.jpg 726w, https:\/\/site.ac-martinique.fr\/lyc-raymondneris\/wp-content\/uploads\/sites\/40\/2017\/11\/semaine-bleue-600x846.jpg 600w\" sizes=\"auto, (max-width: 1171px) 100vw, 1171px\" \/><\/a><\/p>\n","protected":false},"excerpt":{"rendered":"<p>Dans le cadre de la semaine bleue, les \u00e9l\u00e8ves de terminale coiffure\u00a0ont accueilli jeudi 16 novembre, les personnes \u00e2g\u00e9es de la maison de retraite du Marin au Lyc\u00e9e Raymond N\u00e9ris VOIR LE DIAPORAMA<\/p>\n","protected":false},"author":101,"featured_media":0,"parent":0,"menu_order":0,"comment_status":"closed","ping_status":"closed","template":"","meta":{"footnotes":""},"class_list":["post-1293","page","type-page","status-publish","hentry"],"_links":{"self":[{"href":"https:\/\/site.ac-martinique.fr\/lyc-raymondneris\/index.php?rest_route=\/wp\/v2\/pages\/1293","targetHints":{"allow":["GET"]}}],"collection":[{"href":"https:\/\/site.ac-martinique.fr\/lyc-raymondneris\/index.php?rest_route=\/wp\/v2\/pages"}],"about":[{"href":"https:\/\/site.ac-martinique.fr\/lyc-raymondneris\/index.php?rest_route=\/wp\/v2\/types\/page"}],"author":[{"embeddable":true,"href":"https:\/\/site.ac-martinique.fr\/lyc-raymondneris\/index.php?rest_route=\/wp\/v2\/users\/101"}],"replies":[{"embeddable":true,"href":"https:\/\/site.ac-martinique.fr\/lyc-raymondneris\/index.php?rest_route=%2Fwp%2Fv2%2Fcomments&post=1293"}],"version-history":[{"count":4,"href":"https:\/\/site.ac-martinique.fr\/lyc-raymondneris\/index.php?rest_route=\/wp\/v2\/pages\/1293\/revisions"}],"predecessor-version":[{"id":1314,"href":"https:\/\/site.ac-martinique.fr\/lyc-raymondneris\/index.php?rest_route=\/wp\/v2\/pages\/1293\/revisions\/1314"}],"wp:attachment":[{"href":"https:\/\/site.ac-martinique.fr\/lyc-raymondneris\/index.php?rest_route=%2Fwp%2Fv2%2Fmedia&parent=1293"}],"curies":[{"name":"wp","href":"https:\/\/api.w.org\/{rel}","templated":true}]}}