{"id":1297,"date":"2017-12-02T00:57:53","date_gmt":"2017-12-01T23:57:53","guid":{"rendered":"\/lyc-raymondneris\/?page_id=1297"},"modified":"2017-12-02T00:57:53","modified_gmt":"2017-12-01T23:57:53","slug":"projet-theatre-lart-de-se-dire","status":"publish","type":"page","link":"https:\/\/site.ac-martinique.fr\/lyc-raymondneris\/?page_id=1297","title":{"rendered":"PROJET THEATRE : L&rsquo;ART DE SE DIRE"},"content":{"rendered":"<p>Ce projet a permis de d\u00e9noncer le harc\u00e8lement en milieu scolaire.<\/p>\n<p>Les \u00e9l\u00e8ves de trois classes ( 2MELEC, 2GA2 et 2MV) ont r\u00e9alis\u00e9 le sc\u00e9nario de la pi\u00e8ce de th\u00e9\u00e2tre: Ce n\u2019est pas dr\u00f4le. Apr\u00e8s avoir visionn\u00e9 des courts m\u00e9trages sur le harc\u00e8lement scolaire, chaque groupe classe a \u00e9labor\u00e9 une partie du sc\u00e9nario qui prend tout d\u2019abord la forme d\u2019un reportage de terrain avec des t\u00e9moignages de harc\u00e8lement. Puis, sur le plateau de TV N\u00e9ris, la journaliste Le\u00eflla dirige un d\u00e9bat sur le harc\u00e8lement scolaire avec des professionnels.<\/p>\n<p><a href=\"\/lyc-raymondneris\/wp-content\/uploads\/sites\/40\/2017\/11\/ART-DE-SE-DIRE.pdf\" target=\"_blank\"><strong><span style=\"color: #0066cc;\">VOIR LE DIAPORAMA<\/span><\/strong><\/a><\/p>\n<p><img loading=\"lazy\" decoding=\"async\" class=\"alignnone size-full wp-image-1215\" src=\"\/lyc-raymondneris\/wp-content\/uploads\/sites\/40\/2017\/11\/art-de-se-dire.jpg\" alt=\"\" width=\"1135\" height=\"1666\" srcset=\"https:\/\/site.ac-martinique.fr\/lyc-raymondneris\/wp-content\/uploads\/sites\/40\/2017\/11\/art-de-se-dire.jpg 1135w, https:\/\/site.ac-martinique.fr\/lyc-raymondneris\/wp-content\/uploads\/sites\/40\/2017\/11\/art-de-se-dire-204x300.jpg 204w, https:\/\/site.ac-martinique.fr\/lyc-raymondneris\/wp-content\/uploads\/sites\/40\/2017\/11\/art-de-se-dire-768x1127.jpg 768w, https:\/\/site.ac-martinique.fr\/lyc-raymondneris\/wp-content\/uploads\/sites\/40\/2017\/11\/art-de-se-dire-698x1024.jpg 698w, https:\/\/site.ac-martinique.fr\/lyc-raymondneris\/wp-content\/uploads\/sites\/40\/2017\/11\/art-de-se-dire-600x881.jpg 600w\" sizes=\"auto, (max-width: 1135px) 100vw, 1135px\" \/><\/p>\n","protected":false},"excerpt":{"rendered":"<p>Ce projet a permis de d\u00e9noncer le harc\u00e8lement en milieu scolaire. Les \u00e9l\u00e8ves de trois classes ( 2MELEC, 2GA2 et 2MV) ont r\u00e9alis\u00e9 le sc\u00e9nario de la pi\u00e8ce de th\u00e9\u00e2tre: Ce n\u2019est pas dr\u00f4le. Apr\u00e8s avoir visionn\u00e9 des courts m\u00e9trages &hellip; <a href=\"https:\/\/site.ac-martinique.fr\/lyc-raymondneris\/?page_id=1297\">Continuer la lecture <span class=\"meta-nav\">&rarr;<\/span><\/a><\/p>\n","protected":false},"author":101,"featured_media":0,"parent":0,"menu_order":0,"comment_status":"closed","ping_status":"closed","template":"","meta":{"footnotes":""},"class_list":["post-1297","page","type-page","status-publish","hentry"],"_links":{"self":[{"href":"https:\/\/site.ac-martinique.fr\/lyc-raymondneris\/index.php?rest_route=\/wp\/v2\/pages\/1297","targetHints":{"allow":["GET"]}}],"collection":[{"href":"https:\/\/site.ac-martinique.fr\/lyc-raymondneris\/index.php?rest_route=\/wp\/v2\/pages"}],"about":[{"href":"https:\/\/site.ac-martinique.fr\/lyc-raymondneris\/index.php?rest_route=\/wp\/v2\/types\/page"}],"author":[{"embeddable":true,"href":"https:\/\/site.ac-martinique.fr\/lyc-raymondneris\/index.php?rest_route=\/wp\/v2\/users\/101"}],"replies":[{"embeddable":true,"href":"https:\/\/site.ac-martinique.fr\/lyc-raymondneris\/index.php?rest_route=%2Fwp%2Fv2%2Fcomments&post=1297"}],"version-history":[{"count":2,"href":"https:\/\/site.ac-martinique.fr\/lyc-raymondneris\/index.php?rest_route=\/wp\/v2\/pages\/1297\/revisions"}],"predecessor-version":[{"id":1300,"href":"https:\/\/site.ac-martinique.fr\/lyc-raymondneris\/index.php?rest_route=\/wp\/v2\/pages\/1297\/revisions\/1300"}],"wp:attachment":[{"href":"https:\/\/site.ac-martinique.fr\/lyc-raymondneris\/index.php?rest_route=%2Fwp%2Fv2%2Fmedia&parent=1297"}],"curies":[{"name":"wp","href":"https:\/\/api.w.org\/{rel}","templated":true}]}}