{"id":2631,"date":"2020-05-18T22:10:33","date_gmt":"2020-05-18T21:10:33","guid":{"rendered":"\/lyc-raymondneris\/?page_id=2631"},"modified":"2020-05-18T22:12:33","modified_gmt":"2020-05-18T21:12:33","slug":"la-mer-deferlante-dimagination","status":"publish","type":"page","link":"https:\/\/site.ac-martinique.fr\/lyc-raymondneris\/?page_id=2631","title":{"rendered":"LA MER DEFERLANTE D&rsquo;IMAGINATION"},"content":{"rendered":"<h5><img loading=\"lazy\" decoding=\"async\" src=\"http:\/\/etabs.ac-martinique.fr\/rneris\/projetsfaits\/Photo\/mer5.gif\" width=\"250\" height=\"163\" \/><\/h5>\n<p><a href=\"\/lyc-raymondneris\/wp-content\/uploads\/sites\/40\/2020\/05\/La-mer4-2020.pdf\" target=\"_blank\"><strong><span style=\"font-size: medium;\">V<\/span>OIR LE DIAPORAMA<\/strong><\/a><\/p>\n<h5><strong><em>La mer est un atout fondamental de notre patrimoine Martiniquais\u2026<\/em><\/strong><\/h5>\n<h5><strong><em>Exploiter ce th\u00e8me, c&rsquo;est valoriser tout ce qui se rapporte \u00e0 l&rsquo;eau, et par la m\u00eame, inciter nos \u00e9l\u00e8ves \u00e0 respecter cette ressource naturelle<\/em><\/strong><\/h5>\n<h5><strong><em>La mer et l&rsquo;imagination engendrent des d\u00e9ferlantes d&rsquo;id\u00e9es\u2026. <\/em><\/strong><strong><em> Les Vagues, les poissons, les bateaux et les voiliers, les fonds sous-marins et les coquillages le sable et les empreintes le plan d&rsquo;eau et la plage mais aussi la pollution marine seront exploit\u00e9s et pr\u00e9sent\u00e9s sous des aspects divers et vari\u00e9s\u2026<\/em><\/strong><\/h5>\n<h2 align=\"left\"><strong><span style=\"color: #0066cc;\">Objectifs du projet<\/span> <\/strong><\/h2>\n<h5 align=\"left\">\u2022 <em><strong>Exploiter et valoriser le th\u00e8me de la mer<br \/>\n<\/strong><\/em><em><strong>\u2022 D\u00e9cloisonner les diff\u00e9rentes sections du lyc\u00e9e, en d\u00e9veloppant un th\u00e8me commun sous tous ses aspects.<br \/>\n<\/strong><\/em><em><strong>\u2022 Travailler en interdisciplinarit\u00e9 avec les mati\u00e8res artistiques, sportives, litt\u00e9raires, scientifiques et professionnelles.<br \/>\n<\/strong><\/em><em><strong>\u2022 Valoriser le travail des \u00e9l\u00e8ves en sortant du cadre du lyc\u00e9e (pr\u00e9sentation du projet, au Bord de mer du Marin) \u00a0 <\/strong><\/em><\/h5>\n<h2 align=\"left\"><strong><span style=\"color: #0099cc;\">Organisation du projet <\/span><\/strong> <span style=\"color: #0099cc;\"><strong> :<\/strong><\/span><\/h2>\n<div id=\"Layer1\"><\/div>\n<h5 align=\"left\"><i><strong>Matin\u00e9e de 7H30 \u00e0 13H30 Parall\u00e8lement \u00e0 un autre projet de notre \u00e9tablissement, se d\u00e9roulant le m\u00eame jour: <\/strong>\u00ab\u00a0 <strong>le D\u00e9fi Yoles\u00a0\u00bb orchestr\u00e9 par les professeurs d&rsquo;EPS et Bateaux, mettant en comp\u00e9tition les sections bateaux au cours d&rsquo;une \u00e9tape Diamant &#8211; Marin\u2026.. <\/strong><br \/>\n\u2022 <strong>Exposition de travaux d&rsquo;\u00e9l\u00e8ves dans diff\u00e9rentes disciplines sur le th\u00e8me de la mer<br \/>\n<\/strong>\u2022 <strong>Pr\u00e9sentation d&rsquo;un garde corps\u00a0 \u00ab\u00a0marin\u00a0\u00bb par les sections Structures M\u00e9talliques<br \/>\n<\/strong>\u2022 <strong>Mise \u00e0 l&rsquo;eau du bateau de comp\u00e9tition con\u00e7u et d\u00e9cor\u00e9 par les sections Bateaux<br \/>\n<\/strong>\u2022 <strong>Initiation au Kayak et animation sur le plan d&rsquo;eau propos\u00e9e par les professeurs d&rsquo;EPS<br \/>\n<\/strong>\u2022 <strong>Pr\u00e9sentation du projet \u00ab\u00a0coquillages, source d&rsquo;inspiration de coiffure\u00a0\u00bb par les sections Coiffure <\/strong>\u2022 <strong>Show de v\u00eatements et accessoires organis\u00e9 par les sections Couture<br \/>\n<\/strong>\u2022 <strong>Pr\u00e9sentation de maquettes des plaques des rues du Marin, relook\u00e9es en style marin, dans le cadre d&rsquo;un travail sur le patrimoine intitul\u00e9: \u00ab\u00a0m\u00e9moire des rues du Marin\u00a0\u00bb<br \/>\n<\/strong>\u2022 <strong>Animation podium<br \/>\n<\/strong>\u2022 <strong>Danses, Chants, Conte<br \/>\n<\/strong>\u2022 <strong>Remise des troph\u00e9es du \u00ab\u00a0d\u00e9fi yole\u00a0\u00bb<br \/>\n<\/strong>\u2022 <b>Collation<\/b><\/i><span style=\"font-size: medium;\"> \u00a0 <\/span><\/h5>\n<h2 align=\"left\"><strong><span style=\"color: #3366ff;\"><a style=\"color: #3366ff;\" href=\"\/lyc-raymondneris\/wp-content\/uploads\/sites\/40\/2020\/05\/La-mer4-2020.pdf\" target=\"_blank\"><span style=\"font-size: medium;\">\u00a0<\/span><\/a><\/span><\/strong><\/h2>\n","protected":false},"excerpt":{"rendered":"<p>VOIR LE DIAPORAMA La mer est un atout fondamental de notre patrimoine Martiniquais\u2026 Exploiter ce th\u00e8me, c&rsquo;est valoriser tout ce qui se rapporte \u00e0 l&rsquo;eau, et par la m\u00eame, inciter nos \u00e9l\u00e8ves \u00e0 respecter cette ressource naturelle La mer et &hellip; <a href=\"https:\/\/site.ac-martinique.fr\/lyc-raymondneris\/?page_id=2631\">Continuer la lecture <span class=\"meta-nav\">&rarr;<\/span><\/a><\/p>\n","protected":false},"author":101,"featured_media":0,"parent":0,"menu_order":0,"comment_status":"closed","ping_status":"closed","template":"","meta":{"footnotes":""},"class_list":["post-2631","page","type-page","status-publish","hentry"],"_links":{"self":[{"href":"https:\/\/site.ac-martinique.fr\/lyc-raymondneris\/index.php?rest_route=\/wp\/v2\/pages\/2631","targetHints":{"allow":["GET"]}}],"collection":[{"href":"https:\/\/site.ac-martinique.fr\/lyc-raymondneris\/index.php?rest_route=\/wp\/v2\/pages"}],"about":[{"href":"https:\/\/site.ac-martinique.fr\/lyc-raymondneris\/index.php?rest_route=\/wp\/v2\/types\/page"}],"author":[{"embeddable":true,"href":"https:\/\/site.ac-martinique.fr\/lyc-raymondneris\/index.php?rest_route=\/wp\/v2\/users\/101"}],"replies":[{"embeddable":true,"href":"https:\/\/site.ac-martinique.fr\/lyc-raymondneris\/index.php?rest_route=%2Fwp%2Fv2%2Fcomments&post=2631"}],"version-history":[{"count":2,"href":"https:\/\/site.ac-martinique.fr\/lyc-raymondneris\/index.php?rest_route=\/wp\/v2\/pages\/2631\/revisions"}],"predecessor-version":[{"id":2635,"href":"https:\/\/site.ac-martinique.fr\/lyc-raymondneris\/index.php?rest_route=\/wp\/v2\/pages\/2631\/revisions\/2635"}],"wp:attachment":[{"href":"https:\/\/site.ac-martinique.fr\/lyc-raymondneris\/index.php?rest_route=%2Fwp%2Fv2%2Fmedia&parent=2631"}],"curies":[{"name":"wp","href":"https:\/\/api.w.org\/{rel}","templated":true}]}}

<h5><img loading="lazy" decoding="async" src="http://etabs.ac-martinique.fr/rneris/projetsfaits/Photo/mer5.gif" width="250" height="163" /></h5>
<p><a href="/lyc-raymondneris/wp-content/uploads/sites/40/2020/05/La-mer4-2020.pdf" target="_blank"><strong><span style="font-size: medium;">V</span>OIR LE DIAPORAMA</strong></a></p>
<h5><strong><em>La mer est un atout fondamental de notre patrimoine Martiniquais…</em></strong></h5>
<h5><strong><em>Exploiter ce thème, c&rsquo;est valoriser tout ce qui se rapporte à l&rsquo;eau, et par la même, inciter nos élèves à respecter cette ressource naturelle</em></strong></h5>
<h5><strong><em>La mer et l&rsquo;imagination engendrent des déferlantes d&rsquo;idées…. </em></strong><strong><em> Les Vagues, les poissons, les bateaux et les voiliers, les fonds sous-marins et les coquillages le sable et les empreintes le plan d&rsquo;eau et la plage mais aussi la pollution marine seront exploités et présentés sous des aspects divers et variés…</em></strong></h5>
<h2 align="left"><strong><span style="color: #0066cc;">Objectifs du projet</span> </strong></h2>
<h5 align="left">• <em><strong>Exploiter et valoriser le thème de la mer<br />
</strong></em><em><strong>• Décloisonner les différentes sections du lycée, en développant un thème commun sous tous ses aspects.<br />
</strong></em><em><strong>• Travailler en interdisciplinarité avec les matières artistiques, sportives, littéraires, scientifiques et professionnelles.<br />
</strong></em><em><strong>• Valoriser le travail des élèves en sortant du cadre du lycée (présentation du projet, au Bord de mer du Marin)   </strong></em></h5>
<h2 align="left"><strong><span style="color: #0099cc;">Organisation du projet </span></strong> <span style="color: #0099cc;"><strong> :</strong></span></h2>
<div id="Layer1"></div>
<h5 align="left"><i><strong>Matinée de 7H30 à 13H30 Parallèlement à un autre projet de notre établissement, se déroulant le même jour: </strong>«  <strong>le Défi Yoles » orchestré par les professeurs d&rsquo;EPS et Bateaux, mettant en compétition les sections bateaux au cours d&rsquo;une étape Diamant &#8211; Marin….. </strong><br />
• <strong>Exposition de travaux d&rsquo;élèves dans différentes disciplines sur le thème de la mer<br />
</strong>• <strong>Présentation d&rsquo;un garde corps  « marin » par les sections Structures Métalliques<br />
</strong>• <strong>Mise à l&rsquo;eau du bateau de compétition conçu et décoré par les sections Bateaux<br />
</strong>• <strong>Initiation au Kayak et animation sur le plan d&rsquo;eau proposée par les professeurs d&rsquo;EPS<br />
</strong>• <strong>Présentation du projet « coquillages, source d&rsquo;inspiration de coiffure » par les sections Coiffure </strong>• <strong>Show de vêtements et accessoires organisé par les sections Couture<br />
</strong>• <strong>Présentation de maquettes des plaques des rues du Marin, relookées en style marin, dans le cadre d&rsquo;un travail sur le patrimoine intitulé: « mémoire des rues du Marin »<br />
</strong>• <strong>Animation podium<br />
</strong>• <strong>Danses, Chants, Conte<br />
</strong>• <strong>Remise des trophées du « défi yole »<br />
</strong>• <b>Collation</b></i><span style="font-size: medium;">   </span></h5>
<h2 align="left"><strong><span style="color: #3366ff;"><a style="color: #3366ff;" href="/lyc-raymondneris/wp-content/uploads/sites/40/2020/05/La-mer4-2020.pdf" target="_blank"><span style="font-size: medium;"> </span></a></span></strong></h2>

<p>VOIR LE DIAPORAMA La mer est un atout fondamental de notre patrimoine Martiniquais… Exploiter ce thème, c&rsquo;est valoriser tout ce qui se rapporte à l&rsquo;eau, et par la même, inciter nos élèves à respecter cette ressource naturelle La mer et &hellip; <a href="https://site.ac-martinique.fr/lyc-raymondneris/?page_id=2631">Continuer la lecture <span class="meta-nav">&rarr;</span></a></p>
