{"id":2927,"date":"2020-09-02T23:29:15","date_gmt":"2020-09-02T22:29:15","guid":{"rendered":"\/lyc-raymondneris\/?page_id=2927"},"modified":"2022-06-22T18:13:57","modified_gmt":"2022-06-22T17:13:57","slug":"infos-travaux","status":"publish","type":"page","link":"https:\/\/site.ac-martinique.fr\/lyc-raymondneris\/?page_id=2927","title":{"rendered":"INFOS TRAVAUX"},"content":{"rendered":"\n<p>Pr\u00e9sentation des travaux du b\u00e2timent G1 au lyc\u00e9e Raymond N\u00e9ris<\/p>\n\n\n\n<p><a href=\"\/lyc-raymondneris\/wp-content\/uploads\/sites\/40\/2020\/09\/PPT-2109-PRESENTATION-DESAMIANTAGE-LYCEE-RAYMOND-NERIS-2.pdf\" target=\"_blank\" rel=\"noopener\">Voir le diaporama<\/a><\/p>\n\n\n\n<p><strong>Evolution&nbsp; 2022<\/strong><\/p>\n\n\n\n<p>D\u00e9but de d\u00e9molition des b\u00e2timents G1 et G2 qui ont \u00e9t\u00e9 d\u00e9samiant\u00e9s<\/p>\n\n\n\n<figure class=\"wp-block-gallery has-nested-images columns-default is-cropped wp-block-gallery-1 is-layout-flex wp-block-gallery-is-layout-flex\">\n<figure class=\"wp-block-image size-large is-resized\"><a href=\"https:\/\/site.ac-martinique.fr\/lyc-raymondneris\/wp-content\/uploads\/sites\/40\/2022\/06\/PHOTO-2022-06-15-09-35-50.jpg\"><img loading=\"lazy\" decoding=\"async\" data-id=\"4003\" src=\"https:\/\/site.ac-martinique.fr\/lyc-raymondneris\/wp-content\/uploads\/sites\/40\/2022\/06\/PHOTO-2022-06-15-09-35-50-1024x768.jpg\" alt=\"\" class=\"wp-image-4003\" width=\"477\" height=\"357\" srcset=\"https:\/\/site.ac-martinique.fr\/lyc-raymondneris\/wp-content\/uploads\/sites\/40\/2022\/06\/PHOTO-2022-06-15-09-35-50-1024x768.jpg 1024w, https:\/\/site.ac-martinique.fr\/lyc-raymondneris\/wp-content\/uploads\/sites\/40\/2022\/06\/PHOTO-2022-06-15-09-35-50-300x225.jpg 300w, https:\/\/site.ac-martinique.fr\/lyc-raymondneris\/wp-content\/uploads\/sites\/40\/2022\/06\/PHOTO-2022-06-15-09-35-50-768x576.jpg 768w, https:\/\/site.ac-martinique.fr\/lyc-raymondneris\/wp-content\/uploads\/sites\/40\/2022\/06\/PHOTO-2022-06-15-09-35-50-1536x1152.jpg 1536w, https:\/\/site.ac-martinique.fr\/lyc-raymondneris\/wp-content\/uploads\/sites\/40\/2022\/06\/PHOTO-2022-06-15-09-35-50.jpg 1600w\" sizes=\"auto, (max-width: 477px) 100vw, 477px\" \/><\/a><\/figure>\n\n\n\n<figure class=\"wp-block-image size-large\"><a href=\"https:\/\/site.ac-martinique.fr\/lyc-raymondneris\/wp-content\/uploads\/sites\/40\/2022\/06\/IMG_0300-scaled.jpg\"><img loading=\"lazy\" decoding=\"async\" width=\"2560\" height=\"1920\" data-id=\"4083\" src=\"https:\/\/site.ac-martinique.fr\/lyc-raymondneris\/wp-content\/uploads\/sites\/40\/2022\/06\/IMG_0300-scaled.jpg\" alt=\"\" class=\"wp-image-4083\" srcset=\"https:\/\/site.ac-martinique.fr\/lyc-raymondneris\/wp-content\/uploads\/sites\/40\/2022\/06\/IMG_0300-scaled.jpg 2560w, https:\/\/site.ac-martinique.fr\/lyc-raymondneris\/wp-content\/uploads\/sites\/40\/2022\/06\/IMG_0300-300x225.jpg 300w, https:\/\/site.ac-martinique.fr\/lyc-raymondneris\/wp-content\/uploads\/sites\/40\/2022\/06\/IMG_0300-1024x768.jpg 1024w, https:\/\/site.ac-martinique.fr\/lyc-raymondneris\/wp-content\/uploads\/sites\/40\/2022\/06\/IMG_0300-768x576.jpg 768w, https:\/\/site.ac-martinique.fr\/lyc-raymondneris\/wp-content\/uploads\/sites\/40\/2022\/06\/IMG_0300-1536x1152.jpg 1536w, https:\/\/site.ac-martinique.fr\/lyc-raymondneris\/wp-content\/uploads\/sites\/40\/2022\/06\/IMG_0300-2048x1536.jpg 2048w\" sizes=\"auto, (max-width: 2560px) 100vw, 2560px\" \/><\/a><\/figure>\n<\/figure>\n\n\n\n<p><\/p>\n\n\n\n<figure class=\"wp-block-video\"><video height=\"352\" style=\"aspect-ratio: 640 \/ 352;\" width=\"640\" controls src=\"https:\/\/site.ac-martinique.fr\/lyc-raymondneris\/wp-content\/uploads\/sites\/40\/2022\/06\/CFPH8481.mp4\"><\/video><\/figure>\n","protected":false},"excerpt":{"rendered":"<p>Pr\u00e9sentation des travaux du b\u00e2timent G1 au lyc\u00e9e Raymond N\u00e9ris Voir le diaporama Evolution&nbsp; 2022 D\u00e9but de d\u00e9molition des b\u00e2timents G1 et G2 qui ont \u00e9t\u00e9 d\u00e9samiant\u00e9s<\/p>\n","protected":false},"author":101,"featured_media":0,"parent":0,"menu_order":0,"comment_status":"closed","ping_status":"closed","template":"","meta":{"footnotes":""},"class_list":["post-2927","page","type-page","status-publish","hentry"],"_links":{"self":[{"href":"https:\/\/site.ac-martinique.fr\/lyc-raymondneris\/index.php?rest_route=\/wp\/v2\/pages\/2927","targetHints":{"allow":["GET"]}}],"collection":[{"href":"https:\/\/site.ac-martinique.fr\/lyc-raymondneris\/index.php?rest_route=\/wp\/v2\/pages"}],"about":[{"href":"https:\/\/site.ac-martinique.fr\/lyc-raymondneris\/index.php?rest_route=\/wp\/v2\/types\/page"}],"author":[{"embeddable":true,"href":"https:\/\/site.ac-martinique.fr\/lyc-raymondneris\/index.php?rest_route=\/wp\/v2\/users\/101"}],"replies":[{"embeddable":true,"href":"https:\/\/site.ac-martinique.fr\/lyc-raymondneris\/index.php?rest_route=%2Fwp%2Fv2%2Fcomments&post=2927"}],"version-history":[{"count":7,"href":"https:\/\/site.ac-martinique.fr\/lyc-raymondneris\/index.php?rest_route=\/wp\/v2\/pages\/2927\/revisions"}],"predecessor-version":[{"id":4105,"href":"https:\/\/site.ac-martinique.fr\/lyc-raymondneris\/index.php?rest_route=\/wp\/v2\/pages\/2927\/revisions\/4105"}],"wp:attachment":[{"href":"https:\/\/site.ac-martinique.fr\/lyc-raymondneris\/index.php?rest_route=%2Fwp%2Fv2%2Fmedia&parent=2927"}],"curies":[{"name":"wp","href":"https:\/\/api.w.org\/{rel}","templated":true}]}}