{"id":2993,"date":"2021-02-01T20:58:49","date_gmt":"2021-02-01T19:58:49","guid":{"rendered":"\/lyc-raymondneris\/?page_id=2993"},"modified":"2021-10-24T23:37:15","modified_gmt":"2021-10-24T22:37:15","slug":"projet-environnement","status":"publish","type":"page","link":"https:\/\/site.ac-martinique.fr\/lyc-raymondneris\/?page_id=2993","title":{"rendered":"PROJET ENVIRONNEMENT"},"content":{"rendered":"<p><strong><u>Identifier les facteurs de d\u00e9gradation de l\u2019environnement dans votre \u00e9tablissement et envisager des solutions<br \/>\n<\/u><\/strong><strong><u>\u201cJe suis&#8230;, vous \u00eates&#8230;, nous sommes&#8230; responsables de l&rsquo;environnement\u201d<\/u><\/strong><\/p>\n<p><a href=\"\/lyc-raymondneris\/?attachment_id=3004\" rel=\"attachment wp-att-3004\"><img loading=\"lazy\" decoding=\"async\" class=\"alignnone wp-image-3004\" src=\"\/lyc-raymondneris\/wp-content\/uploads\/sites\/40\/2021\/02\/Image2.jpg\" alt=\"\" width=\"332\" height=\"249\" \/><\/a><\/p>\n<p>L\u2019objectif de ce projet est de sensibiliser les \u00e9l\u00e8ves quant \u00e0 leur comportement individuel et collectif au sein de l\u2019\u00e9tablissement \u00e0 partir de constats sur les d\u00e9chets trouv\u00e9s:<\/p>\n<p>&#8211;\u00a0 Identifier l&rsquo; origine de ces d\u00e9chets,<\/p>\n<p>&#8211; S\u2019organiser afin de respecter et prot\u00e9ger notre environnement,<\/p>\n<p>&#8211;\u00a0 Proposer des actions \u00e0 mettre en place pour les r\u00e9duire.<\/p>\n<p>Ce projet devrait\u00a0 permettre\u00a0 aux \u00e9l\u00e8ves de comprendre qu&rsquo;il est n\u00e9cessaire d&rsquo;agir au quotidien en adoptant de bonnes habitudes pour pr\u00e9server notre environnement.<br \/>\n<strong>Maguy PLACIDE<\/strong><\/p>\n<p><strong><a href=\"\/lyc-raymondneris\/wp-content\/uploads\/sites\/40\/2021\/02\/JE-VOUS-NOUS-SOMMES___-Moyenne.mov\" target=\"_blank\" rel=\"noopener\">VOIR LA VIDEO DU PROJET\u00a0<\/a>\u00a0\u00a0\u00a0\u00a0\u00a0\u00a0\u00a0\u00a0<\/strong>(r\u00e9alis\u00e9e par Maguy Placide)<\/p>\n","protected":false},"excerpt":{"rendered":"<p>Identifier les facteurs de d\u00e9gradation de l\u2019environnement dans votre \u00e9tablissement et envisager des solutions \u201cJe suis&#8230;, vous \u00eates&#8230;, nous sommes&#8230; responsables de l&rsquo;environnement\u201d L\u2019objectif de ce projet est de sensibiliser les \u00e9l\u00e8ves quant \u00e0 leur comportement individuel et collectif au &hellip; <a href=\"https:\/\/site.ac-martinique.fr\/lyc-raymondneris\/?page_id=2993\">Continuer la lecture <span class=\"meta-nav\">&rarr;<\/span><\/a><\/p>\n","protected":false},"author":101,"featured_media":0,"parent":0,"menu_order":0,"comment_status":"closed","ping_status":"closed","template":"","meta":{"footnotes":""},"class_list":["post-2993","page","type-page","status-publish","hentry"],"_links":{"self":[{"href":"https:\/\/site.ac-martinique.fr\/lyc-raymondneris\/index.php?rest_route=\/wp\/v2\/pages\/2993","targetHints":{"allow":["GET"]}}],"collection":[{"href":"https:\/\/site.ac-martinique.fr\/lyc-raymondneris\/index.php?rest_route=\/wp\/v2\/pages"}],"about":[{"href":"https:\/\/site.ac-martinique.fr\/lyc-raymondneris\/index.php?rest_route=\/wp\/v2\/types\/page"}],"author":[{"embeddable":true,"href":"https:\/\/site.ac-martinique.fr\/lyc-raymondneris\/index.php?rest_route=\/wp\/v2\/users\/101"}],"replies":[{"embeddable":true,"href":"https:\/\/site.ac-martinique.fr\/lyc-raymondneris\/index.php?rest_route=%2Fwp%2Fv2%2Fcomments&post=2993"}],"version-history":[{"count":2,"href":"https:\/\/site.ac-martinique.fr\/lyc-raymondneris\/index.php?rest_route=\/wp\/v2\/pages\/2993\/revisions"}],"predecessor-version":[{"id":3527,"href":"https:\/\/site.ac-martinique.fr\/lyc-raymondneris\/index.php?rest_route=\/wp\/v2\/pages\/2993\/revisions\/3527"}],"wp:attachment":[{"href":"https:\/\/site.ac-martinique.fr\/lyc-raymondneris\/index.php?rest_route=%2Fwp%2Fv2%2Fmedia&parent=2993"}],"curies":[{"name":"wp","href":"https:\/\/api.w.org\/{rel}","templated":true}]}}