{"id":3258,"date":"2021-05-28T15:20:47","date_gmt":"2021-05-28T14:20:47","guid":{"rendered":"https:\/\/site.ac-martinique.fr\/lyc-raymondneris\/?page_id=3258"},"modified":"2021-05-28T15:44:15","modified_gmt":"2021-05-28T14:44:15","slug":"atelier-theatre-pour-le-chef-doeuvre","status":"publish","type":"page","link":"https:\/\/site.ac-martinique.fr\/lyc-raymondneris\/?page_id=3258","title":{"rendered":"ATELIER TH\u00c9\u00c2TRE POUR LE CHEF D&rsquo;\u0152UVRE"},"content":{"rendered":"\n<p>Pour pr\u00e9parer la pr\u00e9sentation de l&rsquo;exposition \u00ab\u00a0le cheveu cr\u00e9pu au fil du temps\u00a0\u00bb, Monsieur Gaston Barraste (intervenant th\u00e9\u00e2tre) a pr\u00e9par\u00e9 nos \u00e9l\u00e8ves pour leur oralit\u00e9.<\/p>\n\n\n\n<p><a href=\"https:\/\/site.ac-martinique.fr\/lyc-raymondneris\/wp-content\/uploads\/sites\/40\/2021\/05\/oralite-version-finale.pdf\" target=\"_blank\" rel=\"noreferrer noopener\">Voir le texte de pr\u00e9sentation<\/a><\/p>\n\n\n\n<figure class=\"wp-block-gallery columns-3 is-cropped wp-block-gallery-1 is-layout-flex wp-block-gallery-is-layout-flex\"><ul class=\"blocks-gallery-grid\"><li class=\"blocks-gallery-item\"><figure><a href=\"https:\/\/site.ac-martinique.fr\/lyc-raymondneris\/wp-content\/uploads\/sites\/40\/2021\/05\/WhatsApp-Image-2021-05-07-at-15.19.46-1.jpeg\"><img loading=\"lazy\" decoding=\"async\" width=\"1024\" height=\"768\" src=\"https:\/\/site.ac-martinique.fr\/lyc-raymondneris\/wp-content\/uploads\/sites\/40\/2021\/05\/WhatsApp-Image-2021-05-07-at-15.19.46-1.jpeg\" alt=\"\" data-id=\"3259\" data-link=\"https:\/\/site.ac-martinique.fr\/lyc-raymondneris\/?attachment_id=3259\" class=\"wp-image-3259\" srcset=\"https:\/\/site.ac-martinique.fr\/lyc-raymondneris\/wp-content\/uploads\/sites\/40\/2021\/05\/WhatsApp-Image-2021-05-07-at-15.19.46-1.jpeg 1024w, https:\/\/site.ac-martinique.fr\/lyc-raymondneris\/wp-content\/uploads\/sites\/40\/2021\/05\/WhatsApp-Image-2021-05-07-at-15.19.46-1-300x225.jpeg 300w, https:\/\/site.ac-martinique.fr\/lyc-raymondneris\/wp-content\/uploads\/sites\/40\/2021\/05\/WhatsApp-Image-2021-05-07-at-15.19.46-1-768x576.jpeg 768w, https:\/\/site.ac-martinique.fr\/lyc-raymondneris\/wp-content\/uploads\/sites\/40\/2021\/05\/WhatsApp-Image-2021-05-07-at-15.19.46-1-600x450.jpeg 600w\" sizes=\"auto, (max-width: 1024px) 100vw, 1024px\" \/><\/a><\/figure><\/li><li class=\"blocks-gallery-item\"><figure><a href=\"https:\/\/site.ac-martinique.fr\/lyc-raymondneris\/wp-content\/uploads\/sites\/40\/2021\/05\/WhatsApp-Image-2021-05-07-at-15.19.46-2.jpeg\"><img loading=\"lazy\" decoding=\"async\" width=\"1024\" height=\"768\" src=\"https:\/\/site.ac-martinique.fr\/lyc-raymondneris\/wp-content\/uploads\/sites\/40\/2021\/05\/WhatsApp-Image-2021-05-07-at-15.19.46-2.jpeg\" alt=\"\" data-id=\"3260\" data-link=\"https:\/\/site.ac-martinique.fr\/lyc-raymondneris\/?attachment_id=3260\" class=\"wp-image-3260\" srcset=\"https:\/\/site.ac-martinique.fr\/lyc-raymondneris\/wp-content\/uploads\/sites\/40\/2021\/05\/WhatsApp-Image-2021-05-07-at-15.19.46-2.jpeg 1024w, https:\/\/site.ac-martinique.fr\/lyc-raymondneris\/wp-content\/uploads\/sites\/40\/2021\/05\/WhatsApp-Image-2021-05-07-at-15.19.46-2-300x225.jpeg 300w, https:\/\/site.ac-martinique.fr\/lyc-raymondneris\/wp-content\/uploads\/sites\/40\/2021\/05\/WhatsApp-Image-2021-05-07-at-15.19.46-2-768x576.jpeg 768w, https:\/\/site.ac-martinique.fr\/lyc-raymondneris\/wp-content\/uploads\/sites\/40\/2021\/05\/WhatsApp-Image-2021-05-07-at-15.19.46-2-600x450.jpeg 600w\" sizes=\"auto, (max-width: 1024px) 100vw, 1024px\" \/><\/a><\/figure><\/li><li class=\"blocks-gallery-item\"><figure><a href=\"https:\/\/site.ac-martinique.fr\/lyc-raymondneris\/wp-content\/uploads\/sites\/40\/2021\/05\/CYOH0804-1.jpg\"><img loading=\"lazy\" decoding=\"async\" width=\"1024\" height=\"768\" src=\"https:\/\/site.ac-martinique.fr\/lyc-raymondneris\/wp-content\/uploads\/sites\/40\/2021\/05\/CYOH0804-1.jpg\" alt=\"\" data-id=\"3264\" data-full-url=\"https:\/\/site.ac-martinique.fr\/lyc-raymondneris\/wp-content\/uploads\/sites\/40\/2021\/05\/CYOH0804-1.jpg\" data-link=\"https:\/\/site.ac-martinique.fr\/lyc-raymondneris\/?attachment_id=3264\" class=\"wp-image-3264\" srcset=\"https:\/\/site.ac-martinique.fr\/lyc-raymondneris\/wp-content\/uploads\/sites\/40\/2021\/05\/CYOH0804-1.jpg 1024w, https:\/\/site.ac-martinique.fr\/lyc-raymondneris\/wp-content\/uploads\/sites\/40\/2021\/05\/CYOH0804-1-300x225.jpg 300w, https:\/\/site.ac-martinique.fr\/lyc-raymondneris\/wp-content\/uploads\/sites\/40\/2021\/05\/CYOH0804-1-768x576.jpg 768w, https:\/\/site.ac-martinique.fr\/lyc-raymondneris\/wp-content\/uploads\/sites\/40\/2021\/05\/CYOH0804-1-600x450.jpg 600w\" sizes=\"auto, (max-width: 1024px) 100vw, 1024px\" \/><\/a><\/figure><\/li><\/ul><\/figure>\n\n\n\n<p><\/p>\n\n\n\n<p><a href=\"https:\/\/tube-outremer.beta.education.fr\/videos\/watch\/17f644aa-c10b-43e6-b691-3f9b712112bc\" target=\"_blank\" rel=\"noreferrer noopener\">Voir un extrait de l&rsquo;oralit\u00e9<\/a><br>Merci Monsieur Barraste<\/p>\n","protected":false},"excerpt":{"rendered":"<p>Pour pr\u00e9parer la pr\u00e9sentation de l&rsquo;exposition \u00ab\u00a0le cheveu cr\u00e9pu au fil du temps\u00a0\u00bb, Monsieur Gaston Barraste (intervenant th\u00e9\u00e2tre) a pr\u00e9par\u00e9 nos \u00e9l\u00e8ves pour leur oralit\u00e9. Voir le texte de pr\u00e9sentation Voir un extrait de l&rsquo;oralit\u00e9Merci Monsieur Barraste<\/p>\n","protected":false},"author":101,"featured_media":0,"parent":0,"menu_order":0,"comment_status":"closed","ping_status":"closed","template":"","meta":{"footnotes":""},"class_list":["post-3258","page","type-page","status-publish","hentry"],"_links":{"self":[{"href":"https:\/\/site.ac-martinique.fr\/lyc-raymondneris\/index.php?rest_route=\/wp\/v2\/pages\/3258","targetHints":{"allow":["GET"]}}],"collection":[{"href":"https:\/\/site.ac-martinique.fr\/lyc-raymondneris\/index.php?rest_route=\/wp\/v2\/pages"}],"about":[{"href":"https:\/\/site.ac-martinique.fr\/lyc-raymondneris\/index.php?rest_route=\/wp\/v2\/types\/page"}],"author":[{"embeddable":true,"href":"https:\/\/site.ac-martinique.fr\/lyc-raymondneris\/index.php?rest_route=\/wp\/v2\/users\/101"}],"replies":[{"embeddable":true,"href":"https:\/\/site.ac-martinique.fr\/lyc-raymondneris\/index.php?rest_route=%2Fwp%2Fv2%2Fcomments&post=3258"}],"version-history":[{"count":5,"href":"https:\/\/site.ac-martinique.fr\/lyc-raymondneris\/index.php?rest_route=\/wp\/v2\/pages\/3258\/revisions"}],"predecessor-version":[{"id":3270,"href":"https:\/\/site.ac-martinique.fr\/lyc-raymondneris\/index.php?rest_route=\/wp\/v2\/pages\/3258\/revisions\/3270"}],"wp:attachment":[{"href":"https:\/\/site.ac-martinique.fr\/lyc-raymondneris\/index.php?rest_route=%2Fwp%2Fv2%2Fmedia&parent=3258"}],"curies":[{"name":"wp","href":"https:\/\/api.w.org\/{rel}","templated":true}]}}