{"id":3320,"date":"2021-06-07T23:17:22","date_gmt":"2021-06-07T22:17:22","guid":{"rendered":"https:\/\/site.ac-martinique.fr\/lyc-raymondneris\/?page_id=3320"},"modified":"2021-10-24T23:33:50","modified_gmt":"2021-10-24T22:33:50","slug":"concours-video-sante-et-securite-au-travail","status":"publish","type":"page","link":"https:\/\/site.ac-martinique.fr\/lyc-raymondneris\/?page_id=3320","title":{"rendered":"CONCOURS VIDEO SANTE ET SECURITE AU TRAVAIL"},"content":{"rendered":"\n<p><strong>Projet OBM (Ouvrages du B\u00e2timent M\u00e9tallerie) men\u00e9 par<\/strong>&nbsp;<strong>Madame<\/strong>&nbsp;<strong>PLACIDE Marie-Fran\u00e7ois et Monsieur SAINTE-ROSE Jean-Marc<\/strong><\/p>\n\n\n\n<p>L\u2019<strong>INRS&nbsp;<\/strong>(Institut national de recherche et de s\u00e9curit\u00e9)<strong>&nbsp;<\/strong>a<strong>&nbsp;<\/strong>organis\u00e9 en partenariat avec la&nbsp;<strong>CCMSA<\/strong>&nbsp;(Caisse centrale de la mutualit\u00e9 sociale agricole) la&nbsp;<strong>9<sup>\u00e8me<\/sup>&nbsp;\u00e9dition du concours<\/strong>&nbsp;<strong>vid\u00e9o<\/strong>&nbsp;<em><strong>sant\u00e9 et s\u00e9curit\u00e9 au travail : de l\u2019\u00e9cole au travail, \u00e0 vous de filmer<\/strong><\/em>.<\/p>\n\n\n\n<p>Il s\u2019est d\u00e9roul\u00e9 du mardi 6 octobre 2020 au jeudi 1er avril 2021 date limite de d\u00e9p\u00f4t des vid\u00e9os.<\/p>\n\n\n\n<p>Nous avons particip\u00e9 avec les \u00e9l\u00e8ves de la classe de 1<sup>\u00e8re<\/sup>&nbsp;OBM<\/p>\n\n\n\n<p>Nos objectifs \u00e9taient de mettre :<\/p>\n\n\n\n<ul class=\"wp-block-list\"><li>l\u2019accent sur les EPI (Equipements de Protection Individuelle) \u00e0 porter ;<\/li><li>les \u00e9l\u00e8ves en situation d\u2019urgence afin d\u2019intervenir sur certains ph\u00e9nom\u00e8nes dangereux qui risqueraient de faire basculer une situation dangereuse en \u00e9v\u00e8nement d\u00e9clencheur d\u2019accidents.<br><br><a rel=\"noreferrer noopener\" href=\"https:\/\/tube-outremer.beta.education.fr\/videos\/watch\/33fd487d-ed9c-4e23-ae1a-6398741611f7\" target=\"_blank\">VOIR LA VIDEO<\/a>    (r\u00e9alis\u00e9e par Maguy Placide)<\/li><\/ul>\n\n\n\n<p><\/p>\n","protected":false},"excerpt":{"rendered":"<p>Projet OBM (Ouvrages du B\u00e2timent M\u00e9tallerie) men\u00e9 par&nbsp;Madame&nbsp;PLACIDE Marie-Fran\u00e7ois et Monsieur SAINTE-ROSE Jean-Marc L\u2019INRS&nbsp;(Institut national de recherche et de s\u00e9curit\u00e9)&nbsp;a&nbsp;organis\u00e9 en partenariat avec la&nbsp;CCMSA&nbsp;(Caisse centrale de la mutualit\u00e9 sociale agricole) la&nbsp;9\u00e8me&nbsp;\u00e9dition du concours&nbsp;vid\u00e9o&nbsp;sant\u00e9 et s\u00e9curit\u00e9 au travail : de l\u2019\u00e9cole &hellip; <a href=\"https:\/\/site.ac-martinique.fr\/lyc-raymondneris\/?page_id=3320\">Continuer la lecture <span class=\"meta-nav\">&rarr;<\/span><\/a><\/p>\n","protected":false},"author":101,"featured_media":0,"parent":0,"menu_order":0,"comment_status":"closed","ping_status":"closed","template":"","meta":{"footnotes":""},"class_list":["post-3320","page","type-page","status-publish","hentry"],"_links":{"self":[{"href":"https:\/\/site.ac-martinique.fr\/lyc-raymondneris\/index.php?rest_route=\/wp\/v2\/pages\/3320","targetHints":{"allow":["GET"]}}],"collection":[{"href":"https:\/\/site.ac-martinique.fr\/lyc-raymondneris\/index.php?rest_route=\/wp\/v2\/pages"}],"about":[{"href":"https:\/\/site.ac-martinique.fr\/lyc-raymondneris\/index.php?rest_route=\/wp\/v2\/types\/page"}],"author":[{"embeddable":true,"href":"https:\/\/site.ac-martinique.fr\/lyc-raymondneris\/index.php?rest_route=\/wp\/v2\/users\/101"}],"replies":[{"embeddable":true,"href":"https:\/\/site.ac-martinique.fr\/lyc-raymondneris\/index.php?rest_route=%2Fwp%2Fv2%2Fcomments&post=3320"}],"version-history":[{"count":4,"href":"https:\/\/site.ac-martinique.fr\/lyc-raymondneris\/index.php?rest_route=\/wp\/v2\/pages\/3320\/revisions"}],"predecessor-version":[{"id":3525,"href":"https:\/\/site.ac-martinique.fr\/lyc-raymondneris\/index.php?rest_route=\/wp\/v2\/pages\/3320\/revisions\/3525"}],"wp:attachment":[{"href":"https:\/\/site.ac-martinique.fr\/lyc-raymondneris\/index.php?rest_route=%2Fwp%2Fv2%2Fmedia&parent=3320"}],"curies":[{"name":"wp","href":"https:\/\/api.w.org\/{rel}","templated":true}]}}

<p><strong>Projet OBM (Ouvrages du Bâtiment Métallerie) mené par</strong>&nbsp;<strong>Madame</strong>&nbsp;<strong>PLACIDE Marie-François et Monsieur SAINTE-ROSE Jean-Marc</strong></p>



<p>L’<strong>INRS&nbsp;</strong>(Institut national de recherche et de sécurité)<strong>&nbsp;</strong>a<strong>&nbsp;</strong>organisé en partenariat avec la&nbsp;<strong>CCMSA</strong>&nbsp;(Caisse centrale de la mutualité sociale agricole) la&nbsp;<strong>9<sup>ème</sup>&nbsp;édition du concours</strong>&nbsp;<strong>vidéo</strong>&nbsp;<em><strong>santé et sécurité au travail : de l’école au travail, à vous de filmer</strong></em>.</p>



<p>Il s’est déroulé du mardi 6 octobre 2020 au jeudi 1er avril 2021 date limite de dépôt des vidéos.</p>



<p>Nous avons participé avec les élèves de la classe de 1<sup>ère</sup>&nbsp;OBM</p>



<p>Nos objectifs étaient de mettre :</p>



<ul class="wp-block-list"><li>l’accent sur les EPI (Equipements de Protection Individuelle) à porter ;</li><li>les élèves en situation d’urgence afin d’intervenir sur certains phénomènes dangereux qui risqueraient de faire basculer une situation dangereuse en évènement déclencheur d’accidents.<br><br><a rel="noreferrer noopener" href="https://tube-outremer.beta.education.fr/videos/watch/33fd487d-ed9c-4e23-ae1a-6398741611f7" target="_blank">VOIR LA VIDEO</a>    (réalisée par Maguy Placide)</li></ul>



<p></p>

<p>Projet OBM (Ouvrages du Bâtiment Métallerie) mené par&nbsp;Madame&nbsp;PLACIDE Marie-François et Monsieur SAINTE-ROSE Jean-Marc L’INRS&nbsp;(Institut national de recherche et de sécurité)&nbsp;a&nbsp;organisé en partenariat avec la&nbsp;CCMSA&nbsp;(Caisse centrale de la mutualité sociale agricole) la&nbsp;9ème&nbsp;édition du concours&nbsp;vidéo&nbsp;santé et sécurité au travail : de l’école &hellip; <a href="https://site.ac-martinique.fr/lyc-raymondneris/?page_id=3320">Continuer la lecture <span class="meta-nav">&rarr;</span></a></p>
