{"id":4037,"date":"2022-06-17T15:16:58","date_gmt":"2022-06-17T14:16:58","guid":{"rendered":"https:\/\/site.ac-martinique.fr\/lyc-raymondneris\/?page_id=4037"},"modified":"2022-07-13T16:13:10","modified_gmt":"2022-07-13T15:13:10","slug":"unesco","status":"publish","type":"page","link":"https:\/\/site.ac-martinique.fr\/lyc-raymondneris\/?page_id=4037","title":{"rendered":"UNESCO"},"content":{"rendered":"\n<p><strong>5-6 juillet 20222 RENCONTRES ANNUELLES DU RESEAU DES ECOLES ASSOCIEES A L\u2019UNESCO<\/strong><\/p>\n\n\n\n<figure class=\"wp-block-gallery has-nested-images columns-default is-cropped wp-block-gallery-1 is-layout-flex wp-block-gallery-is-layout-flex\">\n<figure class=\"wp-block-image size-large\"><a href=\"https:\/\/site.ac-martinique.fr\/lyc-raymondneris\/wp-content\/uploads\/sites\/40\/2022\/07\/photo-3.jpg\"><img loading=\"lazy\" decoding=\"async\" width=\"319\" height=\"425\" data-id=\"4457\" src=\"https:\/\/site.ac-martinique.fr\/lyc-raymondneris\/wp-content\/uploads\/sites\/40\/2022\/07\/photo-3.jpg\" alt=\"\" class=\"wp-image-4457\" srcset=\"https:\/\/site.ac-martinique.fr\/lyc-raymondneris\/wp-content\/uploads\/sites\/40\/2022\/07\/photo-3.jpg 319w, https:\/\/site.ac-martinique.fr\/lyc-raymondneris\/wp-content\/uploads\/sites\/40\/2022\/07\/photo-3-225x300.jpg 225w\" sizes=\"auto, (max-width: 319px) 100vw, 319px\" \/><\/a><\/figure>\n\n\n\n<figure class=\"wp-block-image size-large\"><a href=\"https:\/\/site.ac-martinique.fr\/lyc-raymondneris\/wp-content\/uploads\/sites\/40\/2022\/07\/photo-2.jpg\"><img loading=\"lazy\" decoding=\"async\" width=\"425\" height=\"319\" data-id=\"4450\" src=\"https:\/\/site.ac-martinique.fr\/lyc-raymondneris\/wp-content\/uploads\/sites\/40\/2022\/07\/photo-2.jpg\" alt=\"\" class=\"wp-image-4450\" srcset=\"https:\/\/site.ac-martinique.fr\/lyc-raymondneris\/wp-content\/uploads\/sites\/40\/2022\/07\/photo-2.jpg 425w, https:\/\/site.ac-martinique.fr\/lyc-raymondneris\/wp-content\/uploads\/sites\/40\/2022\/07\/photo-2-300x225.jpg 300w\" sizes=\"auto, (max-width: 425px) 100vw, 425px\" \/><\/a><\/figure>\n\n\n\n<figure class=\"wp-block-image size-large\"><a href=\"https:\/\/site.ac-martinique.fr\/lyc-raymondneris\/wp-content\/uploads\/sites\/40\/2022\/07\/Photo-1.jpg\"><img loading=\"lazy\" decoding=\"async\" width=\"567\" height=\"425\" data-id=\"4449\" src=\"https:\/\/site.ac-martinique.fr\/lyc-raymondneris\/wp-content\/uploads\/sites\/40\/2022\/07\/Photo-1.jpg\" alt=\"\" class=\"wp-image-4449\" srcset=\"https:\/\/site.ac-martinique.fr\/lyc-raymondneris\/wp-content\/uploads\/sites\/40\/2022\/07\/Photo-1.jpg 567w, https:\/\/site.ac-martinique.fr\/lyc-raymondneris\/wp-content\/uploads\/sites\/40\/2022\/07\/Photo-1-300x225.jpg 300w\" sizes=\"auto, (max-width: 567px) 100vw, 567px\" \/><\/a><\/figure>\n<\/figure>\n\n\n\n<p>Les 5 et 6 juillet derniers, nous avons eu la chance, le Directeur Op\u00e9rationnel du CMQ2M et la Proviseure du Lyc\u00e9e des M\u00e9tiers du Nautisme et des activit\u00e9s de port, d&rsquo;\u00eatre convi\u00e9s aux rencontres annuelles du r\u00e9seau des \u00e9coles associ\u00e9es \u00e0 l&rsquo;Unesco auquel le LP N\u00e9ris &#8211; CMQ2M<br>appartient d\u00e9sormais, gr\u00e2ce \u00e0 votre concours.<br><strong><a rel=\"noreferrer noopener\" href=\"https:\/\/site.ac-martinique.fr\/lyc-raymondneris\/?page_id=4448\" data-type=\"page\" data-id=\"4448\" target=\"_blank\">Lire la suite <\/a><\/strong><\/p>\n\n\n\n<p><a rel=\"noreferrer noopener\" href=\"https:\/\/site.ac-martinique.fr\/lyc-raymondneris\/wp-content\/uploads\/sites\/40\/2022\/06\/Certificat-UNESCO.pdf\" target=\"_blank\">NOTRE CERTIFICAT D&rsquo;ADHESION AU RESEAU DES ECOLES ASSOCIEES DE L&rsquo;UNESCO<\/a><br><\/p>\n\n\n\n<p><a rel=\"noreferrer noopener\" href=\"https:\/\/site.ac-martinique.fr\/lyc-raymondneris\/wp-content\/uploads\/sites\/40\/2022\/06\/Annexe-23-Candidature-reseau-des-ecoles-associees-de-lUNESCO.pdf\" target=\"_blank\">FORMULAIRE DE MANISFESTATION D&rsquo;INTERET A LA CANDIDATURE AU RESEAU DES ECOLES ASSOCIES DE L&rsquo;UNESCO<\/a><\/p>\n\n\n\n<p><\/p>\n","protected":false},"excerpt":{"rendered":"<p>5-6 juillet 20222 RENCONTRES ANNUELLES DU RESEAU DES ECOLES ASSOCIEES A L\u2019UNESCO Les 5 et 6 juillet derniers, nous avons eu la chance, le Directeur Op\u00e9rationnel du CMQ2M et la Proviseure du Lyc\u00e9e des M\u00e9tiers du Nautisme et des activit\u00e9s &hellip; <a href=\"https:\/\/site.ac-martinique.fr\/lyc-raymondneris\/?page_id=4037\">Continuer la lecture <span class=\"meta-nav\">&rarr;<\/span><\/a><\/p>\n","protected":false},"author":101,"featured_media":0,"parent":0,"menu_order":0,"comment_status":"closed","ping_status":"closed","template":"","meta":{"footnotes":""},"class_list":["post-4037","page","type-page","status-publish","hentry"],"_links":{"self":[{"href":"https:\/\/site.ac-martinique.fr\/lyc-raymondneris\/index.php?rest_route=\/wp\/v2\/pages\/4037","targetHints":{"allow":["GET"]}}],"collection":[{"href":"https:\/\/site.ac-martinique.fr\/lyc-raymondneris\/index.php?rest_route=\/wp\/v2\/pages"}],"about":[{"href":"https:\/\/site.ac-martinique.fr\/lyc-raymondneris\/index.php?rest_route=\/wp\/v2\/types\/page"}],"author":[{"embeddable":true,"href":"https:\/\/site.ac-martinique.fr\/lyc-raymondneris\/index.php?rest_route=\/wp\/v2\/users\/101"}],"replies":[{"embeddable":true,"href":"https:\/\/site.ac-martinique.fr\/lyc-raymondneris\/index.php?rest_route=%2Fwp%2Fv2%2Fcomments&post=4037"}],"version-history":[{"count":5,"href":"https:\/\/site.ac-martinique.fr\/lyc-raymondneris\/index.php?rest_route=\/wp\/v2\/pages\/4037\/revisions"}],"predecessor-version":[{"id":4461,"href":"https:\/\/site.ac-martinique.fr\/lyc-raymondneris\/index.php?rest_route=\/wp\/v2\/pages\/4037\/revisions\/4461"}],"wp:attachment":[{"href":"https:\/\/site.ac-martinique.fr\/lyc-raymondneris\/index.php?rest_route=%2Fwp%2Fv2%2Fmedia&parent=4037"}],"curies":[{"name":"wp","href":"https:\/\/api.w.org\/{rel}","templated":true}]}}

<p><strong>5-6 juillet 20222 RENCONTRES ANNUELLES DU RESEAU DES ECOLES ASSOCIEES A L’UNESCO</strong></p>



<figure class="wp-block-gallery has-nested-images columns-default is-cropped wp-block-gallery-1 is-layout-flex wp-block-gallery-is-layout-flex">
<figure class="wp-block-image size-large"><a href="https://site.ac-martinique.fr/lyc-raymondneris/wp-content/uploads/sites/40/2022/07/photo-3.jpg"><img loading="lazy" decoding="async" width="319" height="425" data-id="4457" src="https://site.ac-martinique.fr/lyc-raymondneris/wp-content/uploads/sites/40/2022/07/photo-3.jpg" alt="" class="wp-image-4457" srcset="https://site.ac-martinique.fr/lyc-raymondneris/wp-content/uploads/sites/40/2022/07/photo-3.jpg 319w, https://site.ac-martinique.fr/lyc-raymondneris/wp-content/uploads/sites/40/2022/07/photo-3-225x300.jpg 225w" sizes="auto, (max-width: 319px) 100vw, 319px" /></a></figure>



<figure class="wp-block-image size-large"><a href="https://site.ac-martinique.fr/lyc-raymondneris/wp-content/uploads/sites/40/2022/07/photo-2.jpg"><img loading="lazy" decoding="async" width="425" height="319" data-id="4450" src="https://site.ac-martinique.fr/lyc-raymondneris/wp-content/uploads/sites/40/2022/07/photo-2.jpg" alt="" class="wp-image-4450" srcset="https://site.ac-martinique.fr/lyc-raymondneris/wp-content/uploads/sites/40/2022/07/photo-2.jpg 425w, https://site.ac-martinique.fr/lyc-raymondneris/wp-content/uploads/sites/40/2022/07/photo-2-300x225.jpg 300w" sizes="auto, (max-width: 425px) 100vw, 425px" /></a></figure>



<figure class="wp-block-image size-large"><a href="https://site.ac-martinique.fr/lyc-raymondneris/wp-content/uploads/sites/40/2022/07/Photo-1.jpg"><img loading="lazy" decoding="async" width="567" height="425" data-id="4449" src="https://site.ac-martinique.fr/lyc-raymondneris/wp-content/uploads/sites/40/2022/07/Photo-1.jpg" alt="" class="wp-image-4449" srcset="https://site.ac-martinique.fr/lyc-raymondneris/wp-content/uploads/sites/40/2022/07/Photo-1.jpg 567w, https://site.ac-martinique.fr/lyc-raymondneris/wp-content/uploads/sites/40/2022/07/Photo-1-300x225.jpg 300w" sizes="auto, (max-width: 567px) 100vw, 567px" /></a></figure>
</figure>



<p>Les 5 et 6 juillet derniers, nous avons eu la chance, le Directeur Opérationnel du CMQ2M et la Proviseure du Lycée des Métiers du Nautisme et des activités de port, d&rsquo;être conviés aux rencontres annuelles du réseau des écoles associées à l&rsquo;Unesco auquel le LP Néris &#8211; CMQ2M<br>appartient désormais, grâce à votre concours.<br><strong><a rel="noreferrer noopener" href="https://site.ac-martinique.fr/lyc-raymondneris/?page_id=4448" data-type="page" data-id="4448" target="_blank">Lire la suite </a></strong></p>



<p><a rel="noreferrer noopener" href="https://site.ac-martinique.fr/lyc-raymondneris/wp-content/uploads/sites/40/2022/06/Certificat-UNESCO.pdf" target="_blank">NOTRE CERTIFICAT D&rsquo;ADHESION AU RESEAU DES ECOLES ASSOCIEES DE L&rsquo;UNESCO</a><br></p>



<p><a rel="noreferrer noopener" href="https://site.ac-martinique.fr/lyc-raymondneris/wp-content/uploads/sites/40/2022/06/Annexe-23-Candidature-reseau-des-ecoles-associees-de-lUNESCO.pdf" target="_blank">FORMULAIRE DE MANISFESTATION D&rsquo;INTERET A LA CANDIDATURE AU RESEAU DES ECOLES ASSOCIES DE L&rsquo;UNESCO</a></p>



<p></p>

<p>5-6 juillet 20222 RENCONTRES ANNUELLES DU RESEAU DES ECOLES ASSOCIEES A L’UNESCO Les 5 et 6 juillet derniers, nous avons eu la chance, le Directeur Opérationnel du CMQ2M et la Proviseure du Lycée des Métiers du Nautisme et des activités &hellip; <a href="https://site.ac-martinique.fr/lyc-raymondneris/?page_id=4037">Continuer la lecture <span class="meta-nav">&rarr;</span></a></p>
