{"id":4203,"date":"2022-06-23T14:29:19","date_gmt":"2022-06-23T13:29:19","guid":{"rendered":"https:\/\/site.ac-martinique.fr\/lyc-raymondneris\/?page_id=4203"},"modified":"2022-06-23T14:29:19","modified_gmt":"2022-06-23T13:29:19","slug":"actions-et-projets-2003-2012","status":"publish","type":"page","link":"https:\/\/site.ac-martinique.fr\/lyc-raymondneris\/?page_id=4203","title":{"rendered":"ACTIONS ET PROJETS 2003-2012"},"content":{"rendered":"\n<p> <strong><p><a href=\"https:\/\/site.ac-martinique.fr\/lyc-raymondneris\/?page_id=716\">Atelier M\u00e9tal et design (2012)<\/a><\/p><a href=\"https:\/\/site.ac-martinique.fr\/lyc-raymondneris\/wp-content\/uploads\/sites\/40\/2022\/06\/palabres-en-negritude2.pdf\">Palabres en n\u00e9gritude (2010)<\/a>   <p><a href=\"https:\/\/site.ac-martinique.fr\/lyc-raymondneris\/wp-content\/uploads\/sites\/40\/2022\/06\/diaporama-farandole.pdf\">Farandole des masques 2010 <\/a><\/p><a href=\"https:\/\/site.ac-martinique.fr\/lyc-raymondneris\/wp-content\/uploads\/sites\/40\/2022\/06\/Architecture-au-Marin.pdf\">Architecture et art de vivre au Marin 2009<\/a>   <p><a href=\"https:\/\/site.ac-martinique.fr\/lyc-raymondneris\/wp-content\/uploads\/sites\/40\/2022\/06\/PROJET_D-EDUCATION_A__L-ENVIRONNEMENT1.pdf\">Education \u00e0 l&rsquo;environnement 2009 <\/a><br><br><a href=\"https:\/\/site.ac-martinique.fr\/lyc-raymondneris\/wp-content\/uploads\/sites\/40\/2022\/06\/DIAPORAMA-FONTAINE.pdf\">Une fontaine au lyc\u00e9e 2006<\/a><br><br><a href=\"https:\/\/site.ac-martinique.fr\/lyc-raymondneris\/wp-content\/uploads\/sites\/40\/2022\/06\/La-mer3.pdf\">La mer, d\u00e9ferlante d&rsquo;imagination 2005<\/a><\/p><a href=\"https:\/\/site.ac-martinique.fr\/lyc-raymondneris\/wp-content\/uploads\/sites\/40\/2022\/06\/Japon.pdf\">Un espace japonais au LP Raymond N\u00e9ris 2004<\/a>   <p><a href=\"https:\/\/site.ac-martinique.fr\/lyc-raymondneris\/wp-content\/uploads\/sites\/40\/2022\/06\/Memoire-des-Rues2.pdf\">M\u00e9moire des rues du Marin 2003<\/a><\/p> <\/strong><\/p>\n","protected":false},"excerpt":{"rendered":"<p>Atelier M\u00e9tal et design (2012) Palabres en n\u00e9gritude (2010) Farandole des masques 2010 Architecture et art de vivre au Marin 2009 Education \u00e0 l&rsquo;environnement 2009 Une fontaine au lyc\u00e9e 2006 La mer, d\u00e9ferlante d&rsquo;imagination 2005 Un espace japonais au LP &hellip; <a href=\"https:\/\/site.ac-martinique.fr\/lyc-raymondneris\/?page_id=4203\">Continuer la lecture <span class=\"meta-nav\">&rarr;<\/span><\/a><\/p>\n","protected":false},"author":101,"featured_media":0,"parent":0,"menu_order":0,"comment_status":"closed","ping_status":"closed","template":"","meta":{"footnotes":""},"class_list":["post-4203","page","type-page","status-publish","hentry"],"_links":{"self":[{"href":"https:\/\/site.ac-martinique.fr\/lyc-raymondneris\/index.php?rest_route=\/wp\/v2\/pages\/4203","targetHints":{"allow":["GET"]}}],"collection":[{"href":"https:\/\/site.ac-martinique.fr\/lyc-raymondneris\/index.php?rest_route=\/wp\/v2\/pages"}],"about":[{"href":"https:\/\/site.ac-martinique.fr\/lyc-raymondneris\/index.php?rest_route=\/wp\/v2\/types\/page"}],"author":[{"embeddable":true,"href":"https:\/\/site.ac-martinique.fr\/lyc-raymondneris\/index.php?rest_route=\/wp\/v2\/users\/101"}],"replies":[{"embeddable":true,"href":"https:\/\/site.ac-martinique.fr\/lyc-raymondneris\/index.php?rest_route=%2Fwp%2Fv2%2Fcomments&post=4203"}],"version-history":[{"count":1,"href":"https:\/\/site.ac-martinique.fr\/lyc-raymondneris\/index.php?rest_route=\/wp\/v2\/pages\/4203\/revisions"}],"predecessor-version":[{"id":4204,"href":"https:\/\/site.ac-martinique.fr\/lyc-raymondneris\/index.php?rest_route=\/wp\/v2\/pages\/4203\/revisions\/4204"}],"wp:attachment":[{"href":"https:\/\/site.ac-martinique.fr\/lyc-raymondneris\/index.php?rest_route=%2Fwp%2Fv2%2Fmedia&parent=4203"}],"curies":[{"name":"wp","href":"https:\/\/api.w.org\/{rel}","templated":true}]}}