{"id":4295,"date":"2022-06-27T13:42:55","date_gmt":"2022-06-27T12:42:55","guid":{"rendered":"https:\/\/site.ac-martinique.fr\/lyc-raymondneris\/?page_id=4295"},"modified":"2022-06-27T13:49:23","modified_gmt":"2022-06-27T12:49:23","slug":"historique-du-logo-2","status":"publish","type":"page","link":"https:\/\/site.ac-martinique.fr\/lyc-raymondneris\/?page_id=4295","title":{"rendered":"HISTORIQUE DU LOGO"},"content":{"rendered":"\n<p class=\"has-text-align-center has-large-font-size\"><span style=\"color: #0066ff; font-size: small;\">LE<\/span><strong><span style=\"color: #0066ff; font-size: small;\"> LOGO DU LYC\u00c9E<\/span><\/strong><\/p>\n\n\n<div class=\"wp-block-image\">\n<figure class=\"aligncenter size-full\"><a href=\"https:\/\/site.ac-martinique.fr\/lyc-raymondneris\/wp-content\/uploads\/sites\/40\/2022\/06\/etudelogo6.gif\"><img loading=\"lazy\" decoding=\"async\" width=\"185\" height=\"169\" src=\"https:\/\/site.ac-martinique.fr\/lyc-raymondneris\/wp-content\/uploads\/sites\/40\/2022\/06\/etudelogo6.gif\" alt=\"\" class=\"wp-image-4296\"\/><\/a><\/figure>\n<\/div>\n\n\n<p class=\"has-text-align-center\">Un logo est l\u2019identit\u00e9 visuelle d\u2019un organisme, il doit correspondre \u00e0 l\u2019image mentale des orientations et des objectifs propres \u00e0 cet organisme\u2026<\/p>\n\n\n\n<p class=\"has-text-align-center\"><span style=\"color: #0066ff;\"><strong>PR\u00c9SENTATION DE LA SYMBOLIQUE DES \u00c9L\u00c9MENTS CHOISIS<br>DANS LA CHRONOLOGIE DE L\u2019\u00c9TUDE<\/strong><\/span><\/p>\n\n\n\n<p class=\"has-text-align-center\">par D.Aurore et L.Kalinsky<\/p>\n\n\n<div class=\"wp-block-image\">\n<figure class=\"aligncenter size-full is-resized\"><a href=\"https:\/\/site.ac-martinique.fr\/lyc-raymondneris\/wp-content\/uploads\/sites\/40\/2022\/06\/etudelogo1-1.gif\"><img loading=\"lazy\" decoding=\"async\" src=\"https:\/\/site.ac-martinique.fr\/lyc-raymondneris\/wp-content\/uploads\/sites\/40\/2022\/06\/etudelogo1-1.gif\" alt=\"\" class=\"wp-image-4297\" width=\"265\" height=\"105\"\/><\/a><\/figure>\n<\/div>\n\n\n<p class=\"has-text-align-center\"><strong>La Pyramide<\/strong> :symbolise l\u2019ascension, l\u2019histoire, la culture, le d\u00e9veloppement ainsi que l\u2019int\u00e9gration et la convergence<\/p>\n\n\n<div class=\"wp-block-image\">\n<figure class=\"aligncenter size-full is-resized\"><a href=\"https:\/\/site.ac-martinique.fr\/lyc-raymondneris\/wp-content\/uploads\/sites\/40\/2022\/06\/etude-logo2-1.gif\"><img loading=\"lazy\" decoding=\"async\" src=\"https:\/\/site.ac-martinique.fr\/lyc-raymondneris\/wp-content\/uploads\/sites\/40\/2022\/06\/etude-logo2-1.gif\" alt=\"\" class=\"wp-image-4298\" width=\"259\" height=\"131\"\/><\/a><\/figure>\n<\/div>\n\n\n<p class=\"has-text-align-center\"><strong>Le Triangle<\/strong> :simplification de la pyramide est souvent associ\u00e9 \u00e0 la trilogie (bien penser- bien dire &#8211; bien faire), il repr\u00e9sente la force et le progr\u00e8s.<\/p>\n\n\n<div class=\"wp-block-image\">\n<figure class=\"aligncenter size-full is-resized\"><a href=\"https:\/\/site.ac-martinique.fr\/lyc-raymondneris\/wp-content\/uploads\/sites\/40\/2022\/06\/etudelogo3-1.gif\"><img loading=\"lazy\" decoding=\"async\" src=\"https:\/\/site.ac-martinique.fr\/lyc-raymondneris\/wp-content\/uploads\/sites\/40\/2022\/06\/etudelogo3-1.gif\" alt=\"\" class=\"wp-image-4301\" width=\"176\" height=\"123\"\/><\/a><\/figure>\n<\/div>\n\n\n<p class=\"has-text-align-center\"><strong>La Voile<\/strong> : de forme triangulaire souple et dynamique, \u00e9voque la progression, l\u2019envol\u00e9e, la travers\u00e9e, associ\u00e9e au bateau, elle repr\u00e9sente la notion d\u2019\u00e9tapes \u00e0 franchir, la qu\u00eate de la connaissance et symbolise la communaut\u00e9. (on est tous dans le m\u00eame bateau)<\/p>\n\n\n<div class=\"wp-block-image\">\n<figure class=\"aligncenter size-full is-resized\"><a href=\"https:\/\/site.ac-martinique.fr\/lyc-raymondneris\/wp-content\/uploads\/sites\/40\/2022\/06\/etudelogo7.gif\"><img loading=\"lazy\" decoding=\"async\" src=\"https:\/\/site.ac-martinique.fr\/lyc-raymondneris\/wp-content\/uploads\/sites\/40\/2022\/06\/etudelogo7.gif\" alt=\"\" class=\"wp-image-4302\" width=\"195\" height=\"132\"\/><\/a><\/figure>\n<\/div>\n\n\n<p class=\"has-text-align-center\"><strong>La Vague<\/strong> :associ\u00e9e au bateau, \u00e0 la mer, \u00e9voque le monde marin (notre commune), le nautisme, le mouvement, la matrice o\u00f9 l\u2019\u00eatre se mod\u00e8le.<\/p>\n\n\n<div class=\"wp-block-image\">\n<figure class=\"aligncenter size-full is-resized\"><a href=\"https:\/\/site.ac-martinique.fr\/lyc-raymondneris\/wp-content\/uploads\/sites\/40\/2022\/06\/leversoleil.gif\"><img loading=\"lazy\" decoding=\"async\" src=\"https:\/\/site.ac-martinique.fr\/lyc-raymondneris\/wp-content\/uploads\/sites\/40\/2022\/06\/leversoleil.gif\" alt=\"\" class=\"wp-image-4303\" width=\"119\" height=\"126\"\/><\/a><\/figure>\n<\/div>\n\n\n<p class=\"has-text-align-center\"><strong>Le soleil levant<\/strong> :renvoie \u00e0 la notion d\u2019\u00e9volution, d\u2019harmonie, de rayonnement, de renaissance, de cycle, de temps, symbolise donc les degr\u00e9s d\u2019\u00eatre, les \u00e9tapes du perfectionnement<\/p>\n\n\n<div class=\"wp-block-image\">\n<figure class=\"aligncenter size-full is-resized\"><a href=\"https:\/\/site.ac-martinique.fr\/lyc-raymondneris\/wp-content\/uploads\/sites\/40\/2022\/06\/etudelogo6-1.gif\"><img loading=\"lazy\" decoding=\"async\" src=\"https:\/\/site.ac-martinique.fr\/lyc-raymondneris\/wp-content\/uploads\/sites\/40\/2022\/06\/etudelogo6-1.gif\" alt=\"\" class=\"wp-image-4304\" width=\"165\" height=\"151\"\/><\/a><\/figure>\n<\/div>\n\n\n<p class=\"has-text-align-center\"><strong>La lettre M<\/strong> :\u00e9pouse le graphisme des voiles et par un jeu d\u2019image (sigle et pictogramme \u00e0 la fois) est repr\u00e9sentative des mots : Martinique, Marin, Mer, Moteur, Motivation, Ma\u00eetrise, Mesure, M\u00e9thode&#8230;<\/p>\n\n\n\n<figure class=\"wp-block-gallery has-nested-images columns-default is-cropped wp-block-gallery-1 is-layout-flex wp-block-gallery-is-layout-flex\">\n<figure class=\"wp-block-image size-large\"><a href=\"https:\/\/site.ac-martinique.fr\/lyc-raymondneris\/wp-content\/uploads\/sites\/40\/2022\/06\/etudelogo6-2.gif\"><img loading=\"lazy\" decoding=\"async\" width=\"185\" height=\"169\" data-id=\"4308\" src=\"https:\/\/site.ac-martinique.fr\/lyc-raymondneris\/wp-content\/uploads\/sites\/40\/2022\/06\/etudelogo6-2.gif\" alt=\"\" class=\"wp-image-4308\"\/><\/a><\/figure>\n\n\n\n<figure class=\"wp-block-image size-large\"><a href=\"https:\/\/site.ac-martinique.fr\/lyc-raymondneris\/wp-content\/uploads\/sites\/40\/2022\/06\/logoentree.gif\"><img loading=\"lazy\" decoding=\"async\" width=\"185\" height=\"139\" data-id=\"4306\" src=\"https:\/\/site.ac-martinique.fr\/lyc-raymondneris\/wp-content\/uploads\/sites\/40\/2022\/06\/logoentree.gif\" alt=\"\" class=\"wp-image-4306\"\/><\/a><\/figure>\n\n\n\n<figure class=\"wp-block-image size-large\"><a href=\"https:\/\/site.ac-martinique.fr\/lyc-raymondneris\/wp-content\/uploads\/sites\/40\/2022\/06\/plaque-logo-1.gif\"><img loading=\"lazy\" decoding=\"async\" width=\"185\" height=\"139\" data-id=\"4307\" src=\"https:\/\/site.ac-martinique.fr\/lyc-raymondneris\/wp-content\/uploads\/sites\/40\/2022\/06\/plaque-logo-1.gif\" alt=\"\" class=\"wp-image-4307\"\/><\/a><\/figure>\n<\/figure>\n\n\n\n<p class=\"has-text-align-center\">Logo en t\u00f4le interpr\u00e9t\u00e9 par la section ROC SM en 2005<\/p>\n","protected":false},"excerpt":{"rendered":"<p>LE LOGO DU LYC\u00c9E Un logo est l\u2019identit\u00e9 visuelle d\u2019un organisme, il doit correspondre \u00e0 l\u2019image mentale des orientations et des objectifs propres \u00e0 cet organisme\u2026 PR\u00c9SENTATION DE LA SYMBOLIQUE DES \u00c9L\u00c9MENTS CHOISISDANS LA CHRONOLOGIE DE L\u2019\u00c9TUDE par D.Aurore et &hellip; <a href=\"https:\/\/site.ac-martinique.fr\/lyc-raymondneris\/?page_id=4295\">Continuer la lecture <span class=\"meta-nav\">&rarr;<\/span><\/a><\/p>\n","protected":false},"author":101,"featured_media":0,"parent":0,"menu_order":0,"comment_status":"closed","ping_status":"closed","template":"","meta":{"footnotes":""},"class_list":["post-4295","page","type-page","status-publish","hentry"],"_links":{"self":[{"href":"https:\/\/site.ac-martinique.fr\/lyc-raymondneris\/index.php?rest_route=\/wp\/v2\/pages\/4295","targetHints":{"allow":["GET"]}}],"collection":[{"href":"https:\/\/site.ac-martinique.fr\/lyc-raymondneris\/index.php?rest_route=\/wp\/v2\/pages"}],"about":[{"href":"https:\/\/site.ac-martinique.fr\/lyc-raymondneris\/index.php?rest_route=\/wp\/v2\/types\/page"}],"author":[{"embeddable":true,"href":"https:\/\/site.ac-martinique.fr\/lyc-raymondneris\/index.php?rest_route=\/wp\/v2\/users\/101"}],"replies":[{"embeddable":true,"href":"https:\/\/site.ac-martinique.fr\/lyc-raymondneris\/index.php?rest_route=%2Fwp%2Fv2%2Fcomments&post=4295"}],"version-history":[{"count":3,"href":"https:\/\/site.ac-martinique.fr\/lyc-raymondneris\/index.php?rest_route=\/wp\/v2\/pages\/4295\/revisions"}],"predecessor-version":[{"id":4315,"href":"https:\/\/site.ac-martinique.fr\/lyc-raymondneris\/index.php?rest_route=\/wp\/v2\/pages\/4295\/revisions\/4315"}],"wp:attachment":[{"href":"https:\/\/site.ac-martinique.fr\/lyc-raymondneris\/index.php?rest_route=%2Fwp%2Fv2%2Fmedia&parent=4295"}],"curies":[{"name":"wp","href":"https:\/\/api.w.org\/{rel}","templated":true}]}}

<p class="has-text-align-center has-large-font-size"><span style="color: #0066ff; font-size: small;">LE</span><strong><span style="color: #0066ff; font-size: small;"> LOGO DU LYCÉE</span></strong></p>


<div class="wp-block-image">
<figure class="aligncenter size-full"><a href="https://site.ac-martinique.fr/lyc-raymondneris/wp-content/uploads/sites/40/2022/06/etudelogo6.gif"><img loading="lazy" decoding="async" width="185" height="169" src="https://site.ac-martinique.fr/lyc-raymondneris/wp-content/uploads/sites/40/2022/06/etudelogo6.gif" alt="" class="wp-image-4296"/></a></figure>
</div>


<p class="has-text-align-center">Un logo est l’identité visuelle d’un organisme, il doit correspondre à l’image mentale des orientations et des objectifs propres à cet organisme…</p>



<p class="has-text-align-center"><span style="color: #0066ff;"><strong>PRÉSENTATION DE LA SYMBOLIQUE DES ÉLÉMENTS CHOISIS<br>DANS LA CHRONOLOGIE DE L’ÉTUDE</strong></span></p>



<p class="has-text-align-center">par D.Aurore et L.Kalinsky</p>


<div class="wp-block-image">
<figure class="aligncenter size-full is-resized"><a href="https://site.ac-martinique.fr/lyc-raymondneris/wp-content/uploads/sites/40/2022/06/etudelogo1-1.gif"><img loading="lazy" decoding="async" src="https://site.ac-martinique.fr/lyc-raymondneris/wp-content/uploads/sites/40/2022/06/etudelogo1-1.gif" alt="" class="wp-image-4297" width="265" height="105"/></a></figure>
</div>


<p class="has-text-align-center"><strong>La Pyramide</strong> :symbolise l’ascension, l’histoire, la culture, le développement ainsi que l’intégration et la convergence</p>


<div class="wp-block-image">
<figure class="aligncenter size-full is-resized"><a href="https://site.ac-martinique.fr/lyc-raymondneris/wp-content/uploads/sites/40/2022/06/etude-logo2-1.gif"><img loading="lazy" decoding="async" src="https://site.ac-martinique.fr/lyc-raymondneris/wp-content/uploads/sites/40/2022/06/etude-logo2-1.gif" alt="" class="wp-image-4298" width="259" height="131"/></a></figure>
</div>


<p class="has-text-align-center"><strong>Le Triangle</strong> :simplification de la pyramide est souvent associé à la trilogie (bien penser- bien dire &#8211; bien faire), il représente la force et le progrès.</p>


<div class="wp-block-image">
<figure class="aligncenter size-full is-resized"><a href="https://site.ac-martinique.fr/lyc-raymondneris/wp-content/uploads/sites/40/2022/06/etudelogo3-1.gif"><img loading="lazy" decoding="async" src="https://site.ac-martinique.fr/lyc-raymondneris/wp-content/uploads/sites/40/2022/06/etudelogo3-1.gif" alt="" class="wp-image-4301" width="176" height="123"/></a></figure>
</div>


<p class="has-text-align-center"><strong>La Voile</strong> : de forme triangulaire souple et dynamique, évoque la progression, l’envolée, la traversée, associée au bateau, elle représente la notion d’étapes à franchir, la quête de la connaissance et symbolise la communauté. (on est tous dans le même bateau)</p>


<div class="wp-block-image">
<figure class="aligncenter size-full is-resized"><a href="https://site.ac-martinique.fr/lyc-raymondneris/wp-content/uploads/sites/40/2022/06/etudelogo7.gif"><img loading="lazy" decoding="async" src="https://site.ac-martinique.fr/lyc-raymondneris/wp-content/uploads/sites/40/2022/06/etudelogo7.gif" alt="" class="wp-image-4302" width="195" height="132"/></a></figure>
</div>


<p class="has-text-align-center"><strong>La Vague</strong> :associée au bateau, à la mer, évoque le monde marin (notre commune), le nautisme, le mouvement, la matrice où l’être se modèle.</p>


<div class="wp-block-image">
<figure class="aligncenter size-full is-resized"><a href="https://site.ac-martinique.fr/lyc-raymondneris/wp-content/uploads/sites/40/2022/06/leversoleil.gif"><img loading="lazy" decoding="async" src="https://site.ac-martinique.fr/lyc-raymondneris/wp-content/uploads/sites/40/2022/06/leversoleil.gif" alt="" class="wp-image-4303" width="119" height="126"/></a></figure>
</div>


<p class="has-text-align-center"><strong>Le soleil levant</strong> :renvoie à la notion d’évolution, d’harmonie, de rayonnement, de renaissance, de cycle, de temps, symbolise donc les degrés d’être, les étapes du perfectionnement</p>


<div class="wp-block-image">
<figure class="aligncenter size-full is-resized"><a href="https://site.ac-martinique.fr/lyc-raymondneris/wp-content/uploads/sites/40/2022/06/etudelogo6-1.gif"><img loading="lazy" decoding="async" src="https://site.ac-martinique.fr/lyc-raymondneris/wp-content/uploads/sites/40/2022/06/etudelogo6-1.gif" alt="" class="wp-image-4304" width="165" height="151"/></a></figure>
</div>


<p class="has-text-align-center"><strong>La lettre M</strong> :épouse le graphisme des voiles et par un jeu d’image (sigle et pictogramme à la fois) est représentative des mots : Martinique, Marin, Mer, Moteur, Motivation, Maîtrise, Mesure, Méthode&#8230;</p>



<figure class="wp-block-gallery has-nested-images columns-default is-cropped wp-block-gallery-1 is-layout-flex wp-block-gallery-is-layout-flex">
<figure class="wp-block-image size-large"><a href="https://site.ac-martinique.fr/lyc-raymondneris/wp-content/uploads/sites/40/2022/06/etudelogo6-2.gif"><img loading="lazy" decoding="async" width="185" height="169" data-id="4308" src="https://site.ac-martinique.fr/lyc-raymondneris/wp-content/uploads/sites/40/2022/06/etudelogo6-2.gif" alt="" class="wp-image-4308"/></a></figure>



<figure class="wp-block-image size-large"><a href="https://site.ac-martinique.fr/lyc-raymondneris/wp-content/uploads/sites/40/2022/06/logoentree.gif"><img loading="lazy" decoding="async" width="185" height="139" data-id="4306" src="https://site.ac-martinique.fr/lyc-raymondneris/wp-content/uploads/sites/40/2022/06/logoentree.gif" alt="" class="wp-image-4306"/></a></figure>



<figure class="wp-block-image size-large"><a href="https://site.ac-martinique.fr/lyc-raymondneris/wp-content/uploads/sites/40/2022/06/plaque-logo-1.gif"><img loading="lazy" decoding="async" width="185" height="139" data-id="4307" src="https://site.ac-martinique.fr/lyc-raymondneris/wp-content/uploads/sites/40/2022/06/plaque-logo-1.gif" alt="" class="wp-image-4307"/></a></figure>
</figure>



<p class="has-text-align-center">Logo en tôle interprété par la section ROC SM en 2005</p>

<p>LE LOGO DU LYCÉE Un logo est l’identité visuelle d’un organisme, il doit correspondre à l’image mentale des orientations et des objectifs propres à cet organisme… PRÉSENTATION DE LA SYMBOLIQUE DES ÉLÉMENTS CHOISISDANS LA CHRONOLOGIE DE L’ÉTUDE par D.Aurore et &hellip; <a href="https://site.ac-martinique.fr/lyc-raymondneris/?page_id=4295">Continuer la lecture <span class="meta-nav">&rarr;</span></a></p>
