{"id":158,"date":"2023-07-13T09:12:42","date_gmt":"2023-07-13T13:12:42","guid":{"rendered":"https:\/\/site.ac-martinique.fr\/manuels-numeriques\/?page_id=158"},"modified":"2023-09-08T13:24:19","modified_gmt":"2023-09-08T17:24:19","slug":"charte-des-bons-usages-des-manuels-numeriques","status":"publish","type":"page","link":"https:\/\/site.ac-martinique.fr\/manuels-numeriques\/charte-des-bons-usages-des-manuels-numeriques\/","title":{"rendered":"Conseils d&rsquo;usage, charte acad\u00e9mique"},"content":{"rendered":"<div style=\"--shape: url(#tw-shape-diamond);\" class=\"wp-block-image is-style-tw-hard-shadow\">\n<figure class=\"aligncenter size-large\"><img loading=\"lazy\" decoding=\"async\" width=\"1024\" height=\"683\" src=\"https:\/\/site.ac-martinique.fr\/manuels-numeriques\/wp-content\/uploads\/sites\/133\/2023\/07\/jeune-client-employe-peau-sombre-recherche-choc-ouvrant-largement-bouche-montrant-quelque-chose-surprenant-pointant-mur-blanc-blanc-1024x683.jpg\" alt=\"\" class=\"wp-image-268\" srcset=\"https:\/\/site.ac-martinique.fr\/manuels-numeriques\/wp-content\/uploads\/sites\/133\/2023\/07\/jeune-client-employe-peau-sombre-recherche-choc-ouvrant-largement-bouche-montrant-quelque-chose-surprenant-pointant-mur-blanc-blanc-1024x683.jpg 1024w, https:\/\/site.ac-martinique.fr\/manuels-numeriques\/wp-content\/uploads\/sites\/133\/2023\/07\/jeune-client-employe-peau-sombre-recherche-choc-ouvrant-largement-bouche-montrant-quelque-chose-surprenant-pointant-mur-blanc-blanc-300x200.jpg 300w, https:\/\/site.ac-martinique.fr\/manuels-numeriques\/wp-content\/uploads\/sites\/133\/2023\/07\/jeune-client-employe-peau-sombre-recherche-choc-ouvrant-largement-bouche-montrant-quelque-chose-surprenant-pointant-mur-blanc-blanc-768x512.jpg 768w, https:\/\/site.ac-martinique.fr\/manuels-numeriques\/wp-content\/uploads\/sites\/133\/2023\/07\/jeune-client-employe-peau-sombre-recherche-choc-ouvrant-largement-bouche-montrant-quelque-chose-surprenant-pointant-mur-blanc-blanc-1536x1024.jpg 1536w, https:\/\/site.ac-martinique.fr\/manuels-numeriques\/wp-content\/uploads\/sites\/133\/2023\/07\/jeune-client-employe-peau-sombre-recherche-choc-ouvrant-largement-bouche-montrant-quelque-chose-surprenant-pointant-mur-blanc-blanc-2048x1365.jpg 2048w, https:\/\/site.ac-martinique.fr\/manuels-numeriques\/wp-content\/uploads\/sites\/133\/2023\/07\/jeune-client-employe-peau-sombre-recherche-choc-ouvrant-largement-bouche-montrant-quelque-chose-surprenant-pointant-mur-blanc-blanc-150x100.jpg 150w, https:\/\/site.ac-martinique.fr\/manuels-numeriques\/wp-content\/uploads\/sites\/133\/2023\/07\/jeune-client-employe-peau-sombre-recherche-choc-ouvrant-largement-bouche-montrant-quelque-chose-surprenant-pointant-mur-blanc-blanc-225x150.jpg 225w\" sizes=\"auto, (max-width: 1024px) 100vw, 1024px\" \/><\/figure>\n<\/div>\n\n\n<p>Tu b\u00e9n\u00e9ficies de manuels num\u00e9riques. Les livres ou manuels scolaires au format num\u00e9rique vont te faciliter la vie, Ils sont accessibles pour la plupart sans connexion internet d\u00e8s lors qu\u2019ils sont install\u00e9s sur un \u00e9quipement informatique. Leur acc\u00e8s est personnel et n\u00e9cessite un identifiant et un mot de passe. Pour t\u2019aider \u00e0 les utiliser au mieux, nous t\u2019invitons \u00e0 suivre les conseils et la charte des bons usages qu\u2019il faudra suivre.<\/p>\n\n\n\n<h2 class=\"wp-block-heading\">La base !<\/h2>\n\n\n\n<div class=\"wp-block-uagb-icon-list uagb-block-1ba2463f\"><div class=\"uagb-icon-list__wrap\">\n<div class=\"wp-block-uagb-icon-list-child uagb-block-3019e43d\"><span class=\"uagb-icon-list__source-wrap\"><svg xmlns=\"https:\/\/www.w3.org\/2000\/svg\" viewBox=\"0 0 512 512\"><path d=\"M256 0C114.6 0 0 114.6 0 256c0 141.4 114.6 256 256 256s256-114.6 256-256C512 114.6 397.4 0 256 0zM406.6 278.6l-103.1 103.1c-12.5 12.5-32.75 12.5-45.25 0s-12.5-32.75 0-45.25L306.8 288H128C110.3 288 96 273.7 96 256s14.31-32 32-32h178.8l-49.38-49.38c-12.5-12.5-12.5-32.75 0-45.25s32.75-12.5 45.25 0l103.1 103.1C414.6 241.3 416 251.1 416 256C416 260.9 414.6 270.7 406.6 278.6z\"><\/path><\/svg><\/span><span class=\"uagb-icon-list__label\"><strong>Retiens bien tes identifiants Educonnect<\/strong><\/span><\/div>\n\n\n\n<div class=\"wp-block-uagb-icon-list-child uagb-block-ea598581\"><span class=\"uagb-icon-list__source-wrap\"><svg xmlns=\"https:\/\/www.w3.org\/2000\/svg\" viewBox=\"0 0 512 512\"><path d=\"M256 0C114.6 0 0 114.6 0 256c0 141.4 114.6 256 256 256s256-114.6 256-256C512 114.6 397.4 0 256 0zM406.6 278.6l-103.1 103.1c-12.5 12.5-32.75 12.5-45.25 0s-12.5-32.75 0-45.25L306.8 288H128C110.3 288 96 273.7 96 256s14.31-32 32-32h178.8l-49.38-49.38c-12.5-12.5-12.5-32.75 0-45.25s32.75-12.5 45.25 0l103.1 103.1C414.6 241.3 416 251.1 416 256C416 260.9 414.6 270.7 406.6 278.6z\"><\/path><\/svg><\/span><span class=\"uagb-icon-list__label\"><strong>Demande de l&rsquo;aide si tu n&rsquo;arrives pas \u00e0 acc\u00e9der aux manuels<\/strong><\/span><\/div>\n\n\n\n<div class=\"wp-block-uagb-icon-list-child uagb-block-98042eb1\"><span class=\"uagb-icon-list__source-wrap\"><svg xmlns=\"https:\/\/www.w3.org\/2000\/svg\" viewBox=\"0 0 512 512\"><path d=\"M256 0C114.6 0 0 114.6 0 256c0 141.4 114.6 256 256 256s256-114.6 256-256C512 114.6 397.4 0 256 0zM406.6 278.6l-103.1 103.1c-12.5 12.5-32.75 12.5-45.25 0s-12.5-32.75 0-45.25L306.8 288H128C110.3 288 96 273.7 96 256s14.31-32 32-32h178.8l-49.38-49.38c-12.5-12.5-12.5-32.75 0-45.25s32.75-12.5 45.25 0l103.1 103.1C414.6 241.3 416 251.1 416 256C416 260.9 414.6 270.7 406.6 278.6z\"><\/path><\/svg><\/span><span class=\"uagb-icon-list__label\"><strong>Ne communique \u00e0 personne tes identifiants. Ils sont personnels.<\/strong><\/span><\/div>\n\n\n\n<div class=\"wp-block-uagb-icon-list-child uagb-block-9d7b8978\"><span class=\"uagb-icon-list__source-wrap\"><svg xmlns=\"https:\/\/www.w3.org\/2000\/svg\" viewBox=\"0 0 512 512\"><path d=\"M256 0C114.6 0 0 114.6 0 256c0 141.4 114.6 256 256 256s256-114.6 256-256C512 114.6 397.4 0 256 0zM406.6 278.6l-103.1 103.1c-12.5 12.5-32.75 12.5-45.25 0s-12.5-32.75 0-45.25L306.8 288H128C110.3 288 96 273.7 96 256s14.31-32 32-32h178.8l-49.38-49.38c-12.5-12.5-12.5-32.75 0-45.25s32.75-12.5 45.25 0l103.1 103.1C414.6 241.3 416 251.1 416 256C416 260.9 414.6 270.7 406.6 278.6z\"><\/path><\/svg><\/span><span class=\"uagb-icon-list__label\"><strong>T\u00e9l\u00e9charge tes manuels num\u00e9riques sur plusieurs mat\u00e9riels (ordinateur personnel, tablette, ordinateur familial&#8230;) <\/strong><\/span><\/div>\n\n\n\n<div class=\"wp-block-uagb-icon-list-child uagb-block-1df8dadb\"><span class=\"uagb-icon-list__source-wrap\"><svg xmlns=\"https:\/\/www.w3.org\/2000\/svg\" viewBox=\"0 0 512 512\"><path d=\"M256 0C114.6 0 0 114.6 0 256c0 141.4 114.6 256 256 256s256-114.6 256-256C512 114.6 397.4 0 256 0zM406.6 278.6l-103.1 103.1c-12.5 12.5-32.75 12.5-45.25 0s-12.5-32.75 0-45.25L306.8 288H128C110.3 288 96 273.7 96 256s14.31-32 32-32h178.8l-49.38-49.38c-12.5-12.5-12.5-32.75 0-45.25s32.75-12.5 45.25 0l103.1 103.1C414.6 241.3 416 251.1 416 256C416 260.9 414.6 270.7 406.6 278.6z\"><\/path><\/svg><\/span><span class=\"uagb-icon-list__label\"><strong>Soit bien organis\u00e9 : ordinateur charg\u00e9, sac et housse de protection adapt\u00e9s <\/strong><\/span><\/div>\n<\/div><\/div>\n\n\n\n<div class=\"wp-block-uagb-separator uagb-block-93f34743\"><div class=\"wp-block-uagb-separator__inner\" style=\"--my-background-image:\"><\/div><\/div>\n\n\n\n<h2 class=\"wp-block-heading\">Charte acad\u00e9mique des manuels num\u00e9riques<\/h2>\n\n\n\n<p>Afin de bien savoir ce qui est attendu de toi, ton lyc\u00e9e t&rsquo;a sans doute communiqu\u00e9 une charte sinon voici la charte acad\u00e9mique des manuels num\u00e9riques.<\/p>\n\n\n\n<div class=\"wp-block-group alignfull has-subtle-background-color has-background\"><div class=\"wp-block-group__inner-container is-layout-flow wp-block-group-is-layout-flow\">\n<h2 class=\"wp-block-heading has-text-align-center\">T\u00e9l\u00e9charger la charte<\/h2>\n\n\n\n<div class=\"wp-block-buttons is-content-justification-center is-layout-flex wp-container-core-buttons-is-layout-16018d1d wp-block-buttons-is-layout-flex\">\n<div class=\"wp-block-button is-style-outline is-style-outline--1\"><a class=\"wp-block-button__link wp-element-button\" href=\"https:\/\/site.ac-martinique.fr\/manuels-numeriques\/wp-content\/uploads\/sites\/133\/2023\/07\/Copie-de-Educational-Technology-Classroom-Agreements-Infographic-297-\u00d7-650-mm.pdf\" style=\"border-radius:31px\" target=\"_blank\" rel=\"noreferrer noopener\">T\u00e9l\u00e9chargement<\/a><\/div>\n<\/div>\n\n\n\n<figure class=\"wp-block-pullquote has-text-align-center tw-mb-0 tw-mt-0 o-typing-slow ticss-13de9c3b is-style-default\"><blockquote><p>L\u2019acc\u00e8s aux manuels num\u00e9riques en ligne et au t\u00e9l\u00e9chargement s\u2019effectue avec <strong>Colibri <\/strong><a href=\"https:\/\/colibri.ac-martinique.fr\/\">https:\/\/colibri.ac-martinique.fr\/<\/a> dans l\u2019application <strong>Mediacentre<\/strong>. D\u00e8s que l&rsquo;\u00e9tablissement me communique mon identifiant et mon mot de passe Educonnect, j\u2019active mon compte Educonnect.<\/p><cite><o-anim-typing>Educonnect, la cl\u00e9 de tous les \u00e9l\u00e8ves !<\/o-anim-typing><\/cite><\/blockquote><\/figure>\n<\/div><\/div>\n\n\n\n<div class=\"wp-block-uagb-separator uagb-block-d9698433\"><div class=\"wp-block-uagb-separator__inner\" style=\"--my-background-image:\"><\/div><\/div>\n\n\n\n<figure class=\"wp-block-pullquote o-typing-slow o-typing-delay-200ms\"><blockquote><p>Je note mon identifiant (sur mon smartphone par exemple) et je m\u00e9morise mon mot de passe.<\/p><cite><o-anim-typing>Un identifiant, \u00e7a s&rsquo;enregistre.<\/o-anim-typing><\/cite><\/blockquote><\/figure>\n\n\n\n<div class=\"wp-block-uagb-separator uagb-block-e6ba8291\"><div class=\"wp-block-uagb-separator__inner\" style=\"--my-background-image:\"><\/div><\/div>\n\n\n\n<figure class=\"wp-block-pullquote o-typing-slow o-typing-delay-1s\"><blockquote><p>En cas d\u2019oubli de mon <strong>mot de passe<\/strong>, j\u2019utilise rapidement les moyens \u00e0 ma disposition pour les retrouver (<strong>liens d\u2019aide<\/strong> du site ou <strong>administration de l&rsquo;\u00e9tablissement<\/strong>).<\/p><cite><o-anim-typing>Un mot de passe, \u00e7a se retient.<\/o-anim-typing><\/cite><\/blockquote><\/figure>\n\n\n\n<div class=\"wp-block-uagb-separator uagb-block-36080e37\"><div class=\"wp-block-uagb-separator__inner\" style=\"--my-background-image:\"><\/div><\/div>\n\n\n\n<figure class=\"wp-block-pullquote o-typing-delay-2s o-typing-slow\"><blockquote><p>En cas de <strong>probl\u00e8mes techniques<\/strong> ou d\u2019impossibilit\u00e9 d\u2019acc\u00e8s aux manuels num\u00e9riques :<br><strong>J\u2019en informe<\/strong> au plus t\u00f4t mon professeur principal ou l\u2019adulte r\u00e9f\u00e9rent qui contactera l\u2019assistance ;<br>Je r\u00e9cup\u00e8re aupr\u00e8s de mes camarades les pages des manuels n\u00e9cessaires au travail demand\u00e9.<\/p><cite><o-anim-typing>Un probl\u00e8me d&rsquo;acc\u00e8s, j&rsquo;en parle.<\/o-anim-typing><\/cite><\/blockquote><\/figure>\n\n\n\n<div class=\"wp-block-uagb-separator uagb-block-42aec238\"><div class=\"wp-block-uagb-separator__inner\" style=\"--my-background-image:\"><\/div><\/div>\n\n\n\n<figure class=\"wp-block-pullquote o-typing-delay-3s o-typing-slow\"><blockquote><p>Je ne communique pas mes acc\u00e8s <strong>Educonnect <\/strong>\u00e0 un camarade m\u00eame pour lui permettre d\u2019acc\u00e9der aux manuels num\u00e9riques. Ils doivent rester personnels.<\/p><cite><o-anim-typing>Educonnect, c&rsquo;est personnel<\/o-anim-typing><\/cite><\/blockquote><\/figure>\n\n\n\n<div class=\"wp-block-uagb-separator uagb-block-71f2ce4d\"><div class=\"wp-block-uagb-separator__inner\" style=\"--my-background-image:\"><\/div><\/div>\n\n\n\n<figure class=\"wp-block-pullquote o-typing-delay-4s o-typing-slow\"><blockquote><p>En quittant un <strong>ordinateur partag\u00e9, je me d\u00e9connecte<\/strong> syst\u00e9matiquement avant de partir.<\/p><cite><o-anim-typing>Je me d\u00e9connecte toujours<\/o-anim-typing><\/cite><\/blockquote><\/figure>\n\n\n\n<div class=\"wp-block-uagb-separator uagb-block-92b8b3b1\"><div class=\"wp-block-uagb-separator__inner\" style=\"--my-background-image:\"><\/div><\/div>\n\n\n\n<figure class=\"wp-block-pullquote o-typing-slow o-typing-delay-5s\"><blockquote><p>Pour un acc\u00e8s sans Internet, d\u00e8s les premiers jours d\u2019acc\u00e8s aux manuels num\u00e9riques, je les <strong>t\u00e9l\u00e9charge <\/strong>sur l\u2019<strong>ordinateur portable fourni <\/strong>par mon \u00e9tablissement scolaire.<\/p><cite><o-anim-typing>Je t\u00e9l\u00e9charge mes manuels par Colibri<\/o-anim-typing><\/cite><\/blockquote><\/figure>\n\n\n\n<div class=\"wp-block-uagb-separator uagb-block-87183276\"><div class=\"wp-block-uagb-separator__inner\" style=\"--my-background-image:\"><\/div><\/div>\n\n\n\n<figure class=\"wp-block-pullquote o-typing-slow\"><blockquote><p>En plus de mon ordinateur, je <strong>t\u00e9l\u00e9charge<\/strong> les manuels num\u00e9riques sur un <strong>deuxi\u00e8me \u00e9quipement <\/strong>(ordinateur familial, tablette, smartphone\u2026) afin de pouvoir l\u2019utiliser, m\u00eame sans Internet, en cas de d\u00e9faillance du premier ou permettre la consultation \u00e0 mes responsables l\u00e9gaux.<\/p><cite><o-anim-typing>Par s\u00e9curit\u00e9, je t\u00e9l\u00e9charge mes manuels sur un deuxi\u00e8me \u00e9quipement<\/o-anim-typing><\/cite><\/blockquote><\/figure>\n\n\n\n<div class=\"wp-block-uagb-separator uagb-block-7669cd98\"><div class=\"wp-block-uagb-separator__inner\" style=\"--my-background-image:\"><\/div><\/div>\n\n\n\n<figure class=\"wp-block-pullquote o-typing-slow\"><blockquote><p>J&rsquo;apporte mon ordinateur portable avec moi en cours et je pense \u00e0 le <strong>charger \u00e0 100%<\/strong> avant de quitter mon domicile afin de me permettre d\u2019acc\u00e9der aux manuels num\u00e9riques toute la journ\u00e9e. Un \u00e9quipement non charg\u00e9 revient \u00e0 une absence de mat\u00e9riel. En cas d\u2019oublis r\u00e9p\u00e9t\u00e9s, je m\u2019expose aux punitions ou sanctions pr\u00e9vues dans le r\u00e8glement int\u00e9rieur.<\/p><cite><o-anim-typing>Toutes les nuits, je recharge mes batteries<\/o-anim-typing><\/cite><\/blockquote><\/figure>\n\n\n\n<div class=\"wp-block-uagb-separator uagb-block-4eabd1eb\"><div class=\"wp-block-uagb-separator__inner\" style=\"--my-background-image:\"><\/div><\/div>\n\n\n\n<figure class=\"wp-block-pullquote\"><blockquote><p>Je m\u2019assure d\u2019avoir un <strong>sac de taille suffisante<\/strong> pour pouvoir y mettre mon ordinateur.<\/p><cite><o-anim-typing>Je prot\u00e8ge mon ordinateur<\/o-anim-typing><\/cite><\/blockquote><\/figure>\n\n\n\n<div class=\"wp-block-uagb-separator uagb-block-a4e2c8bd\"><div class=\"wp-block-uagb-separator__inner\" style=\"--my-background-image:\"><\/div><\/div>\n\n\n\n<figure class=\"wp-block-pullquote\"><blockquote><p>Je prends soin du mat\u00e9riel qui m&rsquo;est confi\u00e9. Je veille \u00e0 ne pas l\u2019endommager.<\/p><cite><o-anim-typing>Je prends soin du mat\u00e9riel<\/o-anim-typing><\/cite><\/blockquote><\/figure>\n\n\n\n<div class=\"wp-block-uagb-separator uagb-block-ca84fd09\"><div class=\"wp-block-uagb-separator__inner\" style=\"--my-background-image:\"><\/div><\/div>\n\n\n\n<figure class=\"wp-block-pullquote\"><blockquote><p>Pour la maison, je d\u00e9finis avec ma famille des r\u00e8gles d\u2019utilisation (temps d\u2019\u00e9cran partag\u00e9 entre scolaire et loisirs, horaire maximal, rechargement hors de la chambre pendant le sommeil, pauses r\u00e9guli\u00e8res\u2026).<\/p><cite><o-anim-typing>Des r\u00e8gles pour avoir un cadre<\/o-anim-typing><\/cite><\/blockquote><\/figure>\n\n\n\n<div class=\"wp-block-uagb-separator uagb-block-5b7d6151\"><div class=\"wp-block-uagb-separator__inner\" style=\"--my-background-image:\"><\/div><\/div>\n\n\n\n<figure class=\"wp-block-pullquote\"><blockquote><p>Je m&rsquo;engage \u00e0 <strong>ne pas copier, partager ou distribuer les manuels num\u00e9riques \u00e0 des personnes non autoris\u00e9es.<\/strong> J&rsquo;utilise ces ressources uniquement dans le cadre de mon travail personnel.<\/p><cite><o-anim-typing>Je respecte les droits d&rsquo;usage<\/o-anim-typing><\/cite><\/blockquote><\/figure>\n\n\n\n<div class=\"wp-block-uagb-separator uagb-block-d7fc1438\"><div class=\"wp-block-uagb-separator__inner\" style=\"--my-background-image:\"><\/div><\/div>\n\n\n\n<figure class=\"wp-block-pullquote\"><blockquote><p>J&rsquo;utilise un manuel num\u00e9rique en classe, \u00e0 la demande de l\u2019enseignant(e). Je suis ses consignes et j&rsquo;utilise les outils de mani\u00e8re appropri\u00e9e et non distrayante. Je n\u2019utilise pas d&rsquo;autres ressources ou applications si ce n\u2019est pas autoris\u00e9.<\/p><cite><o-anim-typing>Je respecte les consignes<\/o-anim-typing><\/cite><\/blockquote><\/figure>\n\n\n<div class=\"wp-block-image\">\n<figure class=\"aligncenter size-large is-resized\"><a href=\"https:\/\/site.ac-martinique.fr\/manuels-numeriques\/wp-content\/uploads\/sites\/133\/2023\/07\/Copie-de-Educational-Technology-Classroom-Agreements-Infographic-297-%C3%97-650-mm.pdf\"><img loading=\"lazy\" decoding=\"async\" src=\"https:\/\/site.ac-martinique.fr\/manuels-numeriques\/wp-content\/uploads\/sites\/133\/2023\/07\/CHARTE-DES-MANUELS-NUMERIQUES-Academie-724x1024.png\" alt=\"\" class=\"wp-image-602\" style=\"width:377px;height:533px\" width=\"377\" height=\"533\" srcset=\"https:\/\/site.ac-martinique.fr\/manuels-numeriques\/wp-content\/uploads\/sites\/133\/2023\/07\/CHARTE-DES-MANUELS-NUMERIQUES-Academie-724x1024.png 724w, https:\/\/site.ac-martinique.fr\/manuels-numeriques\/wp-content\/uploads\/sites\/133\/2023\/07\/CHARTE-DES-MANUELS-NUMERIQUES-Academie-212x300.png 212w, https:\/\/site.ac-martinique.fr\/manuels-numeriques\/wp-content\/uploads\/sites\/133\/2023\/07\/CHARTE-DES-MANUELS-NUMERIQUES-Academie-768x1086.png 768w, https:\/\/site.ac-martinique.fr\/manuels-numeriques\/wp-content\/uploads\/sites\/133\/2023\/07\/CHARTE-DES-MANUELS-NUMERIQUES-Academie-1086x1536.png 1086w, https:\/\/site.ac-martinique.fr\/manuels-numeriques\/wp-content\/uploads\/sites\/133\/2023\/07\/CHARTE-DES-MANUELS-NUMERIQUES-Academie-1448x2048.png 1448w, https:\/\/site.ac-martinique.fr\/manuels-numeriques\/wp-content\/uploads\/sites\/133\/2023\/07\/CHARTE-DES-MANUELS-NUMERIQUES-Academie-106x150.png 106w, https:\/\/site.ac-martinique.fr\/manuels-numeriques\/wp-content\/uploads\/sites\/133\/2023\/07\/CHARTE-DES-MANUELS-NUMERIQUES-Academie.png 1655w\" sizes=\"auto, (max-width: 377px) 100vw, 377px\" \/><\/a><\/figure>\n<\/div>","protected":false},"excerpt":{"rendered":"<p>Tu b\u00e9n\u00e9ficies de manuels num\u00e9riques. Les livres ou manuels scolaires au format num\u00e9rique vont te faciliter la vie, Ils sont accessibles pour la plupart sans connexion internet d\u00e8s lors qu\u2019ils sont install\u00e9s sur un \u00e9quipement informatique. Leur acc\u00e8s est personnel et n\u00e9cessite un identifiant et un mot de passe. Pour&#8230; <a class=\"continue-reading-link\" href=\"https:\/\/site.ac-martinique.fr\/manuels-numeriques\/charte-des-bons-usages-des-manuels-numeriques\/\"> Continue reading <span class=\"meta-nav\">&rarr; <\/span><\/a><\/p>\n","protected":false},"author":79,"featured_media":0,"parent":0,"menu_order":0,"comment_status":"closed","ping_status":"closed","template":"","meta":{"_uag_custom_page_level_css":"","_themeisle_gutenberg_block_has_review":false,"footnotes":""},"class_list":["post-158","page","type-page","status-publish","hentry"],"uagb_featured_image_src":{"full":false,"thumbnail":false,"medium":false,"medium_large":false,"large":false,"1536x1536":false,"2048x2048":false,"post-thumbnail":false,"header":false,"slider":false,"custom":false},"uagb_author_info":{"display_name":"Alexandre BAVARIN","author_link":"https:\/\/site.ac-martinique.fr\/manuels-numeriques\/author\/webgm\/"},"uagb_comment_info":0,"uagb_excerpt":"Tu b\u00e9n\u00e9ficies de manuels num\u00e9riques. Les livres ou manuels scolaires au format num\u00e9rique vont te faciliter la vie, Ils sont accessibles pour la plupart sans connexion internet d\u00e8s lors qu\u2019ils sont install\u00e9s sur un \u00e9quipement informatique. Leur acc\u00e8s est personnel et n\u00e9cessite un identifiant et un mot de passe. Pour... Continue reading &rarr;","_links":{"self":[{"href":"https:\/\/site.ac-martinique.fr\/manuels-numeriques\/wp-json\/wp\/v2\/pages\/158","targetHints":{"allow":["GET"]}}],"collection":[{"href":"https:\/\/site.ac-martinique.fr\/manuels-numeriques\/wp-json\/wp\/v2\/pages"}],"about":[{"href":"https:\/\/site.ac-martinique.fr\/manuels-numeriques\/wp-json\/wp\/v2\/types\/page"}],"author":[{"embeddable":true,"href":"https:\/\/site.ac-martinique.fr\/manuels-numeriques\/wp-json\/wp\/v2\/users\/79"}],"replies":[{"embeddable":true,"href":"https:\/\/site.ac-martinique.fr\/manuels-numeriques\/wp-json\/wp\/v2\/comments?post=158"}],"version-history":[{"count":38,"href":"https:\/\/site.ac-martinique.fr\/manuels-numeriques\/wp-json\/wp\/v2\/pages\/158\/revisions"}],"predecessor-version":[{"id":1417,"href":"https:\/\/site.ac-martinique.fr\/manuels-numeriques\/wp-json\/wp\/v2\/pages\/158\/revisions\/1417"}],"wp:attachment":[{"href":"https:\/\/site.ac-martinique.fr\/manuels-numeriques\/wp-json\/wp\/v2\/media?parent=158"}],"curies":[{"name":"wp","href":"https:\/\/api.w.org\/{rel}","templated":true}]}}