{"id":315,"date":"2023-07-19T09:36:53","date_gmt":"2023-07-19T13:36:53","guid":{"rendered":"https:\/\/site.ac-martinique.fr\/manuels-numeriques\/?page_id=315"},"modified":"2023-09-06T06:41:38","modified_gmt":"2023-09-06T10:41:38","slug":"je-telecharge-mon-manuel-numerique-avec-lapplication-lib-manuel","status":"publish","type":"page","link":"https:\/\/site.ac-martinique.fr\/manuels-numeriques\/je-telecharge-mon-manuel-numerique-avec-lapplication-lib-manuel\/","title":{"rendered":"Je t\u00e9l\u00e9charge mon manuel num\u00e9rique avec \u00ab\u00a0LibManuels\u00a0\u00bb"},"content":{"rendered":"\n<p><em>Le manuel est ouvert dans votre navigateur avec LibManuels.<\/em><\/p>\n\n\n<div class=\"wp-block-image\">\n<figure class=\"aligncenter size-large\"><img loading=\"lazy\" decoding=\"async\" width=\"1024\" height=\"478\" src=\"https:\/\/site.ac-martinique.fr\/manuels-numeriques\/wp-content\/uploads\/sites\/133\/2023\/08\/libmanuels1-1024x478.png\" alt=\"\" class=\"wp-image-955\" srcset=\"https:\/\/site.ac-martinique.fr\/manuels-numeriques\/wp-content\/uploads\/sites\/133\/2023\/08\/libmanuels1-1024x478.png 1024w, https:\/\/site.ac-martinique.fr\/manuels-numeriques\/wp-content\/uploads\/sites\/133\/2023\/08\/libmanuels1-300x140.png 300w, https:\/\/site.ac-martinique.fr\/manuels-numeriques\/wp-content\/uploads\/sites\/133\/2023\/08\/libmanuels1-768x359.png 768w, https:\/\/site.ac-martinique.fr\/manuels-numeriques\/wp-content\/uploads\/sites\/133\/2023\/08\/libmanuels1-150x70.png 150w, https:\/\/site.ac-martinique.fr\/manuels-numeriques\/wp-content\/uploads\/sites\/133\/2023\/08\/libmanuels1-250x117.png 250w, https:\/\/site.ac-martinique.fr\/manuels-numeriques\/wp-content\/uploads\/sites\/133\/2023\/08\/libmanuels1.png 1285w\" sizes=\"auto, (max-width: 1024px) 100vw, 1024px\" \/><\/figure>\n<\/div>\n\n\n<div class=\"wp-block-uagb-separator uagb-block-432d92b4\"><div class=\"wp-block-uagb-separator__inner\" style=\"--my-background-image:\"><\/div><\/div>\n\n\n\n<div class=\"wp-block-group\"><div class=\"wp-block-group__inner-container is-layout-constrained wp-block-group-is-layout-constrained\">\n<div class=\"wp-block-columns tw-cols-stack-sm is-layout-flex wp-container-core-columns-is-layout-abceabcf wp-block-columns-is-layout-flex\">\n<div class=\"wp-block-column is-layout-flow wp-block-column-is-layout-flow\" style=\"--col-width:20%;flex-basis:20%\">\n<figure class=\"wp-block-image size-large is-resized\"><img loading=\"lazy\" decoding=\"async\" src=\"https:\/\/site.ac-martinique.fr\/manuels-numeriques\/wp-content\/uploads\/sites\/133\/2023\/07\/jeune-femme-joyeuse-pose-dans-mur-trou-papier-jaune-dechire-emotionnel-expressif-edited-2-1024x683.jpg\" alt=\"\" class=\"wp-image-510\" style=\"width:212px;height:141px\" width=\"212\" height=\"141\" srcset=\"https:\/\/site.ac-martinique.fr\/manuels-numeriques\/wp-content\/uploads\/sites\/133\/2023\/07\/jeune-femme-joyeuse-pose-dans-mur-trou-papier-jaune-dechire-emotionnel-expressif-edited-2-1024x683.jpg 1024w, https:\/\/site.ac-martinique.fr\/manuels-numeriques\/wp-content\/uploads\/sites\/133\/2023\/07\/jeune-femme-joyeuse-pose-dans-mur-trou-papier-jaune-dechire-emotionnel-expressif-edited-2-300x200.jpg 300w, https:\/\/site.ac-martinique.fr\/manuels-numeriques\/wp-content\/uploads\/sites\/133\/2023\/07\/jeune-femme-joyeuse-pose-dans-mur-trou-papier-jaune-dechire-emotionnel-expressif-edited-2-768x512.jpg 768w, https:\/\/site.ac-martinique.fr\/manuels-numeriques\/wp-content\/uploads\/sites\/133\/2023\/07\/jeune-femme-joyeuse-pose-dans-mur-trou-papier-jaune-dechire-emotionnel-expressif-edited-2-1536x1024.jpg 1536w, https:\/\/site.ac-martinique.fr\/manuels-numeriques\/wp-content\/uploads\/sites\/133\/2023\/07\/jeune-femme-joyeuse-pose-dans-mur-trou-papier-jaune-dechire-emotionnel-expressif-edited-2-2048x1365.jpg 2048w, https:\/\/site.ac-martinique.fr\/manuels-numeriques\/wp-content\/uploads\/sites\/133\/2023\/07\/jeune-femme-joyeuse-pose-dans-mur-trou-papier-jaune-dechire-emotionnel-expressif-edited-2-150x100.jpg 150w, https:\/\/site.ac-martinique.fr\/manuels-numeriques\/wp-content\/uploads\/sites\/133\/2023\/07\/jeune-femme-joyeuse-pose-dans-mur-trou-papier-jaune-dechire-emotionnel-expressif-edited-2-225x150.jpg 225w\" sizes=\"auto, (max-width: 212px) 100vw, 212px\" \/><\/figure>\n<\/div>\n\n\n\n<div class=\"wp-block-column is-layout-flow wp-block-column-is-layout-flow\" style=\"--col-width:80%;flex-basis:80%\">\n<h3 class=\"wp-block-heading\">Avant d&rsquo;aller plus loin !<\/h3>\n\n\n\n<p class=\"tw-mb-0\">Si vous avez d\u00e9j\u00e0 t\u00e9l\u00e9charg\u00e9 et install\u00e9 l&rsquo;application sur votre ordinateur, passez \u00e0 <a href=\"#etape6\">l&rsquo;\u00e9tape 6<\/a> directement.<\/p>\n<\/div>\n<\/div>\n<\/div><\/div>\n\n\n\n<div class=\"wp-block-uagb-separator uagb-block-f018ba8c\"><div class=\"wp-block-uagb-separator__inner\" style=\"--my-background-image:\"><\/div><\/div>\n\n\n\n<h4 class=\"wp-block-heading has-vivid-cyan-blue-color has-text-color\">Etape 4 : T\u00e9l\u00e9charger l\u2019application<\/h4>\n\n\n\n<p>Cliquer sur le pictogramme \u00ab&nbsp;T\u00e9l\u00e9charger l\u2019application&nbsp;\u00bb.<\/p>\n\n\n<div class=\"wp-block-image\">\n<figure class=\"aligncenter size-full\"><img loading=\"lazy\" decoding=\"async\" width=\"645\" height=\"243\" src=\"https:\/\/site.ac-martinique.fr\/manuels-numeriques\/wp-content\/uploads\/sites\/133\/2023\/08\/libmanuels2.png\" alt=\"\" class=\"wp-image-957\" srcset=\"https:\/\/site.ac-martinique.fr\/manuels-numeriques\/wp-content\/uploads\/sites\/133\/2023\/08\/libmanuels2.png 645w, https:\/\/site.ac-martinique.fr\/manuels-numeriques\/wp-content\/uploads\/sites\/133\/2023\/08\/libmanuels2-300x113.png 300w, https:\/\/site.ac-martinique.fr\/manuels-numeriques\/wp-content\/uploads\/sites\/133\/2023\/08\/libmanuels2-150x57.png 150w, https:\/\/site.ac-martinique.fr\/manuels-numeriques\/wp-content\/uploads\/sites\/133\/2023\/08\/libmanuels2-250x94.png 250w\" sizes=\"auto, (max-width: 645px) 100vw, 645px\" \/><\/figure>\n<\/div>\n\n\n<hr class=\"wp-block-separator has-alpha-channel-opacity\"\/>\n\n\n\n<p>Le t\u00e9l\u00e9chargement se lance.<\/p>\n\n\n<div class=\"wp-block-image\">\n<figure class=\"aligncenter size-large\"><img loading=\"lazy\" decoding=\"async\" width=\"1024\" height=\"484\" src=\"https:\/\/site.ac-martinique.fr\/manuels-numeriques\/wp-content\/uploads\/sites\/133\/2023\/08\/libmanuels3-1024x484.png\" alt=\"\" class=\"wp-image-958\" srcset=\"https:\/\/site.ac-martinique.fr\/manuels-numeriques\/wp-content\/uploads\/sites\/133\/2023\/08\/libmanuels3-1024x484.png 1024w, https:\/\/site.ac-martinique.fr\/manuels-numeriques\/wp-content\/uploads\/sites\/133\/2023\/08\/libmanuels3-300x142.png 300w, https:\/\/site.ac-martinique.fr\/manuels-numeriques\/wp-content\/uploads\/sites\/133\/2023\/08\/libmanuels3-768x363.png 768w, https:\/\/site.ac-martinique.fr\/manuels-numeriques\/wp-content\/uploads\/sites\/133\/2023\/08\/libmanuels3-150x71.png 150w, https:\/\/site.ac-martinique.fr\/manuels-numeriques\/wp-content\/uploads\/sites\/133\/2023\/08\/libmanuels3-250x118.png 250w, https:\/\/site.ac-martinique.fr\/manuels-numeriques\/wp-content\/uploads\/sites\/133\/2023\/08\/libmanuels3.png 1283w\" sizes=\"auto, (max-width: 1024px) 100vw, 1024px\" \/><\/figure>\n<\/div>\n\n\n<div class=\"wp-block-uagb-separator uagb-block-a033908f\"><div class=\"wp-block-uagb-separator__inner\" style=\"--my-background-image:\"><\/div><\/div>\n\n\n\n<h4 class=\"wp-block-heading has-vivid-cyan-blue-color has-text-color\">Etape 5 : Installer l\u2019application<\/h4>\n\n\n\n<p>Le fichier \u00e9tant t\u00e9l\u00e9charg\u00e9, il faut l\u2019ex\u00e9cuter pour installer l\u2019application sur votre ordinateur. Cliquer 2 fois sur l\u2019onglet de l\u2019application en bas \u00e0 gauche (navigateur chrome). <\/p>\n\n\n<div class=\"wp-block-image\">\n<figure class=\"aligncenter size-full\"><img loading=\"lazy\" decoding=\"async\" width=\"497\" height=\"156\" src=\"https:\/\/site.ac-martinique.fr\/manuels-numeriques\/wp-content\/uploads\/sites\/133\/2023\/08\/libmanuels4.png\" alt=\"\" class=\"wp-image-959\" srcset=\"https:\/\/site.ac-martinique.fr\/manuels-numeriques\/wp-content\/uploads\/sites\/133\/2023\/08\/libmanuels4.png 497w, https:\/\/site.ac-martinique.fr\/manuels-numeriques\/wp-content\/uploads\/sites\/133\/2023\/08\/libmanuels4-300x94.png 300w, https:\/\/site.ac-martinique.fr\/manuels-numeriques\/wp-content\/uploads\/sites\/133\/2023\/08\/libmanuels4-150x47.png 150w, https:\/\/site.ac-martinique.fr\/manuels-numeriques\/wp-content\/uploads\/sites\/133\/2023\/08\/libmanuels4-250x78.png 250w\" sizes=\"auto, (max-width: 497px) 100vw, 497px\" \/><\/figure>\n<\/div>\n\n\n<hr class=\"wp-block-separator has-alpha-channel-opacity\"\/>\n\n\n\n<p>Une fen\u00eatre s\u2019ouvre au milieu de votre \u00e9cran. L\u2019option \u00ab&nbsp;Juste pour moi (Utilisateur)&nbsp;\u00bb est automatiquement coch\u00e9. Cliquer sur \u00ab\u00a0Suivant\u00a0\u00bb et suivre l\u2019assistant de l\u2019installation. Le logiciel s\u2019installe en quelques minutes.<\/p>\n\n\n<div class=\"wp-block-image\">\n<figure class=\"aligncenter size-full\"><img loading=\"lazy\" decoding=\"async\" width=\"595\" height=\"472\" src=\"https:\/\/site.ac-martinique.fr\/manuels-numeriques\/wp-content\/uploads\/sites\/133\/2023\/08\/libmanuels5.png\" alt=\"\" class=\"wp-image-960\" srcset=\"https:\/\/site.ac-martinique.fr\/manuels-numeriques\/wp-content\/uploads\/sites\/133\/2023\/08\/libmanuels5.png 595w, https:\/\/site.ac-martinique.fr\/manuels-numeriques\/wp-content\/uploads\/sites\/133\/2023\/08\/libmanuels5-300x238.png 300w, https:\/\/site.ac-martinique.fr\/manuels-numeriques\/wp-content\/uploads\/sites\/133\/2023\/08\/libmanuels5-150x119.png 150w, https:\/\/site.ac-martinique.fr\/manuels-numeriques\/wp-content\/uploads\/sites\/133\/2023\/08\/libmanuels5-189x150.png 189w\" sizes=\"auto, (max-width: 595px) 100vw, 595px\" \/><\/figure>\n<\/div>\n\n\n<hr class=\"wp-block-separator has-alpha-channel-opacity\"\/>\n\n\n\n<p>A la fin de l\u2019installation,&nbsp;<strong>d\u00e9coche<\/strong>r&nbsp;l\u2019option \u00ab&nbsp;Lancer Libmanuels&nbsp;\u00bb (si celle-ci est coch\u00e9e). Fermer la fen\u00eatre en cliquant sur l\u2019onglet \u00ab&nbsp;fermer&nbsp;\u00bb.<\/p>\n\n\n<div class=\"wp-block-image\">\n<figure class=\"aligncenter size-full\"><img loading=\"lazy\" decoding=\"async\" width=\"566\" height=\"385\" src=\"https:\/\/site.ac-martinique.fr\/manuels-numeriques\/wp-content\/uploads\/sites\/133\/2023\/08\/libmanuels6.png\" alt=\"\" class=\"wp-image-965\" srcset=\"https:\/\/site.ac-martinique.fr\/manuels-numeriques\/wp-content\/uploads\/sites\/133\/2023\/08\/libmanuels6.png 566w, https:\/\/site.ac-martinique.fr\/manuels-numeriques\/wp-content\/uploads\/sites\/133\/2023\/08\/libmanuels6-300x204.png 300w, https:\/\/site.ac-martinique.fr\/manuels-numeriques\/wp-content\/uploads\/sites\/133\/2023\/08\/libmanuels6-150x102.png 150w, https:\/\/site.ac-martinique.fr\/manuels-numeriques\/wp-content\/uploads\/sites\/133\/2023\/08\/libmanuels6-221x150.png 221w\" sizes=\"auto, (max-width: 566px) 100vw, 566px\" \/><\/figure>\n<\/div>\n\n\n<div class=\"wp-block-uagb-separator uagb-block-ea2fb678\"><div class=\"wp-block-uagb-separator__inner\" style=\"--my-background-image:\"><\/div><\/div>\n\n\n\n<h4 class=\"wp-block-heading has-vivid-cyan-blue-color has-text-color\" id=\"etape6\">Etape 6 : T\u00e9l\u00e9charger le manuel<\/h4>\n\n\n\n<p>Cliquer sur le pictogramme \u00ab&nbsp;Ouvrir dans l\u2019application&nbsp;\u00bb.<\/p>\n\n\n<div class=\"wp-block-image\">\n<figure class=\"aligncenter size-full\"><img loading=\"lazy\" decoding=\"async\" width=\"645\" height=\"239\" src=\"https:\/\/site.ac-martinique.fr\/manuels-numeriques\/wp-content\/uploads\/sites\/133\/2023\/08\/libmanuels7.png\" alt=\"\" class=\"wp-image-968\" srcset=\"https:\/\/site.ac-martinique.fr\/manuels-numeriques\/wp-content\/uploads\/sites\/133\/2023\/08\/libmanuels7.png 645w, https:\/\/site.ac-martinique.fr\/manuels-numeriques\/wp-content\/uploads\/sites\/133\/2023\/08\/libmanuels7-300x111.png 300w, https:\/\/site.ac-martinique.fr\/manuels-numeriques\/wp-content\/uploads\/sites\/133\/2023\/08\/libmanuels7-150x56.png 150w, https:\/\/site.ac-martinique.fr\/manuels-numeriques\/wp-content\/uploads\/sites\/133\/2023\/08\/libmanuels7-250x93.png 250w\" sizes=\"auto, (max-width: 645px) 100vw, 645px\" \/><\/figure>\n<\/div>\n\n\n<hr class=\"wp-block-separator has-alpha-channel-opacity\"\/>\n\n\n\n<p>Un nouvel onglet s\u2019ouvre. Cliquer sur \u00ab&nbsp;Ouvrir Libmanuels&nbsp;\u00bb.<\/p>\n\n\n<div class=\"wp-block-image\">\n<figure class=\"aligncenter size-full\"><img loading=\"lazy\" decoding=\"async\" width=\"608\" height=\"229\" src=\"https:\/\/site.ac-martinique.fr\/manuels-numeriques\/wp-content\/uploads\/sites\/133\/2023\/08\/libmanuels8.png\" alt=\"\" class=\"wp-image-970\" srcset=\"https:\/\/site.ac-martinique.fr\/manuels-numeriques\/wp-content\/uploads\/sites\/133\/2023\/08\/libmanuels8.png 608w, https:\/\/site.ac-martinique.fr\/manuels-numeriques\/wp-content\/uploads\/sites\/133\/2023\/08\/libmanuels8-300x113.png 300w, https:\/\/site.ac-martinique.fr\/manuels-numeriques\/wp-content\/uploads\/sites\/133\/2023\/08\/libmanuels8-150x56.png 150w, https:\/\/site.ac-martinique.fr\/manuels-numeriques\/wp-content\/uploads\/sites\/133\/2023\/08\/libmanuels8-250x94.png 250w\" sizes=\"auto, (max-width: 608px) 100vw, 608px\" \/><\/figure>\n<\/div>\n\n\n<hr class=\"wp-block-separator has-alpha-channel-opacity\"\/>\n\n\n\n<p>Le manuel s\u2019ouvre dans l\u2019application. <\/p>\n\n\n<div class=\"wp-block-image\">\n<figure class=\"aligncenter size-large\"><img loading=\"lazy\" decoding=\"async\" width=\"1024\" height=\"531\" src=\"https:\/\/site.ac-martinique.fr\/manuels-numeriques\/wp-content\/uploads\/sites\/133\/2023\/08\/libmanuels9-1024x531.png\" alt=\"\" class=\"wp-image-972\" srcset=\"https:\/\/site.ac-martinique.fr\/manuels-numeriques\/wp-content\/uploads\/sites\/133\/2023\/08\/libmanuels9-1024x531.png 1024w, https:\/\/site.ac-martinique.fr\/manuels-numeriques\/wp-content\/uploads\/sites\/133\/2023\/08\/libmanuels9-300x155.png 300w, https:\/\/site.ac-martinique.fr\/manuels-numeriques\/wp-content\/uploads\/sites\/133\/2023\/08\/libmanuels9-768x398.png 768w, https:\/\/site.ac-martinique.fr\/manuels-numeriques\/wp-content\/uploads\/sites\/133\/2023\/08\/libmanuels9-150x78.png 150w, https:\/\/site.ac-martinique.fr\/manuels-numeriques\/wp-content\/uploads\/sites\/133\/2023\/08\/libmanuels9-250x130.png 250w, https:\/\/site.ac-martinique.fr\/manuels-numeriques\/wp-content\/uploads\/sites\/133\/2023\/08\/libmanuels9.png 1285w\" sizes=\"auto, (max-width: 1024px) 100vw, 1024px\" \/><\/figure>\n<\/div>\n\n\n<hr class=\"wp-block-separator has-alpha-channel-opacity\"\/>\n\n\n\n<p>Cliquer sur \u00ab&nbsp;Accueil LibManuels&nbsp;\u00bb. <\/p>\n\n\n<div class=\"wp-block-image\">\n<figure class=\"aligncenter size-full\"><img loading=\"lazy\" decoding=\"async\" width=\"591\" height=\"272\" src=\"https:\/\/site.ac-martinique.fr\/manuels-numeriques\/wp-content\/uploads\/sites\/133\/2023\/08\/libmanuels10.png\" alt=\"\" class=\"wp-image-973\" srcset=\"https:\/\/site.ac-martinique.fr\/manuels-numeriques\/wp-content\/uploads\/sites\/133\/2023\/08\/libmanuels10.png 591w, https:\/\/site.ac-martinique.fr\/manuels-numeriques\/wp-content\/uploads\/sites\/133\/2023\/08\/libmanuels10-300x138.png 300w, https:\/\/site.ac-martinique.fr\/manuels-numeriques\/wp-content\/uploads\/sites\/133\/2023\/08\/libmanuels10-150x69.png 150w, https:\/\/site.ac-martinique.fr\/manuels-numeriques\/wp-content\/uploads\/sites\/133\/2023\/08\/libmanuels10-250x115.png 250w\" sizes=\"auto, (max-width: 591px) 100vw, 591px\" \/><\/figure>\n<\/div>\n\n\n<p>Votre manuel est visible dans la biblioth\u00e8que. Cliquer sur le pictogramme en forme de fl\u00e8che pour lancer le t\u00e9l\u00e9chargement. Une jauge indique l&rsquo;avancement du t\u00e9l\u00e9chargement du manuel.<\/p>\n\n\n<div class=\"wp-block-image\">\n<figure class=\"aligncenter size-full\"><img loading=\"lazy\" decoding=\"async\" width=\"472\" height=\"431\" src=\"https:\/\/site.ac-martinique.fr\/manuels-numeriques\/wp-content\/uploads\/sites\/133\/2023\/08\/libmanuels11.png\" alt=\"\" class=\"wp-image-978\" srcset=\"https:\/\/site.ac-martinique.fr\/manuels-numeriques\/wp-content\/uploads\/sites\/133\/2023\/08\/libmanuels11.png 472w, https:\/\/site.ac-martinique.fr\/manuels-numeriques\/wp-content\/uploads\/sites\/133\/2023\/08\/libmanuels11-300x274.png 300w, https:\/\/site.ac-martinique.fr\/manuels-numeriques\/wp-content\/uploads\/sites\/133\/2023\/08\/libmanuels11-150x137.png 150w, https:\/\/site.ac-martinique.fr\/manuels-numeriques\/wp-content\/uploads\/sites\/133\/2023\/08\/libmanuels11-164x150.png 164w\" sizes=\"auto, (max-width: 472px) 100vw, 472px\" \/><\/figure>\n<\/div>\n\n\n<p>La jauge est pleine, votre manuel est t\u00e9l\u00e9charg\u00e9 sur votre ordinateur et est d\u00e9sormais accessible depuis l\u2019application sans connexion internet.<\/p>\n\n\n\n<div class=\"wp-block-uagb-separator uagb-block-3e262b51\"><div class=\"wp-block-uagb-separator__inner\" style=\"--my-background-image:\"><\/div><\/div>\n","protected":false},"excerpt":{"rendered":"<p>Le manuel est ouvert dans votre navigateur avec LibManuels. Avant d&rsquo;aller plus loin ! Si vous avez d\u00e9j\u00e0 t\u00e9l\u00e9charg\u00e9 et install\u00e9 l&rsquo;application sur votre ordinateur, passez \u00e0 l&rsquo;\u00e9tape 6 directement. Etape 4 : T\u00e9l\u00e9charger l\u2019application Cliquer sur le pictogramme \u00ab&nbsp;T\u00e9l\u00e9charger l\u2019application&nbsp;\u00bb. Le t\u00e9l\u00e9chargement se lance. Etape 5 : Installer l\u2019application&#8230; <a class=\"continue-reading-link\" href=\"https:\/\/site.ac-martinique.fr\/manuels-numeriques\/je-telecharge-mon-manuel-numerique-avec-lapplication-lib-manuel\/\"> Continue reading <span class=\"meta-nav\">&rarr; <\/span><\/a><\/p>\n","protected":false},"author":79,"featured_media":0,"parent":0,"menu_order":0,"comment_status":"closed","ping_status":"closed","template":"","meta":{"_uag_custom_page_level_css":"","_themeisle_gutenberg_block_has_review":false,"footnotes":""},"class_list":["post-315","page","type-page","status-publish","hentry"],"uagb_featured_image_src":{"full":false,"thumbnail":false,"medium":false,"medium_large":false,"large":false,"1536x1536":false,"2048x2048":false,"post-thumbnail":false,"header":false,"slider":false,"custom":false},"uagb_author_info":{"display_name":"Alexandre BAVARIN","author_link":"https:\/\/site.ac-martinique.fr\/manuels-numeriques\/author\/webgm\/"},"uagb_comment_info":0,"uagb_excerpt":"Le manuel est ouvert dans votre navigateur avec LibManuels. Avant d&rsquo;aller plus loin ! Si vous avez d\u00e9j\u00e0 t\u00e9l\u00e9charg\u00e9 et install\u00e9 l&rsquo;application sur votre ordinateur, passez \u00e0 l&rsquo;\u00e9tape 6 directement. Etape 4 : T\u00e9l\u00e9charger l\u2019application Cliquer sur le pictogramme \u00ab&nbsp;T\u00e9l\u00e9charger l\u2019application&nbsp;\u00bb. Le t\u00e9l\u00e9chargement se lance. Etape 5 : Installer l\u2019application... Continue reading &rarr;","_links":{"self":[{"href":"https:\/\/site.ac-martinique.fr\/manuels-numeriques\/wp-json\/wp\/v2\/pages\/315","targetHints":{"allow":["GET"]}}],"collection":[{"href":"https:\/\/site.ac-martinique.fr\/manuels-numeriques\/wp-json\/wp\/v2\/pages"}],"about":[{"href":"https:\/\/site.ac-martinique.fr\/manuels-numeriques\/wp-json\/wp\/v2\/types\/page"}],"author":[{"embeddable":true,"href":"https:\/\/site.ac-martinique.fr\/manuels-numeriques\/wp-json\/wp\/v2\/users\/79"}],"replies":[{"embeddable":true,"href":"https:\/\/site.ac-martinique.fr\/manuels-numeriques\/wp-json\/wp\/v2\/comments?post=315"}],"version-history":[{"count":29,"href":"https:\/\/site.ac-martinique.fr\/manuels-numeriques\/wp-json\/wp\/v2\/pages\/315\/revisions"}],"predecessor-version":[{"id":1305,"href":"https:\/\/site.ac-martinique.fr\/manuels-numeriques\/wp-json\/wp\/v2\/pages\/315\/revisions\/1305"}],"wp:attachment":[{"href":"https:\/\/site.ac-martinique.fr\/manuels-numeriques\/wp-json\/wp\/v2\/media?parent=315"}],"curies":[{"name":"wp","href":"https:\/\/api.w.org\/{rel}","templated":true}]}}