{"id":317,"date":"2023-07-19T09:37:30","date_gmt":"2023-07-19T13:37:30","guid":{"rendered":"https:\/\/site.ac-martinique.fr\/manuels-numeriques\/?page_id=317"},"modified":"2023-09-06T06:43:18","modified_gmt":"2023-09-06T10:43:18","slug":"je-telecharge-mon-manuel-numerique-avec-lapplication-flex-manuel","status":"publish","type":"page","link":"https:\/\/site.ac-martinique.fr\/manuels-numeriques\/je-telecharge-mon-manuel-numerique-avec-lapplication-flex-manuel\/","title":{"rendered":"Je t\u00e9l\u00e9charge mon manuel num\u00e9rique avec \u00ab\u00a0Flex Manuel\u00a0\u00bb."},"content":{"rendered":"\n<p><em>Le manuel est ouvert dans votre navigateur avec l\u2019application Flex Manuel.<\/em><\/p>\n\n\n<div class=\"wp-block-image\">\n<figure class=\"aligncenter size-full\"><img loading=\"lazy\" decoding=\"async\" width=\"1006\" height=\"470\" src=\"https:\/\/site.ac-martinique.fr\/manuels-numeriques\/wp-content\/uploads\/sites\/133\/2023\/08\/Flexmanuel0.png\" alt=\"\" class=\"wp-image-848\" srcset=\"https:\/\/site.ac-martinique.fr\/manuels-numeriques\/wp-content\/uploads\/sites\/133\/2023\/08\/Flexmanuel0.png 1006w, https:\/\/site.ac-martinique.fr\/manuels-numeriques\/wp-content\/uploads\/sites\/133\/2023\/08\/Flexmanuel0-300x140.png 300w, https:\/\/site.ac-martinique.fr\/manuels-numeriques\/wp-content\/uploads\/sites\/133\/2023\/08\/Flexmanuel0-768x359.png 768w, https:\/\/site.ac-martinique.fr\/manuels-numeriques\/wp-content\/uploads\/sites\/133\/2023\/08\/Flexmanuel0-150x70.png 150w, https:\/\/site.ac-martinique.fr\/manuels-numeriques\/wp-content\/uploads\/sites\/133\/2023\/08\/Flexmanuel0-250x117.png 250w\" sizes=\"auto, (max-width: 1006px) 100vw, 1006px\" \/><\/figure>\n<\/div>\n\n\n<div class=\"wp-block-uagb-separator uagb-block-29fe0c56\"><div class=\"wp-block-uagb-separator__inner\" style=\"--my-background-image:\"><\/div><\/div>\n\n\n\n<div class=\"wp-block-group\"><div class=\"wp-block-group__inner-container is-layout-constrained wp-block-group-is-layout-constrained\">\n<div class=\"wp-block-columns tw-cols-stack-sm is-layout-flex wp-container-core-columns-is-layout-abceabcf wp-block-columns-is-layout-flex\">\n<div class=\"wp-block-column is-layout-flow wp-block-column-is-layout-flow\" style=\"--col-width:20%;flex-basis:20%\">\n<figure class=\"wp-block-image size-large\"><img loading=\"lazy\" decoding=\"async\" width=\"1024\" height=\"683\" src=\"https:\/\/site.ac-martinique.fr\/manuels-numeriques\/wp-content\/uploads\/sites\/133\/2023\/07\/jeune-femme-joyeuse-pose-dans-mur-trou-papier-jaune-dechire-emotionnel-expressif-edited-2-1024x683.jpg\" alt=\"\" class=\"wp-image-510\" srcset=\"https:\/\/site.ac-martinique.fr\/manuels-numeriques\/wp-content\/uploads\/sites\/133\/2023\/07\/jeune-femme-joyeuse-pose-dans-mur-trou-papier-jaune-dechire-emotionnel-expressif-edited-2-1024x683.jpg 1024w, https:\/\/site.ac-martinique.fr\/manuels-numeriques\/wp-content\/uploads\/sites\/133\/2023\/07\/jeune-femme-joyeuse-pose-dans-mur-trou-papier-jaune-dechire-emotionnel-expressif-edited-2-300x200.jpg 300w, https:\/\/site.ac-martinique.fr\/manuels-numeriques\/wp-content\/uploads\/sites\/133\/2023\/07\/jeune-femme-joyeuse-pose-dans-mur-trou-papier-jaune-dechire-emotionnel-expressif-edited-2-768x512.jpg 768w, https:\/\/site.ac-martinique.fr\/manuels-numeriques\/wp-content\/uploads\/sites\/133\/2023\/07\/jeune-femme-joyeuse-pose-dans-mur-trou-papier-jaune-dechire-emotionnel-expressif-edited-2-1536x1024.jpg 1536w, https:\/\/site.ac-martinique.fr\/manuels-numeriques\/wp-content\/uploads\/sites\/133\/2023\/07\/jeune-femme-joyeuse-pose-dans-mur-trou-papier-jaune-dechire-emotionnel-expressif-edited-2-2048x1365.jpg 2048w, https:\/\/site.ac-martinique.fr\/manuels-numeriques\/wp-content\/uploads\/sites\/133\/2023\/07\/jeune-femme-joyeuse-pose-dans-mur-trou-papier-jaune-dechire-emotionnel-expressif-edited-2-150x100.jpg 150w, https:\/\/site.ac-martinique.fr\/manuels-numeriques\/wp-content\/uploads\/sites\/133\/2023\/07\/jeune-femme-joyeuse-pose-dans-mur-trou-papier-jaune-dechire-emotionnel-expressif-edited-2-225x150.jpg 225w\" sizes=\"auto, (max-width: 1024px) 100vw, 1024px\" \/><\/figure>\n<\/div>\n\n\n\n<div class=\"wp-block-column is-layout-flow wp-block-column-is-layout-flow\" style=\"--col-width:80%;flex-basis:80%\">\n<h3 class=\"wp-block-heading\">Avant d&rsquo;aller plus loin !<\/h3>\n\n\n\n<p class=\"tw-mb-0\">Si vous avez d\u00e9j\u00e0 t\u00e9l\u00e9charg\u00e9 et install\u00e9 l&rsquo;application sur votre ordinateur, ouvrez celle-ci en sur cliquant sur \u00ab&nbsp;Ouvrir via l&rsquo;appli&nbsp;\u00bb. Puis passez \u00e0 <a href=\"#etape6\">l&rsquo;\u00e9tape 6<\/a> directement.<\/p>\n<\/div>\n<\/div>\n<\/div><\/div>\n\n\n\n<div class=\"wp-block-uagb-separator uagb-block-4aa71381\"><div class=\"wp-block-uagb-separator__inner\" style=\"--my-background-image:\"><\/div><\/div>\n\n\n\n<h4 class=\"wp-block-heading has-vivid-cyan-blue-color has-text-color\">Etape 4 : T\u00e9l\u00e9charger l\u2019application<\/h4>\n\n\n\n<p>Cliquer sur le pictogramme \u00ab\u00a0Ouvrir via l&rsquo;appli\u00a0\u00bb. <\/p>\n\n\n<div class=\"wp-block-image\">\n<figure class=\"aligncenter size-full\"><img loading=\"lazy\" decoding=\"async\" width=\"529\" height=\"295\" src=\"https:\/\/site.ac-martinique.fr\/manuels-numeriques\/wp-content\/uploads\/sites\/133\/2023\/08\/flexmanuel2.png\" alt=\"\" class=\"wp-image-1024\" srcset=\"https:\/\/site.ac-martinique.fr\/manuels-numeriques\/wp-content\/uploads\/sites\/133\/2023\/08\/flexmanuel2.png 529w, https:\/\/site.ac-martinique.fr\/manuels-numeriques\/wp-content\/uploads\/sites\/133\/2023\/08\/flexmanuel2-300x167.png 300w, https:\/\/site.ac-martinique.fr\/manuels-numeriques\/wp-content\/uploads\/sites\/133\/2023\/08\/flexmanuel2-150x84.png 150w, https:\/\/site.ac-martinique.fr\/manuels-numeriques\/wp-content\/uploads\/sites\/133\/2023\/08\/flexmanuel2-250x139.png 250w\" sizes=\"auto, (max-width: 529px) 100vw, 529px\" \/><\/figure>\n<\/div>\n\n\n<hr class=\"wp-block-separator has-alpha-channel-opacity\"\/>\n\n\n\n<p>Une fen\u00eatre s&rsquo;ouvre au milieu de votre \u00e9cran. Cliquer sur l&rsquo;onglet \u00ab\u00a0T\u00e9l\u00e9charger l&rsquo;application Flex Manuel\u00a0\u00bb.<\/p>\n\n\n<div class=\"wp-block-image\">\n<figure class=\"aligncenter size-full\"><img loading=\"lazy\" decoding=\"async\" width=\"585\" height=\"347\" src=\"https:\/\/site.ac-martinique.fr\/manuels-numeriques\/wp-content\/uploads\/sites\/133\/2023\/08\/flexmanuel3.png\" alt=\"\" class=\"wp-image-1025\" srcset=\"https:\/\/site.ac-martinique.fr\/manuels-numeriques\/wp-content\/uploads\/sites\/133\/2023\/08\/flexmanuel3.png 585w, https:\/\/site.ac-martinique.fr\/manuels-numeriques\/wp-content\/uploads\/sites\/133\/2023\/08\/flexmanuel3-300x178.png 300w, https:\/\/site.ac-martinique.fr\/manuels-numeriques\/wp-content\/uploads\/sites\/133\/2023\/08\/flexmanuel3-150x89.png 150w, https:\/\/site.ac-martinique.fr\/manuels-numeriques\/wp-content\/uploads\/sites\/133\/2023\/08\/flexmanuel3-250x148.png 250w\" sizes=\"auto, (max-width: 585px) 100vw, 585px\" \/><\/figure>\n<\/div>\n\n\n<hr class=\"wp-block-separator has-alpha-channel-opacity\"\/>\n\n\n\n<p>Le t\u00e9l\u00e9chargement se lance.<\/p>\n\n\n<div class=\"wp-block-image\">\n<figure class=\"aligncenter size-large\"><img loading=\"lazy\" decoding=\"async\" width=\"1024\" height=\"497\" src=\"https:\/\/site.ac-martinique.fr\/manuels-numeriques\/wp-content\/uploads\/sites\/133\/2023\/08\/flexmanuel4-1024x497.png\" alt=\"\" class=\"wp-image-1026\" srcset=\"https:\/\/site.ac-martinique.fr\/manuels-numeriques\/wp-content\/uploads\/sites\/133\/2023\/08\/flexmanuel4-1024x497.png 1024w, https:\/\/site.ac-martinique.fr\/manuels-numeriques\/wp-content\/uploads\/sites\/133\/2023\/08\/flexmanuel4-300x146.png 300w, https:\/\/site.ac-martinique.fr\/manuels-numeriques\/wp-content\/uploads\/sites\/133\/2023\/08\/flexmanuel4-768x373.png 768w, https:\/\/site.ac-martinique.fr\/manuels-numeriques\/wp-content\/uploads\/sites\/133\/2023\/08\/flexmanuel4-150x73.png 150w, https:\/\/site.ac-martinique.fr\/manuels-numeriques\/wp-content\/uploads\/sites\/133\/2023\/08\/flexmanuel4-250x121.png 250w, https:\/\/site.ac-martinique.fr\/manuels-numeriques\/wp-content\/uploads\/sites\/133\/2023\/08\/flexmanuel4.png 1300w\" sizes=\"auto, (max-width: 1024px) 100vw, 1024px\" \/><\/figure>\n<\/div>\n\n\n<div class=\"wp-block-uagb-separator uagb-block-8d234c87\"><div class=\"wp-block-uagb-separator__inner\" style=\"--my-background-image:\"><\/div><\/div>\n\n\n\n<h4 class=\"wp-block-heading has-vivid-cyan-blue-color has-text-color\">Etape 5 : Installer l\u2019application<\/h4>\n\n\n\n<p>Le fichier \u00e9tant t\u00e9l\u00e9charg\u00e9, il faut l\u2019ex\u00e9cuter pour installer l\u2019application sur votre ordinateur. Cliquer 2 fois sur l\u2019onglet de l\u2019application en bas \u00e0 gauche (navigateur Chrome). <\/p>\n\n\n<div class=\"wp-block-image\">\n<figure class=\"aligncenter size-full\"><img loading=\"lazy\" decoding=\"async\" width=\"433\" height=\"104\" src=\"https:\/\/site.ac-martinique.fr\/manuels-numeriques\/wp-content\/uploads\/sites\/133\/2023\/08\/flexmanuel5.png\" alt=\"\" class=\"wp-image-1027\" srcset=\"https:\/\/site.ac-martinique.fr\/manuels-numeriques\/wp-content\/uploads\/sites\/133\/2023\/08\/flexmanuel5.png 433w, https:\/\/site.ac-martinique.fr\/manuels-numeriques\/wp-content\/uploads\/sites\/133\/2023\/08\/flexmanuel5-300x72.png 300w, https:\/\/site.ac-martinique.fr\/manuels-numeriques\/wp-content\/uploads\/sites\/133\/2023\/08\/flexmanuel5-150x36.png 150w, https:\/\/site.ac-martinique.fr\/manuels-numeriques\/wp-content\/uploads\/sites\/133\/2023\/08\/flexmanuel5-250x60.png 250w\" sizes=\"auto, (max-width: 433px) 100vw, 433px\" \/><\/figure>\n<\/div>\n\n\n<p>L&rsquo;application s&rsquo;installe automatiquement. Une fois l&rsquo;installation termin\u00e9e, l&rsquo;application se lance automatiquement.<\/p>\n\n\n\n<div class=\"wp-block-uagb-separator uagb-block-57264868\"><div class=\"wp-block-uagb-separator__inner\" style=\"--my-background-image:\"><\/div><\/div>\n\n\n\n<h4 class=\"wp-block-heading has-vivid-cyan-blue-color has-text-color\" id=\"etape6\">Etape 6 : T\u00e9l\u00e9charger le manuel<\/h4>\n\n\n\n<p>Le manuel est disponible dans la biblioth\u00e8que de l&rsquo;application. Cliquer sur le pictogramme \u00ab\u00a0Biblioth\u00e8que\u00a0\u00bb.<\/p>\n\n\n<div class=\"wp-block-image\">\n<figure class=\"aligncenter size-full\"><img loading=\"lazy\" decoding=\"async\" width=\"841\" height=\"224\" src=\"https:\/\/site.ac-martinique.fr\/manuels-numeriques\/wp-content\/uploads\/sites\/133\/2023\/08\/flexmanuel7.png\" alt=\"\" class=\"wp-image-1031\" srcset=\"https:\/\/site.ac-martinique.fr\/manuels-numeriques\/wp-content\/uploads\/sites\/133\/2023\/08\/flexmanuel7.png 841w, https:\/\/site.ac-martinique.fr\/manuels-numeriques\/wp-content\/uploads\/sites\/133\/2023\/08\/flexmanuel7-300x80.png 300w, https:\/\/site.ac-martinique.fr\/manuels-numeriques\/wp-content\/uploads\/sites\/133\/2023\/08\/flexmanuel7-768x205.png 768w, https:\/\/site.ac-martinique.fr\/manuels-numeriques\/wp-content\/uploads\/sites\/133\/2023\/08\/flexmanuel7-150x40.png 150w, https:\/\/site.ac-martinique.fr\/manuels-numeriques\/wp-content\/uploads\/sites\/133\/2023\/08\/flexmanuel7-250x67.png 250w\" sizes=\"auto, (max-width: 841px) 100vw, 841px\" \/><\/figure>\n<\/div>\n\n\n<hr class=\"wp-block-separator has-alpha-channel-opacity\"\/>\n\n\n\n<p>Cliquer sur \u00ab\u00a0t\u00e9l\u00e9charger\u00a0\u00bb au niveau du manuel.<\/p>\n\n\n<div class=\"wp-block-image\">\n<figure class=\"aligncenter size-full\"><img loading=\"lazy\" decoding=\"async\" width=\"393\" height=\"493\" src=\"https:\/\/site.ac-martinique.fr\/manuels-numeriques\/wp-content\/uploads\/sites\/133\/2023\/08\/flexmanuel8.png\" alt=\"\" class=\"wp-image-1032\" srcset=\"https:\/\/site.ac-martinique.fr\/manuels-numeriques\/wp-content\/uploads\/sites\/133\/2023\/08\/flexmanuel8.png 393w, https:\/\/site.ac-martinique.fr\/manuels-numeriques\/wp-content\/uploads\/sites\/133\/2023\/08\/flexmanuel8-239x300.png 239w, https:\/\/site.ac-martinique.fr\/manuels-numeriques\/wp-content\/uploads\/sites\/133\/2023\/08\/flexmanuel8-120x150.png 120w\" sizes=\"auto, (max-width: 393px) 100vw, 393px\" \/><\/figure>\n<\/div>\n\n\n<hr class=\"wp-block-separator has-alpha-channel-opacity\"\/>\n\n\n\n<p>Le t\u00e9l\u00e9chargement se lance. <\/p>\n\n\n<div class=\"wp-block-image\">\n<figure class=\"aligncenter size-full\"><img loading=\"lazy\" decoding=\"async\" width=\"387\" height=\"481\" src=\"https:\/\/site.ac-martinique.fr\/manuels-numeriques\/wp-content\/uploads\/sites\/133\/2023\/08\/flexmanuel9.png\" alt=\"\" class=\"wp-image-1033\" srcset=\"https:\/\/site.ac-martinique.fr\/manuels-numeriques\/wp-content\/uploads\/sites\/133\/2023\/08\/flexmanuel9.png 387w, https:\/\/site.ac-martinique.fr\/manuels-numeriques\/wp-content\/uploads\/sites\/133\/2023\/08\/flexmanuel9-241x300.png 241w, https:\/\/site.ac-martinique.fr\/manuels-numeriques\/wp-content\/uploads\/sites\/133\/2023\/08\/flexmanuel9-121x150.png 121w\" sizes=\"auto, (max-width: 387px) 100vw, 387px\" \/><\/figure>\n<\/div>\n\n\n<p>Une fois celui-ci termin\u00e9, votre manuel est d\u00e9sormais accessible depuis l\u2019application sans connexion internet.<\/p>\n\n\n\n<div class=\"wp-block-uagb-separator uagb-block-ae65d3d6\"><div class=\"wp-block-uagb-separator__inner\" style=\"--my-background-image:\"><\/div><\/div>\n","protected":false},"excerpt":{"rendered":"<p>Le manuel est ouvert dans votre navigateur avec l\u2019application Flex Manuel. Avant d&rsquo;aller plus loin ! Si vous avez d\u00e9j\u00e0 t\u00e9l\u00e9charg\u00e9 et install\u00e9 l&rsquo;application sur votre ordinateur, ouvrez celle-ci en sur cliquant sur \u00ab&nbsp;Ouvrir via l&rsquo;appli&nbsp;\u00bb. Puis passez \u00e0 l&rsquo;\u00e9tape 6 directement. Etape 4 : T\u00e9l\u00e9charger l\u2019application Cliquer sur le&#8230; <a class=\"continue-reading-link\" href=\"https:\/\/site.ac-martinique.fr\/manuels-numeriques\/je-telecharge-mon-manuel-numerique-avec-lapplication-flex-manuel\/\"> Continue reading <span class=\"meta-nav\">&rarr; <\/span><\/a><\/p>\n","protected":false},"author":79,"featured_media":0,"parent":0,"menu_order":0,"comment_status":"closed","ping_status":"closed","template":"","meta":{"_uag_custom_page_level_css":"","_themeisle_gutenberg_block_has_review":false,"footnotes":""},"class_list":["post-317","page","type-page","status-publish","hentry"],"uagb_featured_image_src":{"full":false,"thumbnail":false,"medium":false,"medium_large":false,"large":false,"1536x1536":false,"2048x2048":false,"post-thumbnail":false,"header":false,"slider":false,"custom":false},"uagb_author_info":{"display_name":"Alexandre BAVARIN","author_link":"https:\/\/site.ac-martinique.fr\/manuels-numeriques\/author\/webgm\/"},"uagb_comment_info":0,"uagb_excerpt":"Le manuel est ouvert dans votre navigateur avec l\u2019application Flex Manuel. Avant d&rsquo;aller plus loin ! Si vous avez d\u00e9j\u00e0 t\u00e9l\u00e9charg\u00e9 et install\u00e9 l&rsquo;application sur votre ordinateur, ouvrez celle-ci en sur cliquant sur \u00ab&nbsp;Ouvrir via l&rsquo;appli&nbsp;\u00bb. Puis passez \u00e0 l&rsquo;\u00e9tape 6 directement. Etape 4 : T\u00e9l\u00e9charger l\u2019application Cliquer sur le... Continue reading &rarr;","_links":{"self":[{"href":"https:\/\/site.ac-martinique.fr\/manuels-numeriques\/wp-json\/wp\/v2\/pages\/317","targetHints":{"allow":["GET"]}}],"collection":[{"href":"https:\/\/site.ac-martinique.fr\/manuels-numeriques\/wp-json\/wp\/v2\/pages"}],"about":[{"href":"https:\/\/site.ac-martinique.fr\/manuels-numeriques\/wp-json\/wp\/v2\/types\/page"}],"author":[{"embeddable":true,"href":"https:\/\/site.ac-martinique.fr\/manuels-numeriques\/wp-json\/wp\/v2\/users\/79"}],"replies":[{"embeddable":true,"href":"https:\/\/site.ac-martinique.fr\/manuels-numeriques\/wp-json\/wp\/v2\/comments?post=317"}],"version-history":[{"count":13,"href":"https:\/\/site.ac-martinique.fr\/manuels-numeriques\/wp-json\/wp\/v2\/pages\/317\/revisions"}],"predecessor-version":[{"id":1306,"href":"https:\/\/site.ac-martinique.fr\/manuels-numeriques\/wp-json\/wp\/v2\/pages\/317\/revisions\/1306"}],"wp:attachment":[{"href":"https:\/\/site.ac-martinique.fr\/manuels-numeriques\/wp-json\/wp\/v2\/media?parent=317"}],"curies":[{"name":"wp","href":"https:\/\/api.w.org\/{rel}","templated":true}]}}