{"id":872,"date":"2016-10-05T11:19:10","date_gmt":"2016-10-05T15:19:10","guid":{"rendered":"\/maths-sciences\/?page_id=872"},"modified":"2021-09-16T11:52:57","modified_gmt":"2021-09-16T15:52:57","slug":"formations-paf","status":"publish","type":"page","link":"https:\/\/site.ac-martinique.fr\/maths-sciences\/?page_id=872","title":{"rendered":"Formations PAF"},"content":{"rendered":"<h1 style=\"text-align: center\"><strong>PAF 2021\/2022<\/strong><\/h1>\n<p>Afin de vous aidez \u00e0 choisir vos formations PAF cette ann\u00e9e, vous trouverez ci-dessous un descriptif de chaque formation propos\u00e9e.<\/p>\n<p>N&rsquo;h\u00e9sitez pas \u00e9galement \u00e0 nous faire part de vos besoins.<\/p>\n<table style=\"border-style: double;width: 100.686%;border-color: #000000;background-color: #f5e4cb\" width=\"100.686%\">\n<caption>\u00a0<\/caption>\n<tbody>\n<tr>\n<td style=\"width: 21.0366%;border-color: #000000\"><strong>Dispositif<\/strong><\/td>\n<td style=\"width: 47.1545%;border-color: #000000\"><strong>Description de l\u2019objectif<\/strong><\/td>\n<\/tr>\n<tr>\n<td style=\"width: 21.0366%;border-color: #000000\"><strong>Usage p\u00e9dagogique du num\u00e9rique<\/strong><\/p>\n<p><strong>\u00c9valuation en CCF des comp\u00e9tences TIC<\/strong><\/p>\n<p><strong>Formation \u00e0 distance<\/strong><\/td>\n<td style=\"width: 47.1545%;border-color: #000000\">Int\u00e9grer les TIC aux pratiques p\u00e9dagogiques. Pr\u00e9sentation et utilisation de certaines fonctionnalit\u00e9s de Colibri et de Pronote<\/p>\n<p>Diff\u00e9rencier les comp\u00e9tences TIC (exig\u00e9es dans PIX) et la comp\u00e9tence \u00ab\u00a0R\u00e9aliser\u00a0\u00bb (simuler, exp\u00e9rimenter).<\/p>\n<p>Uniformiser les pratiques d\u2019\u00e9valuation des comp\u00e9tences TIC en CCF.<\/p>\n<p>Conception \/ am\u00e9lioration de sujets CCF<\/td>\n<\/tr>\n<tr>\n<td style=\"width: 21.0366%;border-color: #000000\"><strong>Outils num\u00e9riques pour la formation \u00e0 distance<\/strong><\/td>\n<td style=\"width: 47.1545%;border-color: #000000\">Appropriation de quelques outils pour l\u2019enseignement \u00e0 distance\u00a0:<\/p>\n<p>GENIALY, PIA, Canoprof, Colibri, Pronote (QCM, \u00e9valuation par comp\u00e9tence\u2026)<\/p>\n<p>Quiziniere, Limesurvey\u2026.<\/p>\n<p>Pr\u00e9senter une diversit\u00e9 d\u2019outils mais en cibler certains \u00e0 approfondir<\/td>\n<\/tr>\n<tr>\n<td style=\"width: 21.0366%;border-color: #000000\"><strong>Algorithmique<\/strong><\/td>\n<td style=\"width: 47.1545%;border-color: #000000\">Mise \u00e0 niveau sur l\u2019algorithmique, la programmation Scratch et Python, sur PC et \u00a0calculatrice<\/td>\n<\/tr>\n<tr>\n<td style=\"width: 21.0366%;border-color: #000000\"><strong>Remise \u00e0 niveau sciences physiques<\/strong><\/p>\n<p><strong>EXAO en Sciences Physiques<\/strong><\/td>\n<td style=\"width: 47.1545%;border-color: #000000\">Maitriser les fonctions \u00e9l\u00e9mentaires des diff\u00e9rents logiciels EXAO ainsi que la calculatrice NSpire. Utilisation des Capteurs<\/td>\n<\/tr>\n<tr>\n<td style=\"width: 21.0366%;border-color: #000000\"><strong>Carte mentale pour gestion de projet<\/strong><\/p>\n<p><strong>Formation \u00e0 distance<\/strong><\/td>\n<td style=\"width: 47.1545%;border-color: #000000\">Carte heuristique (Mindview) : cr\u00e9ation de cartes heuristiques (Pr\u00e9parer la mise en place de Chef d\u2019Oeuvre\u2026)<\/td>\n<\/tr>\n<tr>\n<td style=\"width: 21.0366%;border-color: #000000\"><strong>Accompagnement dans l\u2019\u00e9valuation par comp\u00e9tences<\/strong><\/td>\n<td style=\"width: 47.1545%;border-color: #000000\">Utiliser Pronote pour l\u2019\u00e9valuation par comp\u00e9tences et notamment pour passer de l\u2019\u00e9valuation des comp\u00e9tences non chiffr\u00e9e \u00e0 l\u2019\u00e9valuation chiffr\u00e9e.<\/td>\n<\/tr>\n<tr>\n<td style=\"width: 21.0366%;border-color: #000000\"><strong>Formation \u00ab\u00a0DYS\u00a0\u00bb\u00a0:<\/strong><\/p>\n<p><strong>Outils d\u2019apprentissage<\/strong><\/p>\n<p><strong> (nouveaut\u00e9)<\/strong><\/td>\n<td style=\"width: 47.1545%;border-color: #000000\">Gestion en classe d\u2019un \u00e9l\u00e8ve DYS<\/p>\n<p>Comment adapter des documents pour des \u00e9l\u00e8ves DYS.<\/p>\n<p>Lecture et utilisation des PAP, PAI. Pr\u00e9sentation de logiciels DYS<\/td>\n<\/tr>\n<tr>\n<td style=\"width: 21.0366%;border-color: #000000\"><strong>Formation des contractuels<\/strong><\/td>\n<td style=\"width: 47.1545%;border-color: #000000\">Pr\u00e9paration aux concours CAPLP et CAPES<\/td>\n<\/tr>\n<tr>\n<td style=\"width: 21.0366%;border-color: #000000\"><strong>NOUVEAUT\u00c9\u00a0<\/strong><\/td>\n<td style=\"width: 47.1545%;border-color: #000000\">\u00c9change de pratiques en co-intervention et chef d\u2019\u0153uvre<\/td>\n<\/tr>\n<\/tbody>\n<\/table>\n","protected":false},"excerpt":{"rendered":"<p>PAF 2021\/2022 Afin de vous aidez \u00e0 choisir vos formations PAF cette ann\u00e9e, vous trouverez ci-dessous un descriptif de chaque formation propos\u00e9e. N&rsquo;h\u00e9sitez pas \u00e9galement \u00e0 nous faire part de vos besoins. \u00a0 Dispositif Description de l\u2019objectif Usage p\u00e9dagogique du num\u00e9rique \u00c9valuation en CCF des comp\u00e9tences TIC Formation \u00e0 distance Int\u00e9grer les TIC aux pratiques &hellip; <a href=\"https:\/\/site.ac-martinique.fr\/maths-sciences\/?page_id=872\" class=\"more-link\">Continuer la lecture de <span class=\"screen-reader-text\">Formations PAF<\/span> <span class=\"meta-nav\">&rarr;<\/span><\/a><\/p>\n","protected":false},"author":75,"featured_media":0,"parent":0,"menu_order":5,"comment_status":"closed","ping_status":"closed","template":"","meta":{"footnotes":""},"class_list":["post-872","page","type-page","status-publish","hentry"],"_links":{"self":[{"href":"https:\/\/site.ac-martinique.fr\/maths-sciences\/index.php?rest_route=\/wp\/v2\/pages\/872","targetHints":{"allow":["GET"]}}],"collection":[{"href":"https:\/\/site.ac-martinique.fr\/maths-sciences\/index.php?rest_route=\/wp\/v2\/pages"}],"about":[{"href":"https:\/\/site.ac-martinique.fr\/maths-sciences\/index.php?rest_route=\/wp\/v2\/types\/page"}],"author":[{"embeddable":true,"href":"https:\/\/site.ac-martinique.fr\/maths-sciences\/index.php?rest_route=\/wp\/v2\/users\/75"}],"replies":[{"embeddable":true,"href":"https:\/\/site.ac-martinique.fr\/maths-sciences\/index.php?rest_route=%2Fwp%2Fv2%2Fcomments&post=872"}],"version-history":[{"count":12,"href":"https:\/\/site.ac-martinique.fr\/maths-sciences\/index.php?rest_route=\/wp\/v2\/pages\/872\/revisions"}],"predecessor-version":[{"id":1690,"href":"https:\/\/site.ac-martinique.fr\/maths-sciences\/index.php?rest_route=\/wp\/v2\/pages\/872\/revisions\/1690"}],"wp:attachment":[{"href":"https:\/\/site.ac-martinique.fr\/maths-sciences\/index.php?rest_route=%2Fwp%2Fv2%2Fmedia&parent=872"}],"curies":[{"name":"wp","href":"https:\/\/api.w.org\/{rel}","templated":true}]}}