{"id":139,"date":"2021-12-03T10:28:47","date_gmt":"2021-12-03T14:28:47","guid":{"rendered":"https:\/\/site.ac-martinique.fr\/mdl\/?page_id=139"},"modified":"2022-10-06T15:40:42","modified_gmt":"2022-10-06T19:40:42","slug":"lequipe-de-la-mission","status":"publish","type":"page","link":"https:\/\/site.ac-martinique.fr\/mdl\/?page_id=139","title":{"rendered":"L&rsquo;\u00e9quipe de la mission"},"content":{"rendered":"\n<p><strong>Inspectrices de l&rsquo;Education nationale<\/strong>: <\/p>\n\n\n\n<p>Monique ALFRED, monique.alfred@martinique.fr<\/p>\n\n\n\n<p>C\u00e9line GUILMOIS , celine.guilmois@martinique.fr<\/p>\n\n\n\n<p><strong>Conseillers p\u00e9dagogiques d\u00e9partementaux : <\/strong>    <\/p>\n\n\n\n<p>Pascal OPTALY, pascal.optaly@ac-martinique.fr,<\/p>\n\n\n\n<p>Cathy GEORGELIN, cathy.georgelin@ac-martinique.fr<\/p>\n\n\n\n<p><\/p>\n","protected":false},"excerpt":{"rendered":"<p>Inspectrices de l&rsquo;Education nationale: Monique ALFRED, monique.alfred@martinique.fr C\u00e9line GUILMOIS , celine.guilmois@martinique.fr Conseillers p\u00e9dagogiques d\u00e9partementaux : Pascal OPTALY, pascal.optaly@ac-martinique.fr, Cathy GEORGELIN, cathy.georgelin@ac-martinique.fr<\/p>\n","protected":false},"author":244,"featured_media":0,"parent":0,"menu_order":0,"comment_status":"closed","ping_status":"closed","template":"","meta":{"footnotes":""},"class_list":["post-139","page","type-page","status-publish","hentry"],"_links":{"self":[{"href":"https:\/\/site.ac-martinique.fr\/mdl\/index.php?rest_route=\/wp\/v2\/pages\/139","targetHints":{"allow":["GET"]}}],"collection":[{"href":"https:\/\/site.ac-martinique.fr\/mdl\/index.php?rest_route=\/wp\/v2\/pages"}],"about":[{"href":"https:\/\/site.ac-martinique.fr\/mdl\/index.php?rest_route=\/wp\/v2\/types\/page"}],"author":[{"embeddable":true,"href":"https:\/\/site.ac-martinique.fr\/mdl\/index.php?rest_route=\/wp\/v2\/users\/244"}],"replies":[{"embeddable":true,"href":"https:\/\/site.ac-martinique.fr\/mdl\/index.php?rest_route=%2Fwp%2Fv2%2Fcomments&post=139"}],"version-history":[{"count":5,"href":"https:\/\/site.ac-martinique.fr\/mdl\/index.php?rest_route=\/wp\/v2\/pages\/139\/revisions"}],"predecessor-version":[{"id":290,"href":"https:\/\/site.ac-martinique.fr\/mdl\/index.php?rest_route=\/wp\/v2\/pages\/139\/revisions\/290"}],"wp:attachment":[{"href":"https:\/\/site.ac-martinique.fr\/mdl\/index.php?rest_route=%2Fwp%2Fv2%2Fmedia&parent=139"}],"curies":[{"name":"wp","href":"https:\/\/api.w.org\/{rel}","templated":true}]}}