{"id":190,"date":"2022-01-09T19:41:48","date_gmt":"2022-01-09T23:41:48","guid":{"rendered":"https:\/\/site.ac-martinique.fr\/mdl\/?page_id=190"},"modified":"2022-01-09T19:46:49","modified_gmt":"2022-01-09T23:46:49","slug":"dis-moi-dix-mots","status":"publish","type":"page","link":"https:\/\/site.ac-martinique.fr\/mdl\/?page_id=190","title":{"rendered":"Dis-moi dix mots"},"content":{"rendered":"\n<p><strong>Concours de cr\u00e9ation litt\u00e9raire<br>Edition 2021-2022<\/strong><\/p>\n\n\n\n<p>Apr\u00e8s un an et demi d\u2019une pand\u00e9mie qui a \u00e9branl\u00e9 les liens humains, le plaisir de se retrouver reprend ses droits, tout comme la joie de se laisser surprendre par la vie.<\/p>\n\n\n\n<p>C\u2019est donc au plaisir et \u00e0 la surprise que nous vous convions \u00e0 travers \u00ab&nbsp;Dix moi dix mots qui (d) \u00e9tonnent&nbsp;!&nbsp;\u00bb, mot d\u2019ordre choisi pour mettre un \u00e9poustouflant d\u00e9sordre dans notre amour de la langue fran\u00e7aise.<\/p>\n\n\n\n<p>La capacit\u00e9 des mots \u00e0 cr\u00e9er de l\u2019\u00e9tonnement, voire \u00e0 nous m\u00e9duser &#8211; par leur sonorit\u00e9, leur orthographe, leur caract\u00e8re saugrenu ou myst\u00e9rieux &#8211; est ici mise en valeur. On s\u2019amuse \u00e0 les prononcer, on s\u2019essaie \u00e0 les \u00e9crire, on est curieux de conna\u00eetre ou d\u2019approfondir leur sens, leur \u00e9tymologie&nbsp;: joue \u00e0 plein ici le plaisir de la d\u00e9couverte.<\/p>\n\n\n\n<p>Il y a aussi parmi ces mots ceux dont la signification illustre les manifestations physiques ou psychologiques de l\u2019\u00e9tonnement, que celui-ci soit joyeux ou inquiet, qu\u2019il \u00e9claire ou d\u00e9soriente. Bonne ou mauvaise, la surprise marque nos vies de mille mani\u00e8res.<\/p>\n\n\n\n<p>Enfin, que l\u2019on \u00e9tonne ou que l\u2019on d\u00e9tonne en soci\u00e9t\u00e9, on exprime une \u00e9motion ou une volont\u00e9 singuli\u00e8re, on marque une diff\u00e9rence parfois ignorante des convenances. Place \u00e0 l\u2019individualit\u00e9, mais non \u00e0 l\u2019individualisme car la langue vit dans le partage.<\/p>\n\n\n\n<p>Laissez-vous surprendre par la langue fran\u00e7aise, vous ne serez pas d\u00e9\u00e7us&nbsp;!<\/p>\n\n\n\n<p><strong>\u00ab&nbsp;Dis-moi, dix mots&nbsp;\u00bb C\u2019est quoi&nbsp;?<\/strong><br>C\u2019est un concours de cr\u00e9ation litt\u00e9raire et artistique.<br>Ce concours invite les classes de l\u2019\u00e9l\u00e9mentaire et du secondaire \u00e0 r\u00e9aliser une production collective.<br>Cette action promeut la diversit\u00e9 des pratiques de l\u2019\u00e9criture ainsi que les expressions graphiques.<br><a href=\"http:\/\/langue76.spip.ac-rouen.fr\/%5bhttp:\/www.dismoidixmots.culture.fr\/presentation-%3E\">[http:\/\/www.dismoidixmots.culture.f&#8230;<\/a>]<br>Les dix mots sont choisis, chaque ann\u00e9e, par les diff\u00e9rents partenaires francophones&nbsp;: la France, la Belgique, le Qu\u00e9bec, la Suisse, l\u2019Organisation internationale de la francophonie qui regroupe 77 \u00c9tats et gouvernements dans le monde.<\/p>\n\n\n\n<p><strong>\u00ab&nbsp;Dis-moi, dix mots&nbsp;\u00bb Pour<\/strong><br>\u2022 Travailler sur le lexique<br>\u2022 Lib\u00e9rer l\u2019imaginaire pour s\u2019exprimer sur tous les modes&nbsp;: dire, \u00e9crire, repr\u00e9senter, jouer, chanter, d\u00e9couvrir\u2026<br>\u2022 D\u00e9velopper une d\u00e9marche transversale et co-disciplinaire favorisant la d\u00e9couverte culturelle et artistique associant les productions litt\u00e9raires et plastiques<br>\u2022 Permettre aux \u00e9l\u00e8ves de participer \u00e0 une \u0153uvre collective<br>\u2022 Apprendre aux \u00e9l\u00e8ves \u00e0 travailler ensemble dans un esprit citoyen<br>\u2022 Favoriser le d\u00e9ploiement des usages num\u00e9riques dans les classes<br>\u2022 Encourager la participation des \u00e9l\u00e8ves dans leur diversit\u00e9, notamment quand ils utilisent le fran\u00e7ais comme langue seconde<\/p>\n\n\n\n<p><strong>\u00ab&nbsp;Dis-moi, dix mots&nbsp;\u00bb \u00e7a se passe comment&nbsp;?<\/strong><br>Cette \u00e9dition 2021-2022 met \u00e0 l\u2019honneur \u00ab&nbsp;\u00ab\u00a0Dis-moi dix mots qui (d) \u00e9tonnent&nbsp;!\u00a0\u00bb&nbsp;\u00bb<br>Les \u00e9l\u00e8ves sont invit\u00e9s \u00e0 jouer et \u00e0 s\u2019exprimer autour de dix mots choisis par les partenaires francophones&nbsp;:<br>\u2022 d\u00e9cal\u00e9<br>\u2022 \u00e9baubi<br>\u2022 m\u00e9dus\u00e9<br>\u2022 saperlipopette<br>\u2022 farcer<br>\u2022 ka\u00ef<br>\u2022 divulg\u00e2cher<br>\u2022 tintamarre<br>\u2022 \u00e9poustouflant<br>\u2022 pince-moi<\/p>\n\n\n\n<p>Prenez plaisir \u00e0 d\u00e9couvrir la puissance des formes de l\u2019\u00e9crit et laissez libre cours \u00e0 votre cr\u00e9ativit\u00e9&nbsp;: calligraphie ou croquis, enluminure ou graffiti, r\u00e9bus, peinture ou encore bande dessin\u00e9e\u2026<\/p>\n\n\n\n<p>Le livret (en pi\u00e8ce-jointe) rassemble 9 nouvelles in\u00e9dites accompagn\u00e9e d\u2019illustrations de l\u2019artiste qu\u00e9b\u00e9cois Luc Melanson, ainsi qu\u2019un carnet de jeux inspir\u00e9s des dix mots de l\u2019ann\u00e9e.<\/p>\n\n\n\n<p><strong>\u00ab&nbsp;Dis-moi, dix mots&nbsp;\u00bb on s\u2019inscrit comment&nbsp;?<\/strong><br>2 possibilit\u00e9s&nbsp;:<\/p>\n\n\n\n<p>\u00a7&nbsp;<strong>Participation au projet institutionnel<\/strong><\/p>\n\n\n\n<p>Cliquer sur le lien&nbsp;:&nbsp;<a href=\"https:\/\/eduscol.education.fr\/1912\/dis-moi-dix-mots-concours-des-dix-mots\" target=\"_blank\" rel=\"noreferrer noopener\">https:\/\/eduscol.education.fr\/1912\/d&#8230;<\/a><br>Jusqu\u2019au&nbsp;<strong>21 janvier 2022&nbsp;<\/strong>&nbsp;: inscription en ligne et envoi des productions<br>Vendredi&nbsp;<strong>25 f\u00e9vrier 2022<\/strong>&nbsp;: publication du palmar\u00e8s sur Eduscol<br>Valorisation des productions lors de la&nbsp;<strong>semaine de la langue fran\u00e7aise et de la Francophonie du 12 au 22 mars 2022<\/strong><\/p>\n\n\n\n<p>Voir en ligne :&nbsp;<a href=\"https:\/\/eduscol.education.fr\/1912\/dis-moi-dix-mots-concours-des-dix-mots\" target=\"_blank\" rel=\"noreferrer noopener\">Dis-moi dix mots sur Eduscol<\/a><\/p>\n","protected":false},"excerpt":{"rendered":"<p>Concours de cr\u00e9ation litt\u00e9raireEdition 2021-2022 Apr\u00e8s un an et demi d\u2019une pand\u00e9mie qui a \u00e9branl\u00e9 les liens humains, le plaisir de se retrouver reprend ses droits, tout comme la joie de se laisser surprendre par la vie. C\u2019est donc au &hellip; <a href=\"https:\/\/site.ac-martinique.fr\/mdl\/?page_id=190\">Continuer la lecture <span class=\"meta-nav\">&rarr;<\/span><\/a><\/p>\n","protected":false},"author":244,"featured_media":0,"parent":0,"menu_order":0,"comment_status":"closed","ping_status":"closed","template":"","meta":{"footnotes":""},"class_list":["post-190","page","type-page","status-publish","hentry"],"_links":{"self":[{"href":"https:\/\/site.ac-martinique.fr\/mdl\/index.php?rest_route=\/wp\/v2\/pages\/190","targetHints":{"allow":["GET"]}}],"collection":[{"href":"https:\/\/site.ac-martinique.fr\/mdl\/index.php?rest_route=\/wp\/v2\/pages"}],"about":[{"href":"https:\/\/site.ac-martinique.fr\/mdl\/index.php?rest_route=\/wp\/v2\/types\/page"}],"author":[{"embeddable":true,"href":"https:\/\/site.ac-martinique.fr\/mdl\/index.php?rest_route=\/wp\/v2\/users\/244"}],"replies":[{"embeddable":true,"href":"https:\/\/site.ac-martinique.fr\/mdl\/index.php?rest_route=%2Fwp%2Fv2%2Fcomments&post=190"}],"version-history":[{"count":2,"href":"https:\/\/site.ac-martinique.fr\/mdl\/index.php?rest_route=\/wp\/v2\/pages\/190\/revisions"}],"predecessor-version":[{"id":207,"href":"https:\/\/site.ac-martinique.fr\/mdl\/index.php?rest_route=\/wp\/v2\/pages\/190\/revisions\/207"}],"wp:attachment":[{"href":"https:\/\/site.ac-martinique.fr\/mdl\/index.php?rest_route=%2Fwp%2Fv2%2Fmedia&parent=190"}],"curies":[{"name":"wp","href":"https:\/\/api.w.org\/{rel}","templated":true}]}}