{"id":529,"date":"2023-06-28T21:21:17","date_gmt":"2023-06-29T01:21:17","guid":{"rendered":"https:\/\/site.ac-martinique.fr\/mdl\/?page_id=529"},"modified":"2023-06-28T21:28:07","modified_gmt":"2023-06-29T01:28:07","slug":"analyse-de-manuels","status":"publish","type":"page","link":"https:\/\/site.ac-martinique.fr\/mdl\/?page_id=529","title":{"rendered":"Analyse de manuels"},"content":{"rendered":"\n<p>Dans cette rubrique, les \u00e9quipes enseignantes pourront retrouver des \u00e9l\u00e9ments d&rsquo;analyse propos\u00e9s par la mission maitrise pour le choix du manuel de lecture  au cycle 2 et 3<\/p>\n\n\n\n<p><strong>Analyse de manuels de lecture  au cycle 2:<\/strong><\/p>\n\n\n\n<div data-wp-interactive=\"core\/file\" class=\"wp-block-file\"><object data-wp-bind--hidden=\"!state.hasPdfPreview\" hidden class=\"wp-block-file__embed\" data=\"https:\/\/site.ac-martinique.fr\/mdl\/wp-content\/uploads\/sites\/95\/2023\/06\/MDL-analyse-de-manuels-au-C2.pdf\" type=\"application\/pdf\" style=\"width:100%;height:600px\" aria-label=\"Contenu embarqu\u00e9 MDL-analyse-de-manuels-au-C2.\"><\/object><a id=\"wp-block-file--media-5c4ed551-3beb-4e49-a5ac-02aba8c310c5\" href=\"https:\/\/site.ac-martinique.fr\/mdl\/wp-content\/uploads\/sites\/95\/2023\/06\/MDL-analyse-de-manuels-au-C2.pdf\">MDL-analyse-de-manuels-au-C2<\/a><a href=\"https:\/\/site.ac-martinique.fr\/mdl\/wp-content\/uploads\/sites\/95\/2023\/06\/MDL-analyse-de-manuels-au-C2.pdf\" class=\"wp-block-file__button wp-element-button\" download aria-describedby=\"wp-block-file--media-5c4ed551-3beb-4e49-a5ac-02aba8c310c5\">T\u00e9l\u00e9charger<\/a><\/div>\n\n\n\n<ul class=\"wp-block-list\">\n<li>Analyse de manuels de lecture au cycle 3 : <\/li>\n<\/ul>\n\n\n\n<div data-wp-interactive=\"core\/file\" class=\"wp-block-file\"><object data-wp-bind--hidden=\"!state.hasPdfPreview\" hidden class=\"wp-block-file__embed\" data=\"https:\/\/site.ac-martinique.fr\/mdl\/wp-content\/uploads\/sites\/95\/2023\/06\/MDL-analyse-de-manuels-au-C3.pdf\" type=\"application\/pdf\" style=\"width:100%;height:600px\" aria-label=\"Contenu embarqu\u00e9 MDL-analyse-de-manuels-au-C3.\"><\/object><a id=\"wp-block-file--media-07c40f3c-1be7-4ddb-a86e-948f645aa75d\" href=\"https:\/\/site.ac-martinique.fr\/mdl\/wp-content\/uploads\/sites\/95\/2023\/06\/MDL-analyse-de-manuels-au-C3.pdf\">MDL-analyse-de-manuels-au-C3<\/a><a href=\"https:\/\/site.ac-martinique.fr\/mdl\/wp-content\/uploads\/sites\/95\/2023\/06\/MDL-analyse-de-manuels-au-C3.pdf\" class=\"wp-block-file__button wp-element-button\" download aria-describedby=\"wp-block-file--media-07c40f3c-1be7-4ddb-a86e-948f645aa75d\">T\u00e9l\u00e9charger<\/a><\/div>\n","protected":false},"excerpt":{"rendered":"<p>Dans cette rubrique, les \u00e9quipes enseignantes pourront retrouver des \u00e9l\u00e9ments d&rsquo;analyse propos\u00e9s par la mission maitrise pour le choix du manuel de lecture au cycle 2 et 3 Analyse de manuels de lecture au cycle 2:<\/p>\n","protected":false},"author":243,"featured_media":0,"parent":0,"menu_order":0,"comment_status":"closed","ping_status":"closed","template":"","meta":{"footnotes":""},"class_list":["post-529","page","type-page","status-publish","hentry"],"_links":{"self":[{"href":"https:\/\/site.ac-martinique.fr\/mdl\/index.php?rest_route=\/wp\/v2\/pages\/529","targetHints":{"allow":["GET"]}}],"collection":[{"href":"https:\/\/site.ac-martinique.fr\/mdl\/index.php?rest_route=\/wp\/v2\/pages"}],"about":[{"href":"https:\/\/site.ac-martinique.fr\/mdl\/index.php?rest_route=\/wp\/v2\/types\/page"}],"author":[{"embeddable":true,"href":"https:\/\/site.ac-martinique.fr\/mdl\/index.php?rest_route=\/wp\/v2\/users\/243"}],"replies":[{"embeddable":true,"href":"https:\/\/site.ac-martinique.fr\/mdl\/index.php?rest_route=%2Fwp%2Fv2%2Fcomments&post=529"}],"version-history":[{"count":3,"href":"https:\/\/site.ac-martinique.fr\/mdl\/index.php?rest_route=\/wp\/v2\/pages\/529\/revisions"}],"predecessor-version":[{"id":536,"href":"https:\/\/site.ac-martinique.fr\/mdl\/index.php?rest_route=\/wp\/v2\/pages\/529\/revisions\/536"}],"wp:attachment":[{"href":"https:\/\/site.ac-martinique.fr\/mdl\/index.php?rest_route=%2Fwp%2Fv2%2Fmedia&parent=529"}],"curies":[{"name":"wp","href":"https:\/\/api.w.org\/{rel}","templated":true}]}}