{"id":481,"date":"2016-09-19T13:59:38","date_gmt":"2016-09-19T17:29:38","guid":{"rendered":"\/missionmaitrisedelalangue\/?page_id=481"},"modified":"2016-11-16T16:24:25","modified_gmt":"2016-11-16T19:54:25","slug":"projet-academique-2012-2013-lettres-a-aime","status":"publish","type":"page","link":"https:\/\/site.ac-martinique.fr\/missionmaitrisedelalangue\/?page_id=481","title":{"rendered":"Projet acad\u00e9mique 2012 -2013 : lettres \u00e0 Aim\u00e9"},"content":{"rendered":"<h5><span style=\"text-decoration: underline\"><span style=\"color: #993300;text-decoration: underline\">RECUEIL DES PRODUCTIONS DES ELEVES DE L&rsquo;ACADEMIE<\/span><\/span><\/h5>\n<p><a href=\"\/missionmaitrisedelalangue\/wp-content\/uploads\/sites\/32\/2013\/06\/couverture1.pdf\" target=\"_blank\"><img loading=\"lazy\" decoding=\"async\" class=\"alignnone wp-image-632\" src=\"\/missionmaitrisedelalangue\/wp-content\/uploads\/sites\/32\/2016\/11\/CapturelettreAime-300x197.jpg\" alt=\"capturelettreaime\" width=\"358\" height=\"240\" \/><\/a><\/p>\n<p>&nbsp;<\/p>\n","protected":false},"excerpt":{"rendered":"<p>RECUEIL DES PRODUCTIONS DES ELEVES DE L&rsquo;ACADEMIE &nbsp;<\/p>\n","protected":false},"author":90,"featured_media":0,"parent":454,"menu_order":4,"comment_status":"closed","ping_status":"closed","template":"","meta":{"footnotes":""},"class_list":["post-481","page","type-page","status-publish","hentry"],"_links":{"self":[{"href":"https:\/\/site.ac-martinique.fr\/missionmaitrisedelalangue\/index.php?rest_route=\/wp\/v2\/pages\/481","targetHints":{"allow":["GET"]}}],"collection":[{"href":"https:\/\/site.ac-martinique.fr\/missionmaitrisedelalangue\/index.php?rest_route=\/wp\/v2\/pages"}],"about":[{"href":"https:\/\/site.ac-martinique.fr\/missionmaitrisedelalangue\/index.php?rest_route=\/wp\/v2\/types\/page"}],"author":[{"embeddable":true,"href":"https:\/\/site.ac-martinique.fr\/missionmaitrisedelalangue\/index.php?rest_route=\/wp\/v2\/users\/90"}],"replies":[{"embeddable":true,"href":"https:\/\/site.ac-martinique.fr\/missionmaitrisedelalangue\/index.php?rest_route=%2Fwp%2Fv2%2Fcomments&post=481"}],"version-history":[{"count":8,"href":"https:\/\/site.ac-martinique.fr\/missionmaitrisedelalangue\/index.php?rest_route=\/wp\/v2\/pages\/481\/revisions"}],"predecessor-version":[{"id":675,"href":"https:\/\/site.ac-martinique.fr\/missionmaitrisedelalangue\/index.php?rest_route=\/wp\/v2\/pages\/481\/revisions\/675"}],"up":[{"embeddable":true,"href":"https:\/\/site.ac-martinique.fr\/missionmaitrisedelalangue\/index.php?rest_route=\/wp\/v2\/pages\/454"}],"wp:attachment":[{"href":"https:\/\/site.ac-martinique.fr\/missionmaitrisedelalangue\/index.php?rest_route=%2Fwp%2Fv2%2Fmedia&parent=481"}],"curies":[{"name":"wp","href":"https:\/\/api.w.org\/{rel}","templated":true}]}}