{"id":130,"date":"2024-01-12T10:57:47","date_gmt":"2024-01-12T14:57:47","guid":{"rendered":"https:\/\/site.ac-martinique.fr\/missionnumerique1d\/?page_id=130"},"modified":"2024-04-12T10:43:40","modified_gmt":"2024-04-12T14:43:40","slug":"droit-a-limage","status":"publish","type":"page","link":"https:\/\/site.ac-martinique.fr\/missionnumerique1d\/?page_id=130","title":{"rendered":"Droit \u00e0 l&rsquo;image"},"content":{"rendered":"\n<p><br>La prise et la diffusion de photographies d\u2019\u00e9l\u00e8ves pose r\u00e9guli\u00e8rement les probl\u00e8mes de l\u2019exposition des donn\u00e9es personnelles et de la garantie du droit \u00e0 l\u2019image des \u00e9l\u00e8ves.<\/p>\n\n\n\n<p>La prise d\u2019image de l\u2019\u00e9l\u00e8ve et son utilisation n\u00e9cessitent une autorisation pr\u00e9alable de l\u2019\u00e9l\u00e8ve majeur, ou des parents de l\u2019\u00e9l\u00e8ve mineur, d\u00e8s lors qu\u2019il est possible d\u2019identifier l\u2019\u00e9l\u00e8ve sur l\u2019image.&nbsp;L\u2019autorisation doit \u00eatre \u00ab\u00a0pr\u00e9alable, expresse et sp\u00e9ciale\u00a0\u00bb, c\u2019est-\u00e0-dire pr\u00e9ciser, pour chaque photo, ou s\u00e9rie de photos si elles sont toutes prises \u00e0 la m\u00eame occasion&nbsp;:<\/p>\n\n\n\n<ul class=\"wp-block-list\">\n<li>la nature de la photo (lieu, date de prise de vue)&nbsp;;<\/li>\n\n\n\n<li>l\u2019utilisation pr\u00e9vue (diffusion sur le site web, etc.)&nbsp;;<\/li>\n\n\n\n<li>la dur\u00e9e d\u2019utilisation ou de mise en ligne.<\/li>\n<\/ul>\n\n\n\n<p>Pour en savoir plus: <a href=\"https:\/\/www.ac-paris.fr\/droit-a-l-image-a-l-ecole-au-college-et-au-lycee-124541\">Droit \u00e0 l\u2019image \u00e0 l&rsquo;\u00e9cole, au coll\u00e8ge et au lyc\u00e9e | Acad\u00e9mie de Paris (ac-paris.fr)<\/a><\/p>\n\n\n\n<p><\/p>\n\n\n\n<h2 class=\"wp-block-heading\">M\u00e9mo \u00ab\u00a0le droit \u00e0 l&rsquo;image en milieu scolaire\u00a0\u00bb<\/h2>\n\n\n\n<div data-wp-interactive=\"core\/file\" class=\"wp-block-file\"><object data-wp-bind--hidden=\"!state.hasPdfPreview\" hidden class=\"wp-block-file__embed\" data=\"https:\/\/site.ac-martinique.fr\/missionnumerique1d\/wp-content\/uploads\/sites\/109\/2024\/01\/qaUpNitioE5DLRf8PEYixoabY9XANr5lwKNGpWZj42qrrMDrXL.pdf\" type=\"application\/pdf\" style=\"width:100%;height:600px\" aria-label=\"Contenu embarqu\u00e9 qaUpNitioE5DLRf8PEYixoabY9XANr5lwKNGpWZj42qrrMDrXL.\"><\/object><a id=\"wp-block-file--media-0d1387de-4874-47d1-9a32-ec82a50d4b8a\" href=\"https:\/\/site.ac-martinique.fr\/missionnumerique1d\/wp-content\/uploads\/sites\/109\/2024\/01\/qaUpNitioE5DLRf8PEYixoabY9XANr5lwKNGpWZj42qrrMDrXL.pdf\">qaUpNitioE5DLRf8PEYixoabY9XANr5lwKNGpWZj42qrrMDrXL<\/a><a href=\"https:\/\/site.ac-martinique.fr\/missionnumerique1d\/wp-content\/uploads\/sites\/109\/2024\/01\/qaUpNitioE5DLRf8PEYixoabY9XANr5lwKNGpWZj42qrrMDrXL.pdf\" class=\"wp-block-file__button wp-element-button\" download aria-describedby=\"wp-block-file--media-0d1387de-4874-47d1-9a32-ec82a50d4b8a\">T\u00e9l\u00e9charger<\/a><\/div>\n\n\n\n<div class=\"wp-block-group\"><div class=\"wp-block-group__inner-container is-layout-constrained wp-block-group-is-layout-constrained\">\n<h1 class=\"wp-block-heading\">Mod\u00e8le d\u2019autorisation d\u2019enregistrement image\/voix<\/h1>\n\n\n\n<p>Vous trouverez ci-dessous un mod\u00e8le d&rsquo;autorisation propos\u00e9 par le minist\u00e8re de l&rsquo;Education Nationale<\/p>\n<\/div><\/div>\n\n\n\n<figure class=\"wp-block-image size-full\"><a href=\"https:\/\/eduscol.education.fr\/document\/5326\/download\" target=\"_blank\" rel=\"noreferrer noopener\"><img loading=\"lazy\" decoding=\"async\" width=\"1000\" height=\"721\" src=\"https:\/\/site.ac-martinique.fr\/missionnumerique1d\/wp-content\/uploads\/sites\/109\/2024\/02\/Capture-decran-2024-02-06-a-14.41.08.png\" alt=\"\" class=\"wp-image-446\" srcset=\"https:\/\/site.ac-martinique.fr\/missionnumerique1d\/wp-content\/uploads\/sites\/109\/2024\/02\/Capture-decran-2024-02-06-a-14.41.08.png 1000w, https:\/\/site.ac-martinique.fr\/missionnumerique1d\/wp-content\/uploads\/sites\/109\/2024\/02\/Capture-decran-2024-02-06-a-14.41.08-300x216.png 300w, https:\/\/site.ac-martinique.fr\/missionnumerique1d\/wp-content\/uploads\/sites\/109\/2024\/02\/Capture-decran-2024-02-06-a-14.41.08-768x554.png 768w\" sizes=\"auto, (max-width: 767px) 89vw, (max-width: 1000px) 54vw, (max-width: 1071px) 543px, 580px\" \/><\/a><\/figure>\n\n\n\n<h2 class=\"wp-block-heading\">Pour aller plus loin:<\/h2>\n\n\n\n<ul class=\"wp-block-list\">\n<li>Vid\u00e9o lumni \u00e0 exploiter avec les \u00e9l\u00e8ves <a href=\"https:\/\/www.lumni.fr\/video\/c-est-quoi-le-droit-a-l-image#at_medium=1&amp;at_platform=3&amp;at_offre=8&amp;at_campaign=DSA_All_Educ&amp;at_adgroup=DSA_Tout_le_site&amp;at_adgroupid=1141293790213988&amp;at_adid=71330958912270&amp;at_term=lumni.fr\">C&rsquo;est quoi le droit \u00e0 l&rsquo;image ? &#8211; 1 jour, 1 question | Lumni<\/a><\/li>\n<\/ul>\n","protected":false},"excerpt":{"rendered":"<p>La prise et la diffusion de photographies d\u2019\u00e9l\u00e8ves pose r\u00e9guli\u00e8rement les probl\u00e8mes de l\u2019exposition des donn\u00e9es personnelles et de la &hellip; <\/p>\n<p class=\"link-more\"><a href=\"https:\/\/site.ac-martinique.fr\/missionnumerique1d\/?page_id=130\" class=\"more-link\">Lire la suite&#8230;<span class=\"screen-reader-text\"> \u00ab\u00a0Droit \u00e0 l&rsquo;image\u00a0\u00bb<\/span><\/a><\/p>\n","protected":false},"author":272,"featured_media":0,"parent":0,"menu_order":0,"comment_status":"closed","ping_status":"closed","template":"","meta":{"footnotes":""},"class_list":["post-130","page","type-page","status-publish","hentry"],"_links":{"self":[{"href":"https:\/\/site.ac-martinique.fr\/missionnumerique1d\/index.php?rest_route=\/wp\/v2\/pages\/130","targetHints":{"allow":["GET"]}}],"collection":[{"href":"https:\/\/site.ac-martinique.fr\/missionnumerique1d\/index.php?rest_route=\/wp\/v2\/pages"}],"about":[{"href":"https:\/\/site.ac-martinique.fr\/missionnumerique1d\/index.php?rest_route=\/wp\/v2\/types\/page"}],"author":[{"embeddable":true,"href":"https:\/\/site.ac-martinique.fr\/missionnumerique1d\/index.php?rest_route=\/wp\/v2\/users\/272"}],"replies":[{"embeddable":true,"href":"https:\/\/site.ac-martinique.fr\/missionnumerique1d\/index.php?rest_route=%2Fwp%2Fv2%2Fcomments&post=130"}],"version-history":[{"count":6,"href":"https:\/\/site.ac-martinique.fr\/missionnumerique1d\/index.php?rest_route=\/wp\/v2\/pages\/130\/revisions"}],"predecessor-version":[{"id":637,"href":"https:\/\/site.ac-martinique.fr\/missionnumerique1d\/index.php?rest_route=\/wp\/v2\/pages\/130\/revisions\/637"}],"wp:attachment":[{"href":"https:\/\/site.ac-martinique.fr\/missionnumerique1d\/index.php?rest_route=%2Fwp%2Fv2%2Fmedia&parent=130"}],"curies":[{"name":"wp","href":"https:\/\/api.w.org\/{rel}","templated":true}]}}

Droit à l&rsquo;image

<p><br>La prise et la diffusion de photographies d’élèves pose régulièrement les problèmes de l’exposition des données personnelles et de la garantie du droit à l’image des élèves.</p>



<p>La prise d’image de l’élève et son utilisation nécessitent une autorisation préalable de l’élève majeur, ou des parents de l’élève mineur, dès lors qu’il est possible d’identifier l’élève sur l’image.&nbsp;L’autorisation doit être « préalable, expresse et spéciale », c’est-à-dire préciser, pour chaque photo, ou série de photos si elles sont toutes prises à la même occasion&nbsp;:</p>



<ul class="wp-block-list">
<li>la nature de la photo (lieu, date de prise de vue)&nbsp;;</li>



<li>l’utilisation prévue (diffusion sur le site web, etc.)&nbsp;;</li>



<li>la durée d’utilisation ou de mise en ligne.</li>
</ul>



<p>Pour en savoir plus: <a href="https://www.ac-paris.fr/droit-a-l-image-a-l-ecole-au-college-et-au-lycee-124541">Droit à l’image à l&rsquo;école, au collège et au lycée | Académie de Paris (ac-paris.fr)</a></p>



<p></p>



<h2 class="wp-block-heading">Mémo « le droit à l&rsquo;image en milieu scolaire »</h2>



<div data-wp-interactive="core/file" class="wp-block-file"><object data-wp-bind--hidden="!state.hasPdfPreview" hidden class="wp-block-file__embed" data="https://site.ac-martinique.fr/missionnumerique1d/wp-content/uploads/sites/109/2024/01/qaUpNitioE5DLRf8PEYixoabY9XANr5lwKNGpWZj42qrrMDrXL.pdf" type="application/pdf" style="width:100%;height:600px" aria-label="Contenu embarqué qaUpNitioE5DLRf8PEYixoabY9XANr5lwKNGpWZj42qrrMDrXL."></object><a id="wp-block-file--media-0d1387de-4874-47d1-9a32-ec82a50d4b8a" href="https://site.ac-martinique.fr/missionnumerique1d/wp-content/uploads/sites/109/2024/01/qaUpNitioE5DLRf8PEYixoabY9XANr5lwKNGpWZj42qrrMDrXL.pdf">qaUpNitioE5DLRf8PEYixoabY9XANr5lwKNGpWZj42qrrMDrXL</a><a href="https://site.ac-martinique.fr/missionnumerique1d/wp-content/uploads/sites/109/2024/01/qaUpNitioE5DLRf8PEYixoabY9XANr5lwKNGpWZj42qrrMDrXL.pdf" class="wp-block-file__button wp-element-button" download aria-describedby="wp-block-file--media-0d1387de-4874-47d1-9a32-ec82a50d4b8a">Télécharger</a></div>



<div class="wp-block-group"><div class="wp-block-group__inner-container is-layout-constrained wp-block-group-is-layout-constrained">
<h1 class="wp-block-heading">Modèle d’autorisation d’enregistrement image/voix</h1>



<p>Vous trouverez ci-dessous un modèle d&rsquo;autorisation proposé par le ministère de l&rsquo;Education Nationale</p>
</div></div>



<figure class="wp-block-image size-full"><a href="https://eduscol.education.fr/document/5326/download" target="_blank" rel="noreferrer noopener"><img loading="lazy" decoding="async" width="1000" height="721" src="https://site.ac-martinique.fr/missionnumerique1d/wp-content/uploads/sites/109/2024/02/Capture-decran-2024-02-06-a-14.41.08.png" alt="" class="wp-image-446" srcset="https://site.ac-martinique.fr/missionnumerique1d/wp-content/uploads/sites/109/2024/02/Capture-decran-2024-02-06-a-14.41.08.png 1000w, https://site.ac-martinique.fr/missionnumerique1d/wp-content/uploads/sites/109/2024/02/Capture-decran-2024-02-06-a-14.41.08-300x216.png 300w, https://site.ac-martinique.fr/missionnumerique1d/wp-content/uploads/sites/109/2024/02/Capture-decran-2024-02-06-a-14.41.08-768x554.png 768w" sizes="auto, (max-width: 767px) 89vw, (max-width: 1000px) 54vw, (max-width: 1071px) 543px, 580px" /></a></figure>



<h2 class="wp-block-heading">Pour aller plus loin:</h2>



<ul class="wp-block-list">
<li>Vidéo lumni à exploiter avec les élèves <a href="https://www.lumni.fr/video/c-est-quoi-le-droit-a-l-image#at_medium=1&amp;at_platform=3&amp;at_offre=8&amp;at_campaign=DSA_All_Educ&amp;at_adgroup=DSA_Tout_le_site&amp;at_adgroupid=1141293790213988&amp;at_adid=71330958912270&amp;at_term=lumni.fr">C&rsquo;est quoi le droit à l&rsquo;image ? &#8211; 1 jour, 1 question | Lumni</a></li>
</ul>

<p>La prise et la diffusion de photographies d’élèves pose régulièrement les problèmes de l’exposition des données personnelles et de la &hellip; </p>
<p class="link-more"><a href="https://site.ac-martinique.fr/missionnumerique1d/?page_id=130" class="more-link">Lire la suite&#8230;<span class="screen-reader-text"> « Droit à l&rsquo;image »</span></a></p>
