{"id":132,"date":"2024-01-12T10:57:47","date_gmt":"2024-01-12T14:57:47","guid":{"rendered":"https:\/\/site.ac-martinique.fr\/missionnumerique1d\/?page_id=132"},"modified":"2024-05-16T16:10:57","modified_gmt":"2024-05-16T20:10:57","slug":"droit-dauteur","status":"publish","type":"page","link":"https:\/\/site.ac-martinique.fr\/missionnumerique1d\/?page_id=132","title":{"rendered":"Droit d&rsquo;auteur"},"content":{"rendered":"<ul class=\"wp-block-latest-posts__list is-grid columns-3 is-style-tw-posts-card wp-block-latest-posts\"><li><a class=\"wp-block-latest-posts__post-title\" href=\"https:\/\/site.ac-martinique.fr\/missionnumerique1d\/?p=1425\">Comment utiliser des \u0153uvres dans un cadre p\u00e9dagogique ?<\/a><div class=\"wp-block-latest-posts__post-excerpt\">Le&nbsp;Centre fran\u00e7ais d&rsquo;exploitation du droit de copie&nbsp;(CFC) est l&rsquo;organisme qui g\u00e8re collectivement, pour le compte des auteurs et des \u00e9diteurs, &hellip; <p class=\"link-more\"><a href=\"https:\/\/site.ac-martinique.fr\/missionnumerique1d\/?p=1425\" class=\"more-link\">Lire la suite&#8230;<span class=\"screen-reader-text\"> \u00ab\u00a0Comment utiliser des \u0153uvres dans un cadre p\u00e9dagogique ?\u00a0\u00bb<\/span><\/a><\/p><\/div><\/li>\n<li><a class=\"wp-block-latest-posts__post-title\" href=\"https:\/\/site.ac-martinique.fr\/missionnumerique1d\/?p=1227\">Les fiches de l\u2019Hadopi<\/a><div class=\"wp-block-latest-posts__post-excerpt\">Dans le cadre de sa mission de sensibilisation au droit d\u2019auteur, la Haute autorit\u00e9 pour la diffusion des \u0153uvres et &hellip; <p class=\"link-more\"><a href=\"https:\/\/site.ac-martinique.fr\/missionnumerique1d\/?p=1227\" class=\"more-link\">Lire la suite&#8230;<span class=\"screen-reader-text\"> \u00ab\u00a0Les fiches de l\u2019Hadopi\u00a0\u00bb<\/span><\/a><\/p><\/div><\/li>\n<\/ul>","protected":false},"excerpt":{"rendered":"","protected":false},"author":272,"featured_media":0,"parent":0,"menu_order":0,"comment_status":"closed","ping_status":"closed","template":"","meta":{"footnotes":""},"class_list":["post-132","page","type-page","status-publish","hentry"],"_links":{"self":[{"href":"https:\/\/site.ac-martinique.fr\/missionnumerique1d\/index.php?rest_route=\/wp\/v2\/pages\/132","targetHints":{"allow":["GET"]}}],"collection":[{"href":"https:\/\/site.ac-martinique.fr\/missionnumerique1d\/index.php?rest_route=\/wp\/v2\/pages"}],"about":[{"href":"https:\/\/site.ac-martinique.fr\/missionnumerique1d\/index.php?rest_route=\/wp\/v2\/types\/page"}],"author":[{"embeddable":true,"href":"https:\/\/site.ac-martinique.fr\/missionnumerique1d\/index.php?rest_route=\/wp\/v2\/users\/272"}],"replies":[{"embeddable":true,"href":"https:\/\/site.ac-martinique.fr\/missionnumerique1d\/index.php?rest_route=%2Fwp%2Fv2%2Fcomments&post=132"}],"version-history":[{"count":11,"href":"https:\/\/site.ac-martinique.fr\/missionnumerique1d\/index.php?rest_route=\/wp\/v2\/pages\/132\/revisions"}],"predecessor-version":[{"id":1427,"href":"https:\/\/site.ac-martinique.fr\/missionnumerique1d\/index.php?rest_route=\/wp\/v2\/pages\/132\/revisions\/1427"}],"wp:attachment":[{"href":"https:\/\/site.ac-martinique.fr\/missionnumerique1d\/index.php?rest_route=%2Fwp%2Fv2%2Fmedia&parent=132"}],"curies":[{"name":"wp","href":"https:\/\/api.w.org\/{rel}","templated":true}]}}