{"id":1197,"date":"2020-09-10T17:06:59","date_gmt":"2020-09-10T20:06:59","guid":{"rendered":"https:\/\/site.ac-martinique.fr\/philosophie\/?page_id=1197"},"modified":"2021-04-02T12:30:39","modified_gmt":"2021-04-02T15:30:39","slug":"levaluation","status":"publish","type":"page","link":"https:\/\/site.ac-martinique.fr\/philosophie\/?page_id=1197","title":{"rendered":"L&#8217;\u00e9valuation"},"content":{"rendered":"<div class=\"text \">\n<div class=\"header\">\n<div class=\"logo\"><\/div>\n<h1 class=\"title\">Du choix du sujet \u00e0 sa correction<\/h1>\n<\/div>\n<div class=\"body clear\">\n<div class=\"text \">\n<h3 class=\"spip\">Fiches de synth\u00e8se sur l\u2019\u00e9valuation en philosophie<\/h3>\n<ul class=\"spip\">\n<li><strong><a class=\"spip_out\" href=\"http:\/\/philosophie.dis.ac-guyane.fr\/IMG\/pdf\/stage-evaluation-fichesupport.pdf\" rel=\"external\">Fiche de synth\u00e8se &#8211; L\u2019\u00e9valuation\u00a0: du choix du sujet \u00e0 sa correction<\/a><\/strong><\/li>\n<li><strong><a class=\"spip_out\" href=\"http:\/\/philosophie.dis.ac-guyane.fr\/IMG\/pdf\/stage-evaluation-annexes.pdf\" rel=\"external\">Annexes<\/a><\/strong><\/li>\n<\/ul>\n<h3 class=\"spip\">Pr\u00e9sentation<\/h3>\n<p>Initi\u00e9 en 2013 par M.\u00a0NESME, IPR de Philosophie, le groupe ressources de l\u2019acad\u00e9mie de Lyon a travaill\u00e9 pendant l\u2019ann\u00e9e 2014-2015 sur la question de l\u2019\u00e9valuation, afin de proposer une journ\u00e9e de formation sur ce th\u00e8me.<\/p>\n<p>L\u2019objectif principal \u00e9tait de r\u00e9fl\u00e9chir aux pratiques que nous pouvons mettre en place pour \u00e9valuer de mani\u00e8re v\u00e9ritablement formative et efficace. Dans quelle mesure l\u2019\u00e9l\u00e8ve peut-il devenir actif dans le processus m\u00eame de l\u2019\u00e9valuation de ses copies\u00a0? Comment cette \u00e9valuation peut-elle participer des progr\u00e8s de l\u2019\u00e9l\u00e8ve\u00a0? Quels exercices peut-on mettre en oeuvre pour que l\u2019\u00e9l\u00e8ve se saisisse ou s\u2019approprie notre travail de correcteur\u00a0? Quels types d\u2019annotations peuvent \u201cd\u00e9dramatiser\u201d la note et recentrer son attention sur les consignes port\u00e9es en marge de sa r\u00e9daction\u00a0? Comment faire du rendu des devoirs, non pas le terme du travail de l\u2019\u00e9l\u00e8ve sur le sujet qu\u2019il avait trait\u00e9, mais l\u2019occasion de le poursuivre\u00a0?<\/p>\n<p>Les fiches qui forment le support de ce travail sont disponibles ci-dessous. Nous avons essay\u00e9 de faire un \u00e9tat des lieux des pratiques, sans vouloir jamais imposer une mani\u00e8re de faire. Certaines de ces pratiques sont tr\u00e8s classiques, d\u2019autres sont plus \u201cinnovantes\u201d, nous n\u2019avons pas souhait\u00e9 les distinguer\u00a0: le public de ces journ\u00e9es de formation \u00e9tait aussi compos\u00e9 de professeurs stagiaires, et il nous a tout de m\u00eame sembl\u00e9 utile de formaliser les pratiques les plus courantes. Nous savons d\u2019autre part que les situations d\u2019enseignement sont tr\u00e8s diverses selon les s\u00e9ries, les \u00e9tablissements et que certaines pistes propos\u00e9es ne conviennent pas pour certaines classes\u00a0: libre \u00e0 chacun de faire le tri et de choisir d\u2019int\u00e9grer dans son cours l\u2019une ou l\u2019autre de ces propositions.<\/p>\n<\/div>\n<\/div>\n<\/div>\n","protected":false},"excerpt":{"rendered":"<p>Du choix du sujet \u00e0 sa correction Fiches de synth\u00e8se sur l\u2019\u00e9valuation en philosophie Fiche de synth\u00e8se &#8211; L\u2019\u00e9valuation\u00a0: du choix du sujet \u00e0 sa correction Annexes Pr\u00e9sentation Initi\u00e9 en 2013 par M.\u00a0NESME, IPR de Philosophie, le groupe ressources de &hellip; <a href=\"https:\/\/site.ac-martinique.fr\/philosophie\/?page_id=1197\">Continuer la lecture <span class=\"meta-nav\">&rarr;<\/span><\/a><\/p>\n","protected":false},"author":76,"featured_media":0,"parent":1187,"menu_order":6,"comment_status":"closed","ping_status":"closed","template":"","meta":{"footnotes":""},"class_list":["post-1197","page","type-page","status-publish","hentry"],"_links":{"self":[{"href":"https:\/\/site.ac-martinique.fr\/philosophie\/index.php?rest_route=\/wp\/v2\/pages\/1197","targetHints":{"allow":["GET"]}}],"collection":[{"href":"https:\/\/site.ac-martinique.fr\/philosophie\/index.php?rest_route=\/wp\/v2\/pages"}],"about":[{"href":"https:\/\/site.ac-martinique.fr\/philosophie\/index.php?rest_route=\/wp\/v2\/types\/page"}],"author":[{"embeddable":true,"href":"https:\/\/site.ac-martinique.fr\/philosophie\/index.php?rest_route=\/wp\/v2\/users\/76"}],"replies":[{"embeddable":true,"href":"https:\/\/site.ac-martinique.fr\/philosophie\/index.php?rest_route=%2Fwp%2Fv2%2Fcomments&post=1197"}],"version-history":[{"count":5,"href":"https:\/\/site.ac-martinique.fr\/philosophie\/index.php?rest_route=\/wp\/v2\/pages\/1197\/revisions"}],"predecessor-version":[{"id":1902,"href":"https:\/\/site.ac-martinique.fr\/philosophie\/index.php?rest_route=\/wp\/v2\/pages\/1197\/revisions\/1902"}],"up":[{"embeddable":true,"href":"https:\/\/site.ac-martinique.fr\/philosophie\/index.php?rest_route=\/wp\/v2\/pages\/1187"}],"wp:attachment":[{"href":"https:\/\/site.ac-martinique.fr\/philosophie\/index.php?rest_route=%2Fwp%2Fv2%2Fmedia&parent=1197"}],"curies":[{"name":"wp","href":"https:\/\/api.w.org\/{rel}","templated":true}]}}

L&#8217;évaluation

<div class="text ">
<div class="header">
<div class="logo"></div>
<h1 class="title">Du choix du sujet à sa correction</h1>
</div>
<div class="body clear">
<div class="text ">
<h3 class="spip">Fiches de synthèse sur l’évaluation en philosophie</h3>
<ul class="spip">
<li><strong><a class="spip_out" href="http://philosophie.dis.ac-guyane.fr/IMG/pdf/stage-evaluation-fichesupport.pdf" rel="external">Fiche de synthèse &#8211; L’évaluation : du choix du sujet à sa correction</a></strong></li>
<li><strong><a class="spip_out" href="http://philosophie.dis.ac-guyane.fr/IMG/pdf/stage-evaluation-annexes.pdf" rel="external">Annexes</a></strong></li>
</ul>
<h3 class="spip">Présentation</h3>
<p>Initié en 2013 par M. NESME, IPR de Philosophie, le groupe ressources de l’académie de Lyon a travaillé pendant l’année 2014-2015 sur la question de l’évaluation, afin de proposer une journée de formation sur ce thème.</p>
<p>L’objectif principal était de réfléchir aux pratiques que nous pouvons mettre en place pour évaluer de manière véritablement formative et efficace. Dans quelle mesure l’élève peut-il devenir actif dans le processus même de l’évaluation de ses copies ? Comment cette évaluation peut-elle participer des progrès de l’élève ? Quels exercices peut-on mettre en oeuvre pour que l’élève se saisisse ou s’approprie notre travail de correcteur ? Quels types d’annotations peuvent “dédramatiser” la note et recentrer son attention sur les consignes portées en marge de sa rédaction ? Comment faire du rendu des devoirs, non pas le terme du travail de l’élève sur le sujet qu’il avait traité, mais l’occasion de le poursuivre ?</p>
<p>Les fiches qui forment le support de ce travail sont disponibles ci-dessous. Nous avons essayé de faire un état des lieux des pratiques, sans vouloir jamais imposer une manière de faire. Certaines de ces pratiques sont très classiques, d’autres sont plus “innovantes”, nous n’avons pas souhaité les distinguer : le public de ces journées de formation était aussi composé de professeurs stagiaires, et il nous a tout de même semblé utile de formaliser les pratiques les plus courantes. Nous savons d’autre part que les situations d’enseignement sont très diverses selon les séries, les établissements et que certaines pistes proposées ne conviennent pas pour certaines classes : libre à chacun de faire le tri et de choisir d’intégrer dans son cours l’une ou l’autre de ces propositions.</p>
</div>
</div>
</div>

<p>Du choix du sujet à sa correction Fiches de synthèse sur l’évaluation en philosophie Fiche de synthèse &#8211; L’évaluation : du choix du sujet à sa correction Annexes Présentation Initié en 2013 par M. NESME, IPR de Philosophie, le groupe ressources de &hellip; <a href="https://site.ac-martinique.fr/philosophie/?page_id=1197">Continuer la lecture <span class="meta-nav">&rarr;</span></a></p>
