{"id":1205,"date":"2020-09-10T17:12:43","date_gmt":"2020-09-10T20:12:43","guid":{"rendered":"https:\/\/site.ac-martinique.fr\/philosophie\/?page_id=1205"},"modified":"2021-04-02T12:30:39","modified_gmt":"2021-04-02T15:30:39","slug":"les-programmes","status":"publish","type":"page","link":"https:\/\/site.ac-martinique.fr\/philosophie\/?page_id=1205","title":{"rendered":"Les programmes"},"content":{"rendered":"<p><a href=\"https:\/\/site.ac-martinique.fr\/philosophie\/wp-content\/uploads\/sites\/20\/2020\/09\/PhotoHLP.png\"><img loading=\"lazy\" decoding=\"async\" class=\" wp-image-1573 alignleft\" src=\"https:\/\/site.ac-martinique.fr\/philosophie\/wp-content\/uploads\/sites\/20\/2020\/09\/PhotoHLP-150x150.png\" alt=\"photohlp\" width=\"165\" height=\"165\" srcset=\"https:\/\/site.ac-martinique.fr\/philosophie\/wp-content\/uploads\/sites\/20\/2020\/09\/PhotoHLP-150x150.png 150w, https:\/\/site.ac-martinique.fr\/philosophie\/wp-content\/uploads\/sites\/20\/2020\/09\/PhotoHLP.png 204w\" sizes=\"auto, (max-width: 165px) 100vw, 165px\" \/><\/a>Vous trouverez dans les documents ci-joints les programmes officiels de la sp\u00e9cialit\u00e9 HLP en premi\u00e8re et en terminale :<\/p>\n<p><a href=\"https:\/\/site.ac-martinique.fr\/philosophie\/wp-content\/uploads\/sites\/20\/2020\/09\/ProgrammeHLPPremi\u00e8re.pdf\">Programme HLP de Premi\u00e8re<\/a><\/p>\n<p><a href=\"https:\/\/site.ac-martinique.fr\/philosophie\/wp-content\/uploads\/sites\/20\/2020\/09\/ProgrammeHLPTerminale.pdf\">Programme HLP de Terminale<\/a><\/p>\n<p>&nbsp;<\/p>\n","protected":false},"excerpt":{"rendered":"<p>Vous trouverez dans les documents ci-joints les programmes officiels de la sp\u00e9cialit\u00e9 HLP en premi\u00e8re et en terminale : Programme HLP de Premi\u00e8re Programme HLP de Terminale &nbsp;<\/p>\n","protected":false},"author":76,"featured_media":0,"parent":1203,"menu_order":1,"comment_status":"closed","ping_status":"closed","template":"","meta":{"footnotes":""},"class_list":["post-1205","page","type-page","status-publish","hentry"],"_links":{"self":[{"href":"https:\/\/site.ac-martinique.fr\/philosophie\/index.php?rest_route=\/wp\/v2\/pages\/1205","targetHints":{"allow":["GET"]}}],"collection":[{"href":"https:\/\/site.ac-martinique.fr\/philosophie\/index.php?rest_route=\/wp\/v2\/pages"}],"about":[{"href":"https:\/\/site.ac-martinique.fr\/philosophie\/index.php?rest_route=\/wp\/v2\/types\/page"}],"author":[{"embeddable":true,"href":"https:\/\/site.ac-martinique.fr\/philosophie\/index.php?rest_route=\/wp\/v2\/users\/76"}],"replies":[{"embeddable":true,"href":"https:\/\/site.ac-martinique.fr\/philosophie\/index.php?rest_route=%2Fwp%2Fv2%2Fcomments&post=1205"}],"version-history":[{"count":9,"href":"https:\/\/site.ac-martinique.fr\/philosophie\/index.php?rest_route=\/wp\/v2\/pages\/1205\/revisions"}],"predecessor-version":[{"id":1575,"href":"https:\/\/site.ac-martinique.fr\/philosophie\/index.php?rest_route=\/wp\/v2\/pages\/1205\/revisions\/1575"}],"up":[{"embeddable":true,"href":"https:\/\/site.ac-martinique.fr\/philosophie\/index.php?rest_route=\/wp\/v2\/pages\/1203"}],"wp:attachment":[{"href":"https:\/\/site.ac-martinique.fr\/philosophie\/index.php?rest_route=%2Fwp%2Fv2%2Fmedia&parent=1205"}],"curies":[{"name":"wp","href":"https:\/\/api.w.org\/{rel}","templated":true}]}}

<p><a href="https://site.ac-martinique.fr/philosophie/wp-content/uploads/sites/20/2020/09/PhotoHLP.png"><img loading="lazy" decoding="async" class=" wp-image-1573 alignleft" src="https://site.ac-martinique.fr/philosophie/wp-content/uploads/sites/20/2020/09/PhotoHLP-150x150.png" alt="photohlp" width="165" height="165" srcset="https://site.ac-martinique.fr/philosophie/wp-content/uploads/sites/20/2020/09/PhotoHLP-150x150.png 150w, https://site.ac-martinique.fr/philosophie/wp-content/uploads/sites/20/2020/09/PhotoHLP.png 204w" sizes="auto, (max-width: 165px) 100vw, 165px" /></a>Vous trouverez dans les documents ci-joints les programmes officiels de la spécialité HLP en première et en terminale :</p>
<p><a href="https://site.ac-martinique.fr/philosophie/wp-content/uploads/sites/20/2020/09/ProgrammeHLPPremière.pdf">Programme HLP de Première</a></p>
<p><a href="https://site.ac-martinique.fr/philosophie/wp-content/uploads/sites/20/2020/09/ProgrammeHLPTerminale.pdf">Programme HLP de Terminale</a></p>
<p>&nbsp;</p>

<p>Vous trouverez dans les documents ci-joints les programmes officiels de la spécialité HLP en première et en terminale : Programme HLP de Première Programme HLP de Terminale &nbsp;</p>
