{"id":1244,"date":"2020-09-10T17:59:46","date_gmt":"2020-09-10T20:59:46","guid":{"rendered":"https:\/\/site.ac-martinique.fr\/philosophie\/?page_id=1244"},"modified":"2021-05-19T12:50:16","modified_gmt":"2021-05-19T15:50:16","slug":"le-travail-et-la-technique","status":"publish","type":"page","link":"https:\/\/site.ac-martinique.fr\/philosophie\/?page_id=1244","title":{"rendered":"La conscience"},"content":{"rendered":"\n<ol>\n<li style=\"text-align: left\"><strong>Bibliographie non-exhaustive\u00a0<\/strong><\/li>\n<\/ol>\n\n\n\n<ul class=\"wp-block-list\"><li><strong>17\u00e8me si\u00e8cle : <\/strong><ul><li><strong>Descartes<\/strong> <strong>:<\/strong> <ul><li><em>M\u00e9ditations m\u00e9taphysiques<\/em>, en particulier la Seconde M\u00e9ditation.<\/li><li><em>Discours de la M\u00e9thode<\/em>, 4\u00e8me partie.<\/li><\/ul><\/li><li><strong>Malebranche : <\/strong><ul><li><em>Entretiens sur la m\u00e9taphysique et la religion<\/em>, troisi\u00e8me entretien : sur la distinction entre conscience de soi et connaissance de soi.<\/li><\/ul><\/li><\/ul><\/li><\/ul>\n\n\n\n<ul class=\"wp-block-list\"><li><strong>18\u00e8me si\u00e8cle :<\/strong><ul><li><strong>Kant :<\/strong><ul><li><em>Critique de la raison pure, <\/em>Analytique transcendantale, livre 1, chapitre 2, deuxi\u00e8me section : d\u00e9duction transcendantale des concepts purs de l&#8217;entendement.<\/li><li><em>Anthropologie d&#8217;un point de vue pragmatique<\/em>, Livre I, paragraphes 1 \u00e0 6.<\/li><\/ul><\/li><\/ul><\/li><\/ul>\n\n\n\n<ul class=\"wp-block-list\"><li><strong>19\u00e8me si\u00e8cle :<\/strong><ul><li><strong>Hegel :<\/strong><ul><li><em>Ph\u00e9nom\u00e9nologie de l&#8217;Esprit, <\/em>tome 1, A) Conscience, B) Conscience de soi, dans C) Raison, voir le passage concernant la phr\u00e9nologie (rapport entre le cr\u00e2ne et l&#8217;esprit).<\/li><li><em>Pr\u00e9cis de l&#8217;Encyclop\u00e9die des Sciences philosophiques<\/em>, 3\u00e8me partie, 1\u00e8re section, A) et B) sur le passage du sentiment de soi propre \u00e0 l&#8217;animal \u00e0 la conscience.<\/li><li>Commentaires des passages de la <em>Ph\u00e9nom\u00e9nologie de l&#8217;Esprit<\/em> se rapportant \u00e0 la conscience : <ul><li>J. Hyppolite, <em>Gen\u00e8se et structure de la Ph\u00e9nom\u00e9nologie<\/em> <em>de l&#8217;Esprit<\/em>, tome 1, deuxi\u00e8me et troisi\u00e8me parties.<\/li><li>A. Koj\u00e8ve, <em>Introduction \u00e0 la lecture de Hegel<\/em>, Cours de l&#8217;ann\u00e9e scolaire 1937\/1938 : r\u00e9sum\u00e9 des six premiers chapitres de la <em>Ph\u00e9nom\u00e9nologie de l&#8217;Esprit<\/em>.<\/li><\/ul><\/li><li><strong>Nietzsche : <\/strong><ul><li><em>Le Gai savoir<\/em>, \u00a7354 et d\u00e9but du \u00a7357.<\/li><li><em>G\u00e9n\u00e9alogie de la morale<\/em>, 2\u00e8me dissertation, \u00a716.<\/li><li><em>Par del\u00e0 le bien et le mal<\/em> : \u00a712 et 54.<\/li><\/ul><\/li><li><strong>Marx-Engels :<\/strong><ul><li><em>L&#8217;id\u00e9ologie allemande<\/em>, premi\u00e8re partie, Feuerbach : la conscience comme produit social.<\/li><\/ul><\/li><\/ul><\/li><\/ul><\/li><\/ul>\n\n\n\n<ul class=\"wp-block-list\"><li><strong>20\u00e8me si\u00e8cle :<\/strong><ul><li><strong>Bergson :<\/strong><ul><li><em>Essai sur les donn\u00e9es imm\u00e9diates de la conscience.<\/em><\/li><li><em>L&#8217;\u00e9nergie spirituelle<\/em>, chapitre 1.<\/li><\/ul><\/li><li><strong>Alain :<\/strong><ul><li><em>Philosophie<\/em>, tome second, III, La personne, unit\u00e9 de la conscience.<\/li><\/ul><\/li><li><strong>Husserl :<\/strong><ul><li><em>M\u00e9ditations cart\u00e9siennes, <\/em>M\u00e9ditations 1&amp;2.<\/li><li><em>Recherches logiques<\/em>, tome second, 2\u00e8me partie, V, chapitres 1&amp;2.<\/li><\/ul><\/li><li><strong>Heidegger : <\/strong><ul><li><em>Chemins qui ne m\u00e8nent nulle part<\/em>, chapitre &#8220;Hegel et son concept de l&#8217;exp\u00e9rience&#8221;.<\/li><\/ul><\/li><li><strong>Sartre : <\/strong><ul><li><em>L&#8217;\u00eatre et le n\u00e9ant<\/em>, en particulier 2\u00e8me partie, chapitre 1er : &#8220;Les structure imm\u00e9diates du pour soi&#8221; (sur la distinction entre en soi et pour soi).<\/li><\/ul><\/li><li><strong>Merleau-Ponty : <\/strong><ul><li><em>La structure du comportement<\/em>, chapitre III, 3) l&#8217;ordre humain et chapitre IV.<\/li><li><em>Ph\u00e9nom\u00e9nologie de la perception<\/em>, 3\u00e8me partie : l&#8217;\u00eatre-pour-soi et l&#8217;\u00eatre-au-monde.<\/li><\/ul><\/li><li><strong>Jankelevitch : <\/strong><ul><li><em>Trait\u00e9 des vertus<\/em>, chapitre 3 : De la conscience.<\/li><\/ul><\/li><\/ul><\/li><\/ul>\n\n\n","protected":false},"excerpt":{"rendered":"<p>Bibliographie non-exhaustive\u00a0 17\u00e8me si\u00e8cle : Descartes : M\u00e9ditations m\u00e9taphysiques, en particulier la Seconde M\u00e9ditation. Discours de la M\u00e9thode, 4\u00e8me partie. Malebranche : Entretiens sur la m\u00e9taphysique et la religion, troisi\u00e8me entretien : sur la distinction entre conscience de soi et &hellip; <a href=\"https:\/\/site.ac-martinique.fr\/philosophie\/?page_id=1244\">Continuer la lecture <span class=\"meta-nav\">&rarr;<\/span><\/a><\/p>\n","protected":false},"author":76,"featured_media":0,"parent":1189,"menu_order":3,"comment_status":"closed","ping_status":"closed","template":"","meta":{"footnotes":""},"class_list":["post-1244","page","type-page","status-publish","hentry"],"_links":{"self":[{"href":"https:\/\/site.ac-martinique.fr\/philosophie\/index.php?rest_route=\/wp\/v2\/pages\/1244","targetHints":{"allow":["GET"]}}],"collection":[{"href":"https:\/\/site.ac-martinique.fr\/philosophie\/index.php?rest_route=\/wp\/v2\/pages"}],"about":[{"href":"https:\/\/site.ac-martinique.fr\/philosophie\/index.php?rest_route=\/wp\/v2\/types\/page"}],"author":[{"embeddable":true,"href":"https:\/\/site.ac-martinique.fr\/philosophie\/index.php?rest_route=\/wp\/v2\/users\/76"}],"replies":[{"embeddable":true,"href":"https:\/\/site.ac-martinique.fr\/philosophie\/index.php?rest_route=%2Fwp%2Fv2%2Fcomments&post=1244"}],"version-history":[{"count":5,"href":"https:\/\/site.ac-martinique.fr\/philosophie\/index.php?rest_route=\/wp\/v2\/pages\/1244\/revisions"}],"predecessor-version":[{"id":2657,"href":"https:\/\/site.ac-martinique.fr\/philosophie\/index.php?rest_route=\/wp\/v2\/pages\/1244\/revisions\/2657"}],"up":[{"embeddable":true,"href":"https:\/\/site.ac-martinique.fr\/philosophie\/index.php?rest_route=\/wp\/v2\/pages\/1189"}],"wp:attachment":[{"href":"https:\/\/site.ac-martinique.fr\/philosophie\/index.php?rest_route=%2Fwp%2Fv2%2Fmedia&parent=1244"}],"curies":[{"name":"wp","href":"https:\/\/api.w.org\/{rel}","templated":true}]}}