{"id":1688,"date":"2020-09-14T21:40:30","date_gmt":"2020-09-15T00:40:30","guid":{"rendered":"https:\/\/site.ac-martinique.fr\/philosophie\/?page_id=1688"},"modified":"2023-11-17T15:56:05","modified_gmt":"2023-11-17T18:56:05","slug":"journees-academiques","status":"publish","type":"page","link":"https:\/\/site.ac-martinique.fr\/philosophie\/?page_id=1688","title":{"rendered":"Archives des journ\u00e9es acad\u00e9miques"},"content":{"rendered":"<ul>\n<li><strong>Journ\u00e9es acad\u00e9miques 2019\/2020 :<\/strong><\/li>\n<\/ul>\n<p>Le confinement n&#8217;a pas permis l&#8217;organisation des journ\u00e9es acad\u00e9miques de l&#8217;ann\u00e9e scolaire 2019\/2020. Vous en trouverez n\u00e9anmoins ici le programme ainsi que les textes de plusieurs des interventions qui n&#8217;ont pu avoir lieu :<\/p>\n<ul>\n<li>Le <a href=\"https:\/\/site.ac-martinique.fr\/philosophie\/wp-content\/uploads\/sites\/20\/2020\/09\/programme-VIP1.docx\">programme des Journ\u00e9es acad\u00e9miques 2019\/2020<\/a><\/li>\n<li><a href=\"https:\/\/site.ac-martinique.fr\/philosophie\/wp-content\/uploads\/sites\/20\/2020\/09\/La-science-et-la-vie.pdf\">Conf\u00e9rence de Franck Leli\u00e8vre : la science et la vie<\/a><\/li>\n<li><a href=\"https:\/\/site.ac-martinique.fr\/philosophie\/wp-content\/uploads\/sites\/20\/2020\/09\/L\u00e9cole-et-le-retour-du-religieux.pdf\">Conf\u00e9rence de Franck Leli\u00e8vre : l&#8217;\u00e9cole et le retour du religieux<\/a><\/li>\n<li><a href=\"https:\/\/site.ac-martinique.fr\/philosophie\/wp-content\/uploads\/sites\/20\/2020\/09\/Whitehead-Science.pdf\">Conf\u00e9rence de Pierre Rodrigo : la m\u00e9taphysique de l&#8217;\u00e9v\u00e8nement d&#8217;Alfred North Whitehead<\/a><\/li>\n<li><a href=\"http:\/\/site.ac-martinique.fr\/philosophie\/?page_id=3254\">Conf\u00e9rence d\u2019Agn\u00e8s Pigler : Hans Jonas, le principe responsabilit\u00e9<\/a><\/li>\n<li><a href=\"https:\/\/site.ac-martinique.fr\/philosophie\/?page_id=3260\">Conf\u00e9rence de Daniel Pujol : la philosophie de Hume, une science sceptique de la nature humaine<\/a><\/li>\n<li><a href=\"https:\/\/site.ac-martinique.fr\/philosophie\/wp-content\/uploads\/sites\/20\/2023\/01\/La-22revolution-copernicienne22-a-t-elle-eu-lieu-.pdf\">Conf\u00e9rence de Julien Copain : La r\u00e9volution copernicienne a-t-elle eu lieu ?<\/a><\/li>\n<\/ul>\n<ul>\n<li><strong>Journ\u00e9es acad\u00e9miques 2020\/2021 :<\/strong><\/li>\n<\/ul>\n<p>Les Journ\u00e9es acad\u00e9miques \u00e9taient consacr\u00e9es au th\u00e8me de la politique. Vous trouverez ici les textes de plusieurs des interventions :<\/p>\n<ul>\n<li><a href=\"https:\/\/site.ac-martinique.fr\/philosophie\/wp-content\/uploads\/sites\/20\/2021\/09\/Le-peuple-qui-manque-02-21.pdf\">Conf\u00e9rence de Pierre Rodrigo : le peuple qui manque<\/a><\/li>\n<li><a href=\"https:\/\/site.ac-martinique.fr\/philosophie\/wp-content\/uploads\/sites\/20\/2021\/09\/Le-sens-de-la-loi-chez-Montesquieu-.pdf\">Conf\u00e9rence d&#8217;Agn\u00e8s Pigler : le sens de la loi chez Montesquieu<\/a><\/li>\n<li><a href=\"https:\/\/site.ac-martinique.fr\/philosophie\/wp-content\/uploads\/sites\/20\/2021\/09\/Ou-conduit-la-critique-epicurienne-de-la-politique-2.pdf\">Conf\u00e9rence de Dominique Demartini : O\u00f9 conduit la critique \u00e9picurienne de la politique ?<\/a><\/li>\n<li><a href=\"https:\/\/site.ac-martinique.fr\/philosophie\/wp-content\/uploads\/sites\/20\/2023\/11\/ROUSSEAU_-journees-academ-iques-23-fevrier-2021.pdf\">Conf\u00e9rence de Julien Chane-Alune : Comment forcer quelqu\u2019un \u00e0 \u00eatre libre ? Une interpr\u00e9tation de la formule paradoxale de Rousseau dans le Contrat social<\/a><\/li>\n<\/ul>\n<ul>\n<li><strong>Journ\u00e9es acad\u00e9miques 2021\/2022 :\u00a0<\/strong><\/li>\n<\/ul>\n<p>Les Journ\u00e9es acad\u00e9miques \u00e9taient consacr\u00e9es au th\u00e8me &#8220;art et technique&#8221;. Vous trouverez ici les textes des diff\u00e9rentes interventions :\u00a0<\/p>\n<ul>\n<li><a href=\"https:\/\/site.ac-martinique.fr\/philosophie\/wp-content\/uploads\/sites\/20\/2022\/05\/Conf.-Art-tech.-au-cinema.pdf\">Conf\u00e9rence de Pierre Rodrigo : M\u00e9dium technique et cr\u00e9ation artistique au cin\u00e9ma<\/a><\/li>\n<li><a href=\"https:\/\/site.ac-martinique.fr\/philosophie\/wp-content\/uploads\/sites\/20\/2022\/05\/Susan-Sontag-Pigler.pdf\">Conf\u00e9rence d&#8217;Agn\u00e8s Pigler : Susan Sontag, Sur la photographie<\/a><\/li>\n<li><a href=\"https:\/\/site.ac-martinique.fr\/philosophie\/wp-content\/uploads\/sites\/20\/2022\/05\/Design-art-et-technique-V2-copie.pdf\">Conf\u00e9rence de Dominique Demartini : Design, art et technique<\/a><\/li>\n<li><a href=\"https:\/\/site.ac-martinique.fr\/philosophie\/wp-content\/uploads\/sites\/20\/2023\/11\/La-Violence-du-sublime_-jou-rnees-academiques-2022.pdf\">Conf\u00e9rence de Julien Chane-Alune : La Violence du sublime. Une lecture de la th\u00e9orie esth\u00e9tique de Burke<\/a><\/li>\n<\/ul>\n\n\n<ul>\n<li><strong>Journ\u00e9es acad\u00e9miques 2022\/2023 :\u00a0<\/strong><\/li>\n<\/ul>\n<p>Les journ\u00e9es acad\u00e9miques \u00e9taient consacr\u00e9es au th\u00e8me &#8221;\u00a0Les sciences humaines\u00a0: homme, langage, soci\u00e9t\u00e9.&#8221;\u00a0<\/p>\n<p>Vous trouverez ici le programme :\u00a0<\/p>\n<p><a href=\"https:\/\/site.ac-martinique.fr\/philosophie\/?page_id=3284\">Programme 2023 avec pr\u00e9sentation des diff\u00e9rentes interventions<\/a><\/p>\n<p>Et ici les textes des diff\u00e9rentes interventions :\u00a0<\/p>\n<ul>\n<li><a href=\"https:\/\/site.ac-martinique.fr\/philosophie\/?page_id=3486\">Conf\u00e9rence de Franck Leli\u00e8vre : Montaigne et l&#8217;invention du scepticisme<\/a><\/li>\n<li><a href=\"https:\/\/site.ac-martinique.fr\/philosophie\/?page_id=3289\">Conf\u00e9rence de Pierre Rodrigo : Portrait de l&#8217;historien en proph\u00e8te du pass\u00e9<\/a><\/li>\n<li><a href=\"https:\/\/site.ac-martinique.fr\/philosophie\/?page_id=3361\">Conf\u00e9rence d&#8217;Agn\u00e8s Pigler : L&#8217;homme, l&#8217;humain et l&#8217;humanit\u00e9 chez Kant<\/a><\/li>\n<li><a href=\"https:\/\/site.ac-martinique.fr\/philosophie\/?page_id=3431\">Conf\u00e9rence de Dominique Demartini : D\u00e9fense de l&#8217;allemand et harmonie des langues chez Leibniz<\/a><\/li>\n<li><a href=\"https:\/\/site.ac-martinique.fr\/philosophie\/?page_id=3457\">Conf\u00e9rence de Daniel Pujol : La soci\u00e9t\u00e9 c&#8217;est la guerre<\/a><\/li>\n<li><a href=\"http:\/\/site.ac-martinique.fr\/philosophie\/?page_id=3903\">Conf\u00e9rence de Julien Chane-Alune : faut-il r\u00e9habiliter les utopies ?<\/a><\/li>\n<\/ul>\n<p>\u00a0<\/p>\n","protected":false},"excerpt":{"rendered":"<p>Journ\u00e9es acad\u00e9miques 2019\/2020 : Le confinement n&#8217;a pas permis l&#8217;organisation des journ\u00e9es acad\u00e9miques de l&#8217;ann\u00e9e scolaire 2019\/2020. Vous en trouverez n\u00e9anmoins ici le programme ainsi que les textes de plusieurs des interventions qui n&#8217;ont pu avoir lieu : Le programme &hellip; <a href=\"https:\/\/site.ac-martinique.fr\/philosophie\/?page_id=1688\">Continuer la lecture <span class=\"meta-nav\">&rarr;<\/span><\/a><\/p>\n","protected":false},"author":76,"featured_media":0,"parent":2358,"menu_order":1,"comment_status":"closed","ping_status":"closed","template":"","meta":{"footnotes":""},"class_list":["post-1688","page","type-page","status-publish","hentry"],"_links":{"self":[{"href":"https:\/\/site.ac-martinique.fr\/philosophie\/index.php?rest_route=\/wp\/v2\/pages\/1688","targetHints":{"allow":["GET"]}}],"collection":[{"href":"https:\/\/site.ac-martinique.fr\/philosophie\/index.php?rest_route=\/wp\/v2\/pages"}],"about":[{"href":"https:\/\/site.ac-martinique.fr\/philosophie\/index.php?rest_route=\/wp\/v2\/types\/page"}],"author":[{"embeddable":true,"href":"https:\/\/site.ac-martinique.fr\/philosophie\/index.php?rest_route=\/wp\/v2\/users\/76"}],"replies":[{"embeddable":true,"href":"https:\/\/site.ac-martinique.fr\/philosophie\/index.php?rest_route=%2Fwp%2Fv2%2Fcomments&post=1688"}],"version-history":[{"count":43,"href":"https:\/\/site.ac-martinique.fr\/philosophie\/index.php?rest_route=\/wp\/v2\/pages\/1688\/revisions"}],"predecessor-version":[{"id":3908,"href":"https:\/\/site.ac-martinique.fr\/philosophie\/index.php?rest_route=\/wp\/v2\/pages\/1688\/revisions\/3908"}],"up":[{"embeddable":true,"href":"https:\/\/site.ac-martinique.fr\/philosophie\/index.php?rest_route=\/wp\/v2\/pages\/2358"}],"wp:attachment":[{"href":"https:\/\/site.ac-martinique.fr\/philosophie\/index.php?rest_route=%2Fwp%2Fv2%2Fmedia&parent=1688"}],"curies":[{"name":"wp","href":"https:\/\/api.w.org\/{rel}","templated":true}]}}

Archives des journées académiques

<ul>
<li><strong>Journées académiques 2019/2020 :</strong></li>
</ul>
<p>Le confinement n&#8217;a pas permis l&#8217;organisation des journées académiques de l&#8217;année scolaire 2019/2020. Vous en trouverez néanmoins ici le programme ainsi que les textes de plusieurs des interventions qui n&#8217;ont pu avoir lieu :</p>
<ul>
<li>Le <a href="https://site.ac-martinique.fr/philosophie/wp-content/uploads/sites/20/2020/09/programme-VIP1.docx">programme des Journées académiques 2019/2020</a></li>
<li><a href="https://site.ac-martinique.fr/philosophie/wp-content/uploads/sites/20/2020/09/La-science-et-la-vie.pdf">Conférence de Franck Lelièvre : la science et la vie</a></li>
<li><a href="https://site.ac-martinique.fr/philosophie/wp-content/uploads/sites/20/2020/09/Lécole-et-le-retour-du-religieux.pdf">Conférence de Franck Lelièvre : l&#8217;école et le retour du religieux</a></li>
<li><a href="https://site.ac-martinique.fr/philosophie/wp-content/uploads/sites/20/2020/09/Whitehead-Science.pdf">Conférence de Pierre Rodrigo : la métaphysique de l&#8217;évènement d&#8217;Alfred North Whitehead</a></li>
<li><a href="http://site.ac-martinique.fr/philosophie/?page_id=3254">Conférence d’Agnès Pigler : Hans Jonas, le principe responsabilité</a></li>
<li><a href="https://site.ac-martinique.fr/philosophie/?page_id=3260">Conférence de Daniel Pujol : la philosophie de Hume, une science sceptique de la nature humaine</a></li>
<li><a href="https://site.ac-martinique.fr/philosophie/wp-content/uploads/sites/20/2023/01/La-22revolution-copernicienne22-a-t-elle-eu-lieu-.pdf">Conférence de Julien Copain : La révolution copernicienne a-t-elle eu lieu ?</a></li>
</ul>
<ul>
<li><strong>Journées académiques 2020/2021 :</strong></li>
</ul>
<p>Les Journées académiques étaient consacrées au thème de la politique. Vous trouverez ici les textes de plusieurs des interventions :</p>
<ul>
<li><a href="https://site.ac-martinique.fr/philosophie/wp-content/uploads/sites/20/2021/09/Le-peuple-qui-manque-02-21.pdf">Conférence de Pierre Rodrigo : le peuple qui manque</a></li>
<li><a href="https://site.ac-martinique.fr/philosophie/wp-content/uploads/sites/20/2021/09/Le-sens-de-la-loi-chez-Montesquieu-.pdf">Conférence d&#8217;Agnès Pigler : le sens de la loi chez Montesquieu</a></li>
<li><a href="https://site.ac-martinique.fr/philosophie/wp-content/uploads/sites/20/2021/09/Ou-conduit-la-critique-epicurienne-de-la-politique-2.pdf">Conférence de Dominique Demartini : Où conduit la critique épicurienne de la politique ?</a></li>
<li><a href="https://site.ac-martinique.fr/philosophie/wp-content/uploads/sites/20/2023/11/ROUSSEAU_-journees-academ-iques-23-fevrier-2021.pdf">Conférence de Julien Chane-Alune : Comment forcer quelqu’un à être libre ? Une interprétation de la formule paradoxale de Rousseau dans le Contrat social</a></li>
</ul>
<ul>
<li><strong>Journées académiques 2021/2022 : </strong></li>
</ul>
<p>Les Journées académiques étaient consacrées au thème &#8220;art et technique&#8221;. Vous trouverez ici les textes des différentes interventions : </p>
<ul>
<li><a href="https://site.ac-martinique.fr/philosophie/wp-content/uploads/sites/20/2022/05/Conf.-Art-tech.-au-cinema.pdf">Conférence de Pierre Rodrigo : Médium technique et création artistique au cinéma</a></li>
<li><a href="https://site.ac-martinique.fr/philosophie/wp-content/uploads/sites/20/2022/05/Susan-Sontag-Pigler.pdf">Conférence d&#8217;Agnès Pigler : Susan Sontag, Sur la photographie</a></li>
<li><a href="https://site.ac-martinique.fr/philosophie/wp-content/uploads/sites/20/2022/05/Design-art-et-technique-V2-copie.pdf">Conférence de Dominique Demartini : Design, art et technique</a></li>
<li><a href="https://site.ac-martinique.fr/philosophie/wp-content/uploads/sites/20/2023/11/La-Violence-du-sublime_-jou-rnees-academiques-2022.pdf">Conférence de Julien Chane-Alune : La Violence du sublime. Une lecture de la théorie esthétique de Burke</a></li>
</ul>


<ul>
<li><strong>Journées académiques 2022/2023 : </strong></li>
</ul>
<p>Les journées académiques étaient consacrées au thème &#8221; Les sciences humaines : homme, langage, société.&#8221; </p>
<p>Vous trouverez ici le programme : </p>
<p><a href="https://site.ac-martinique.fr/philosophie/?page_id=3284">Programme 2023 avec présentation des différentes interventions</a></p>
<p>Et ici les textes des différentes interventions : </p>
<ul>
<li><a href="https://site.ac-martinique.fr/philosophie/?page_id=3486">Conférence de Franck Lelièvre : Montaigne et l&#8217;invention du scepticisme</a></li>
<li><a href="https://site.ac-martinique.fr/philosophie/?page_id=3289">Conférence de Pierre Rodrigo : Portrait de l&#8217;historien en prophète du passé</a></li>
<li><a href="https://site.ac-martinique.fr/philosophie/?page_id=3361">Conférence d&#8217;Agnès Pigler : L&#8217;homme, l&#8217;humain et l&#8217;humanité chez Kant</a></li>
<li><a href="https://site.ac-martinique.fr/philosophie/?page_id=3431">Conférence de Dominique Demartini : Défense de l&#8217;allemand et harmonie des langues chez Leibniz</a></li>
<li><a href="https://site.ac-martinique.fr/philosophie/?page_id=3457">Conférence de Daniel Pujol : La société c&#8217;est la guerre</a></li>
<li><a href="http://site.ac-martinique.fr/philosophie/?page_id=3903">Conférence de Julien Chane-Alune : faut-il réhabiliter les utopies ?</a></li>
</ul>
<p> </p>

<p>Journées académiques 2019/2020 : Le confinement n&#8217;a pas permis l&#8217;organisation des journées académiques de l&#8217;année scolaire 2019/2020. Vous en trouverez néanmoins ici le programme ainsi que les textes de plusieurs des interventions qui n&#8217;ont pu avoir lieu : Le programme &hellip; <a href="https://site.ac-martinique.fr/philosophie/?page_id=1688">Continuer la lecture <span class="meta-nav">&rarr;</span></a></p>
