{"id":1907,"date":"2020-09-19T13:31:43","date_gmt":"2020-09-19T16:31:43","guid":{"rendered":"https:\/\/site.ac-martinique.fr\/philosophie\/?page_id=1907"},"modified":"2021-04-02T12:30:39","modified_gmt":"2021-04-02T15:30:39","slug":"les-stages-de-formation-capesagregation","status":"publish","type":"page","link":"https:\/\/site.ac-martinique.fr\/philosophie\/?page_id=1907","title":{"rendered":"Les stages de formation Capes\/Agr\u00e9gation"},"content":{"rendered":"<p>Les formations CAPES\/AGREG auront lieu au rectorat, salle 254 de 14h30 \u00e0 17h30.<\/p>\n<p>Elles sont assur\u00e9es par Monsieur RODRIGO Pierre, professeur \u00e9m\u00e9rite des universit\u00e9s, sp\u00e9cialiste de la philosophie antique, de ph\u00e9nom\u00e9nologie et d\u2019esth\u00e9tique.<\/p>\n<div class=\"\">\n<p>Dates des formations :<\/p>\n<p><span class=\"\">Octobre : les 2, 9, 16 et 23<\/span><br class=\"\" \/><br class=\"\" \/><span class=\"\">Novembre : les 1, 20 et 27<\/span><br class=\"\" \/><br class=\"\" \/><span class=\"\">D\u00e9cembre : les 4, 11 et 18<\/span><br class=\"\" \/><br class=\"\" \/><span class=\"\">Janvier : les 8, 15, 22 et 29<\/span><br class=\"\" \/><br class=\"\" \/><span class=\"\">F\u00e9vrier : les 5 et 26<\/span><br class=\"\" \/><br class=\"\" \/><span class=\"\">Mars : les 5, 12, 19 et 26<\/span><br class=\"\" \/><br class=\"\" \/><span class=\"\">Avril : les 16, 23 et 30<\/span><br class=\"\" \/><br class=\"\" \/><span class=\"\">Mai : le 7.<\/span><\/p>\n<\/div>\n","protected":false},"excerpt":{"rendered":"<p>Les formations CAPES\/AGREG auront lieu au rectorat, salle 254 de 14h30 \u00e0 17h30. Elles sont assur\u00e9es par Monsieur RODRIGO Pierre, professeur \u00e9m\u00e9rite des universit\u00e9s, sp\u00e9cialiste de la philosophie antique, de ph\u00e9nom\u00e9nologie et d\u2019esth\u00e9tique. Dates des formations : Octobre : les &hellip; <a href=\"https:\/\/site.ac-martinique.fr\/philosophie\/?page_id=1907\">Continuer la lecture <span class=\"meta-nav\">&rarr;<\/span><\/a><\/p>\n","protected":false},"author":76,"featured_media":0,"parent":1630,"menu_order":1,"comment_status":"closed","ping_status":"closed","template":"","meta":{"footnotes":""},"class_list":["post-1907","page","type-page","status-publish","hentry"],"_links":{"self":[{"href":"https:\/\/site.ac-martinique.fr\/philosophie\/index.php?rest_route=\/wp\/v2\/pages\/1907","targetHints":{"allow":["GET"]}}],"collection":[{"href":"https:\/\/site.ac-martinique.fr\/philosophie\/index.php?rest_route=\/wp\/v2\/pages"}],"about":[{"href":"https:\/\/site.ac-martinique.fr\/philosophie\/index.php?rest_route=\/wp\/v2\/types\/page"}],"author":[{"embeddable":true,"href":"https:\/\/site.ac-martinique.fr\/philosophie\/index.php?rest_route=\/wp\/v2\/users\/76"}],"replies":[{"embeddable":true,"href":"https:\/\/site.ac-martinique.fr\/philosophie\/index.php?rest_route=%2Fwp%2Fv2%2Fcomments&post=1907"}],"version-history":[{"count":3,"href":"https:\/\/site.ac-martinique.fr\/philosophie\/index.php?rest_route=\/wp\/v2\/pages\/1907\/revisions"}],"predecessor-version":[{"id":1910,"href":"https:\/\/site.ac-martinique.fr\/philosophie\/index.php?rest_route=\/wp\/v2\/pages\/1907\/revisions\/1910"}],"up":[{"embeddable":true,"href":"https:\/\/site.ac-martinique.fr\/philosophie\/index.php?rest_route=\/wp\/v2\/pages\/1630"}],"wp:attachment":[{"href":"https:\/\/site.ac-martinique.fr\/philosophie\/index.php?rest_route=%2Fwp%2Fv2%2Fmedia&parent=1907"}],"curies":[{"name":"wp","href":"https:\/\/api.w.org\/{rel}","templated":true}]}}

Les stages de formation Capes/Agrégation

<p>Les formations CAPES/AGREG auront lieu au rectorat, salle 254 de 14h30 à 17h30.</p>
<p>Elles sont assurées par Monsieur RODRIGO Pierre, professeur émérite des universités, spécialiste de la philosophie antique, de phénoménologie et d’esthétique.</p>
<div class="">
<p>Dates des formations :</p>
<p><span class="">Octobre : les 2, 9, 16 et 23</span><br class="" /><br class="" /><span class="">Novembre : les 1, 20 et 27</span><br class="" /><br class="" /><span class="">Décembre : les 4, 11 et 18</span><br class="" /><br class="" /><span class="">Janvier : les 8, 15, 22 et 29</span><br class="" /><br class="" /><span class="">Février : les 5 et 26</span><br class="" /><br class="" /><span class="">Mars : les 5, 12, 19 et 26</span><br class="" /><br class="" /><span class="">Avril : les 16, 23 et 30</span><br class="" /><br class="" /><span class="">Mai : le 7.</span></p>
</div>

<p>Les formations CAPES/AGREG auront lieu au rectorat, salle 254 de 14h30 à 17h30. Elles sont assurées par Monsieur RODRIGO Pierre, professeur émérite des universités, spécialiste de la philosophie antique, de phénoménologie et d’esthétique. Dates des formations : Octobre : les &hellip; <a href="https://site.ac-martinique.fr/philosophie/?page_id=1907">Continuer la lecture <span class="meta-nav">&rarr;</span></a></p>
