{"id":1911,"date":"2020-09-19T13:34:30","date_gmt":"2020-09-19T16:34:30","guid":{"rendered":"https:\/\/site.ac-martinique.fr\/philosophie\/?page_id=1911"},"modified":"2021-04-02T12:30:39","modified_gmt":"2021-04-02T15:30:39","slug":"plan-academique-de-formation","status":"publish","type":"page","link":"https:\/\/site.ac-martinique.fr\/philosophie\/?page_id=1911","title":{"rendered":"Plan Acad\u00e9mique de Formation"},"content":{"rendered":"<p>Conform\u00e9ment \u00e0 la\u00a0note\u00a0de M. le Recteur relative \u00e0 la parution du Plan Acad\u00e9mique de Formation (PAF) 2020-2021, la date limite d&#8217;inscription aux formations \u00e0 candidature individuelle est fix\u00e9e <em><u>au Lundi 21 septembre 2020, minuit.<\/u><\/em><\/p>\n<p>Au-del\u00e0, aucune inscription ne pourra \u00eatre re\u00e7ue.<\/p>\n<p>Voici le lien permettant l&#8217;acc\u00e8s \u00e0 la page du site acad\u00e9mique consacr\u00e9e \u00e0 la formation :<\/p>\n<p><a href=\"http:\/\/www.ac-martinique.fr\/pid36925\/plan-academique-de-formation.html\"><strong>http:\/\/www.ac-martinique.fr\/pid36925\/plan-academique-de-formation.html<\/strong><\/a><\/p>\n","protected":false},"excerpt":{"rendered":"<p>Conform\u00e9ment \u00e0 la\u00a0note\u00a0de M. le Recteur relative \u00e0 la parution du Plan Acad\u00e9mique de Formation (PAF) 2020-2021, la date limite d&#8217;inscription aux formations \u00e0 candidature individuelle est fix\u00e9e au Lundi 21 septembre 2020, minuit. Au-del\u00e0, aucune inscription ne pourra \u00eatre &hellip; <a href=\"https:\/\/site.ac-martinique.fr\/philosophie\/?page_id=1911\">Continuer la lecture <span class=\"meta-nav\">&rarr;<\/span><\/a><\/p>\n","protected":false},"author":76,"featured_media":0,"parent":1630,"menu_order":2,"comment_status":"closed","ping_status":"closed","template":"","meta":{"footnotes":""},"class_list":["post-1911","page","type-page","status-publish","hentry"],"_links":{"self":[{"href":"https:\/\/site.ac-martinique.fr\/philosophie\/index.php?rest_route=\/wp\/v2\/pages\/1911","targetHints":{"allow":["GET"]}}],"collection":[{"href":"https:\/\/site.ac-martinique.fr\/philosophie\/index.php?rest_route=\/wp\/v2\/pages"}],"about":[{"href":"https:\/\/site.ac-martinique.fr\/philosophie\/index.php?rest_route=\/wp\/v2\/types\/page"}],"author":[{"embeddable":true,"href":"https:\/\/site.ac-martinique.fr\/philosophie\/index.php?rest_route=\/wp\/v2\/users\/76"}],"replies":[{"embeddable":true,"href":"https:\/\/site.ac-martinique.fr\/philosophie\/index.php?rest_route=%2Fwp%2Fv2%2Fcomments&post=1911"}],"version-history":[{"count":2,"href":"https:\/\/site.ac-martinique.fr\/philosophie\/index.php?rest_route=\/wp\/v2\/pages\/1911\/revisions"}],"predecessor-version":[{"id":1913,"href":"https:\/\/site.ac-martinique.fr\/philosophie\/index.php?rest_route=\/wp\/v2\/pages\/1911\/revisions\/1913"}],"up":[{"embeddable":true,"href":"https:\/\/site.ac-martinique.fr\/philosophie\/index.php?rest_route=\/wp\/v2\/pages\/1630"}],"wp:attachment":[{"href":"https:\/\/site.ac-martinique.fr\/philosophie\/index.php?rest_route=%2Fwp%2Fv2%2Fmedia&parent=1911"}],"curies":[{"name":"wp","href":"https:\/\/api.w.org\/{rel}","templated":true}]}}