{"id":1969,"date":"2020-09-23T17:09:33","date_gmt":"2020-09-23T20:09:33","guid":{"rendered":"https:\/\/site.ac-martinique.fr\/philosophie\/?page_id=1969"},"modified":"2021-04-02T12:30:40","modified_gmt":"2021-04-02T15:30:40","slug":"associations","status":"publish","type":"page","link":"https:\/\/site.ac-martinique.fr\/philosophie\/?page_id=1969","title":{"rendered":"Associations"},"content":{"rendered":"<p><strong>Associations d&#8217;enseignants<\/strong><\/p>\n<p><strong><a href=\"http:\/\/www.acireph.org\/\"><sup>ACIREPH<\/sup><\/a><sup>\u00a0\u00a0 Association pour la Cr\u00e9ation des Instituts de Recherche pour l&#8217;Enseignement de la Philosophie<\/sup><\/strong><\/p>\n<p><strong><a href=\"http:\/\/perso.wanadoo.fr\/assocphilo\/\"><sup>APP<\/sup><\/a><sup>\u00a0\u00a0\u00a0Association Pour la Philosophie<\/sup><\/strong><\/p>\n<p><strong><sup><a href=\"http:\/\/sha.univ-poitiers.fr\/philo\/spip.php?article138\">APPAP<\/a>\u00a0\u00a0\u00a0\u00a0\u00a0Association des Professeurs de Philosophie de l\u2019acad\u00e9mie de Poitiers<\/sup><\/strong><\/p>\n<p><strong><sup><a href=\"http:\/\/www.appep.net\/\">APPEP\u00a0<\/a>\u00a0\u00a0\u00a0Association des Professeurs de Philosophie de l\u2019Enseignement Public<\/sup><\/strong><\/p>\n<p><strong><a href=\"http:\/\/appep-idf.net\/\"><sup>APPEP\u00a0<\/sup><\/a><sup>\u00a0Section d&#8217;Ile de France<\/sup><\/strong><\/p>\n<p><strong><sup>\u00a0<\/sup><\/strong><strong><a href=\"http:\/\/www.asplf.org\/\"><sup>Association des Soci\u00e9t\u00e9s de Philosophie de langue fran\u00e7aise<\/sup><\/a><\/strong><\/p>\n<p><strong><sup>\u00a0<a href=\"http:\/\/www.ciph.org\/college.php?rub=historique\">Coll\u00e8ge international de philosophie<\/a>\u00a0<\/sup><\/strong><\/p>\n<p><strong><sup>\u00a0<a href=\"mailto:nicole.grataloup2@wanadoo.fr\">GFEN\u00a0\u00a0Secteur Philosophie<\/a>\u00a0\u00a0\u00a0\u00a0\u00a0Groupe Fran\u00e7ais d\u2019Education Nouvelle<\/sup><\/strong><\/p>\n<p><strong><sup>\u00a0GREPH\u00a0\u00a0\u00a0\u00a0\u00a0Groupe de Recherche sur l\u2019Enseignement Philosophique<\/sup><\/strong><\/p>\n<p><strong><sup><a href=\"http:\/\/reocities.com\/Athens\/thebes\/8739\/philo_pet_rep.htm\">REP<\/a>\u00a0\u00a0\u00a0\u00a0\u00a0R\u00e9flexions sur l\u2019enseignement de la philosophie<\/sup><\/strong><\/p>\n<p style=\"text-align: justify\" align=\"center\">\n<p style=\"text-align: justify\" align=\"center\"><strong>Les associations r\u00e9gionales et nationales<\/strong><\/p>\n<p><strong><a href=\"http:\/\/www.philosophie-droit.asso.fr\/\"><sup>Association\u00a0\u00a0Fran\u00e7aise de Philosophie du Droit<\/sup><\/a><\/strong><\/p>\n<p><strong><sup><a href=\"http:\/\/sylvainreboul.free.fr\/sap.htm\">SAP<\/a>\u00a0\u00a0\u00a0\u00a0\u00a0Soci\u00e9t\u00e9 Angevine de Philosophie<\/sup><\/strong><\/p>\n<p><strong><sup><a href=\"http:\/\/www.sofrphilo.fr\/\">Soci\u00e9t\u00e9 Fran\u00e7aise de Philosophie<\/a><\/sup><\/strong><\/p>\n<p><strong><sup><a href=\"http:\/\/www.societenantaisedephilosophie.com\/\">SNP<\/a>\u00a0\u00a0\u00a0\u00a0\u00a0Soci\u00e9t\u00e9 Nantaise de Philosophie<\/sup><\/strong><\/p>\n<p><strong><span style=\"font-size: x-small\"><a href=\"http:\/\/philobourgogne.com\/\">Soci\u00e9t\u00e9 philosophique de Bourgogne<\/a><\/span><\/strong><\/p>\n<p><strong><sup><a href=\"http:\/\/www.sps.ens.fr\/\">SPS<\/a>\u00a0\u00a0\u00a0\u00a0\u00a0Soci\u00e9t\u00e9 de Philosophie des Sciences<\/sup><\/strong><\/p>\n<p style=\"text-align: justify\" align=\"left\">\n<p style=\"text-align: justify\" align=\"left\"><strong>Quelques associations internationales<\/strong><\/p>\n<p align=\"left\"><strong><a href=\"http:\/\/www.aipph.eu\/\"><sup>AIPPH<\/sup><\/a><sup>\u00a0\u00a0\u00a0Association internationale de professeurs de philosophie<\/sup><\/strong><\/p>\n<p align=\"left\"><strong><sup><a href=\"http:\/\/www.sfi.it\/\">SFI<\/a>\u00a0\u00a0\u00a0Soci\u00e9t\u00e9 italienne de philosophie<\/sup><\/strong><\/p>\n","protected":false},"excerpt":{"rendered":"<p>Associations d&#8217;enseignants ACIREPH\u00a0\u00a0 Association pour la Cr\u00e9ation des Instituts de Recherche pour l&#8217;Enseignement de la Philosophie APP\u00a0\u00a0\u00a0Association Pour la Philosophie APPAP\u00a0\u00a0\u00a0\u00a0\u00a0Association des Professeurs de Philosophie de l\u2019acad\u00e9mie de Poitiers APPEP\u00a0\u00a0\u00a0\u00a0Association des Professeurs de Philosophie de l\u2019Enseignement Public APPEP\u00a0\u00a0Section d&#8217;Ile de &hellip; <a href=\"https:\/\/site.ac-martinique.fr\/philosophie\/?page_id=1969\">Continuer la lecture <span class=\"meta-nav\">&rarr;<\/span><\/a><\/p>\n","protected":false},"author":76,"featured_media":0,"parent":1176,"menu_order":3,"comment_status":"closed","ping_status":"closed","template":"","meta":{"footnotes":""},"class_list":["post-1969","page","type-page","status-publish","hentry"],"_links":{"self":[{"href":"https:\/\/site.ac-martinique.fr\/philosophie\/index.php?rest_route=\/wp\/v2\/pages\/1969","targetHints":{"allow":["GET"]}}],"collection":[{"href":"https:\/\/site.ac-martinique.fr\/philosophie\/index.php?rest_route=\/wp\/v2\/pages"}],"about":[{"href":"https:\/\/site.ac-martinique.fr\/philosophie\/index.php?rest_route=\/wp\/v2\/types\/page"}],"author":[{"embeddable":true,"href":"https:\/\/site.ac-martinique.fr\/philosophie\/index.php?rest_route=\/wp\/v2\/users\/76"}],"replies":[{"embeddable":true,"href":"https:\/\/site.ac-martinique.fr\/philosophie\/index.php?rest_route=%2Fwp%2Fv2%2Fcomments&post=1969"}],"version-history":[{"count":1,"href":"https:\/\/site.ac-martinique.fr\/philosophie\/index.php?rest_route=\/wp\/v2\/pages\/1969\/revisions"}],"predecessor-version":[{"id":1970,"href":"https:\/\/site.ac-martinique.fr\/philosophie\/index.php?rest_route=\/wp\/v2\/pages\/1969\/revisions\/1970"}],"up":[{"embeddable":true,"href":"https:\/\/site.ac-martinique.fr\/philosophie\/index.php?rest_route=\/wp\/v2\/pages\/1176"}],"wp:attachment":[{"href":"https:\/\/site.ac-martinique.fr\/philosophie\/index.php?rest_route=%2Fwp%2Fv2%2Fmedia&parent=1969"}],"curies":[{"name":"wp","href":"https:\/\/api.w.org\/{rel}","templated":true}]}}