{"id":1067,"date":"2012-10-09T18:18:27","date_gmt":"2012-10-09T18:18:27","guid":{"rendered":"\/pole-langues\/?page_id=1067"},"modified":"2023-10-16T09:08:20","modified_gmt":"2023-10-16T13:08:20","slug":"page-test-3","status":"publish","type":"page","link":"https:\/\/site.ac-martinique.fr\/pole-langues\/?page_id=1067","title":{"rendered":"Evaluations"},"content":{"rendered":"\n<p>&nbsp;<\/p>\n<h2 style=\"text-align: center;\"><span style=\"color: #0000ff;\"><strong>EVALUATIONS DIAGNOSTIQUES<\/strong><\/span><\/h2>\n<h3 style=\"text-align: center;\"><span style=\"color: #0000ff;\"><strong>du 21 novembre&nbsp; 2022 au 07 d\u00e9cembre 2022<\/strong><\/span><\/h3>\n<h3>&nbsp;<\/h3>\n<h3 style=\"text-align: left;\"><span style=\"color: #ff0000;\"><strong>Outils pour \u00e9valuer l&#8217;oral<\/strong><\/span><\/h3>\n<ul style=\"list-style-type: circle;\">\n<li>Cartes pour l&#8217;interaction- <span style=\"color: #0000ff;\"><strong>Prendre part \u00e0 une conversation\/R\u00e9agir et dialoguer<\/strong><\/span><\/li>\n<\/ul>\n<p>Cartes pour le <a href=\"https:\/\/site.ac-martinique.fr\/pole-langues\/wp-content\/uploads\/sites\/28\/2021\/12\/Cartes-interation-CP.pdf\">CP<\/a><\/p>\n<p>Cartes pour le <a href=\"https:\/\/site.ac-martinique.fr\/pole-langues\/wp-content\/uploads\/sites\/28\/2021\/12\/Cartes-interaction-CE1-1.pdf\">CE1<\/a><\/p>\n<p>Cartes pour le <a href=\"https:\/\/site.ac-martinique.fr\/pole-langues\/wp-content\/uploads\/sites\/28\/2021\/12\/Cartes-interaction-CE2.pdf\">CE2<\/a><\/p>\n<p>Cartes pour le <a href=\"https:\/\/site.ac-martinique.fr\/pole-langues\/wp-content\/uploads\/sites\/28\/2021\/12\/Cartes-interaction-CM1.pdf\">CM1<\/a><\/p>\n<p>Cartes pour le <a href=\"https:\/\/site.ac-martinique.fr\/pole-langues\/wp-content\/uploads\/sites\/28\/2021\/12\/Cartes-interaction-CM2.pdf\">CM2<\/a><\/p>\n<ul style=\"list-style-type: circle;\">\n<li>Cartes pour le<strong> cycle 2<\/strong> et le <strong>cycle 3<\/strong>&#8211; <span style=\"color: #0000ff;\"><strong>S&#8217;exprimer oralement en continu\/Parler en continu<\/strong><\/span><\/li>\n<\/ul>\n\n\n\n\n\n<p><\/p>\n\n\n\n<p>Cartes <a href=\"https:\/\/site.ac-martinique.fr\/pole-langues\/wp-content\/uploads\/sites\/28\/2022\/11\/Cartes-CE1.pdf\">CE1<\/a><\/p>\n\n\n\n<p>Cartes <a href=\"https:\/\/site.ac-martinique.fr\/pole-langues\/wp-content\/uploads\/sites\/28\/2022\/11\/Cartes-CE2.pdf\">CE2<\/a><\/p>\n\n\n\n<p>Cartes <a href=\"https:\/\/site.ac-martinique.fr\/pole-langues\/wp-content\/uploads\/sites\/28\/2022\/11\/Carte-CM1.pdf\">CM1<\/a><\/p>\n\n\n\n<p>Cartes <a href=\"https:\/\/site.ac-martinique.fr\/pole-langues\/wp-content\/uploads\/sites\/28\/2022\/11\/Carte-CM2.pdf\">CM2<\/a><\/p>\n\n\n\n<p><\/p>\n\n\n\n<p><\/p>\n\n\n\n<p><\/p>\n\n\n\n<p>Audio pour valuer la comprehension orale<\/p>\n\n\n\n<p>Exercice 1 CE2  : comprendre \u00e0 l&#8217;oral  <\/p>\n\n\n\n<p><\/p>\n\n\n\n<figure class=\"wp-block-audio\"><audio controls src=\"https:\/\/site.ac-martinique.fr\/pole-langues\/wp-content\/uploads\/sites\/28\/2022\/11\/Exercice-1-comprendre-a-loral-CE2-Handa.mp3\"><\/audio><\/figure>\n\n\n\n<p>Exercice 2 CE2: comprendre \u00e0 l&#8217;oral<\/p>\n\n\n\n<p><\/p>\n\n\n\n<figure class=\"wp-block-audio\"><audio controls src=\"https:\/\/site.ac-martinique.fr\/pole-langues\/wp-content\/uploads\/sites\/28\/2022\/11\/exercice-2-comprendre-loral-CE2.mp3\"><\/audio><\/figure>\n\n\n\n<p>Exercice CM1 : \u00e9couter et comprendre<\/p>\n\n\n\n<figure class=\"wp-block-audio\"><audio controls src=\"https:\/\/site.ac-martinique.fr\/pole-langues\/wp-content\/uploads\/sites\/28\/2022\/11\/Ecouter-et-comprendre-CM1.mp3\"><\/audio><\/figure>\n\n\n\n<p>Fichiers Excel&nbsp; pour les enseignants<\/p>\n\n\n\n<div class=\"wp-block-file\"><a id=\"wp-block-file--media-26f4085b-b597-46af-a7d0-04fb17301e72\" href=\"https:\/\/site.ac-martinique.fr\/pole-langues\/wp-content\/uploads\/sites\/28\/2022\/11\/APPLI_EVAL_LVE_CP_2022.xlsx\">APPLI_EVAL_LVE_CP_2022<\/a><a href=\"https:\/\/site.ac-martinique.fr\/pole-langues\/wp-content\/uploads\/sites\/28\/2022\/11\/APPLI_EVAL_LVE_CP_2022.xlsx\" class=\"wp-block-file__button wp-element-button\" download aria-describedby=\"wp-block-file--media-26f4085b-b597-46af-a7d0-04fb17301e72\">T\u00e9l\u00e9charger<\/a><\/div>\n\n\n\n<div class=\"wp-block-file\"><a id=\"wp-block-file--media-c373f673-6cbf-4c29-be64-dc5196a30607\" href=\"https:\/\/site.ac-martinique.fr\/pole-langues\/wp-content\/uploads\/sites\/28\/2022\/11\/APPLIC_EVAL_DIAG_LVE_CE1_2022-1.xlsx\">APPLIC_EVAL_DIAG_LVE_CE1_2022-1<\/a><a href=\"https:\/\/site.ac-martinique.fr\/pole-langues\/wp-content\/uploads\/sites\/28\/2022\/11\/APPLIC_EVAL_DIAG_LVE_CE1_2022-1.xlsx\" class=\"wp-block-file__button wp-element-button\" download aria-describedby=\"wp-block-file--media-c373f673-6cbf-4c29-be64-dc5196a30607\">T\u00e9l\u00e9charger<\/a><\/div>\n\n\n\n<div class=\"wp-block-file\"><a id=\"wp-block-file--media-bfad9bba-5260-4a30-ac50-a0b034f0f3dc\" href=\"https:\/\/site.ac-martinique.fr\/pole-langues\/wp-content\/uploads\/sites\/28\/2022\/11\/APPLIC_EVAL_DIAG_LVE_CE2_2022.xlsx\">APPLIC_EVAL_DIAG_LVE_CE2_2022<\/a><a href=\"https:\/\/site.ac-martinique.fr\/pole-langues\/wp-content\/uploads\/sites\/28\/2022\/11\/APPLIC_EVAL_DIAG_LVE_CE2_2022.xlsx\" class=\"wp-block-file__button wp-element-button\" download aria-describedby=\"wp-block-file--media-bfad9bba-5260-4a30-ac50-a0b034f0f3dc\">T\u00e9l\u00e9charger<\/a><\/div>\n\n\n\n<div class=\"wp-block-file\"><a id=\"wp-block-file--media-26231673-9bb4-4648-b82e-ad33571e3dbe\" href=\"https:\/\/site.ac-martinique.fr\/pole-langues\/wp-content\/uploads\/sites\/28\/2022\/11\/APPLIC_EVAL_DIAG_LVE_CM1_2022.xlsx\">APPLIC_EVAL_DIAG_LVE_CM1_2022<\/a><a href=\"https:\/\/site.ac-martinique.fr\/pole-langues\/wp-content\/uploads\/sites\/28\/2022\/11\/APPLIC_EVAL_DIAG_LVE_CM1_2022.xlsx\" class=\"wp-block-file__button wp-element-button\" download aria-describedby=\"wp-block-file--media-26231673-9bb4-4648-b82e-ad33571e3dbe\">T\u00e9l\u00e9charger<\/a><\/div>\n\n\n\n<div class=\"wp-block-file\"><a id=\"wp-block-file--media-c3743347-652f-4b81-890a-d243e4ac3de3\" href=\"https:\/\/site.ac-martinique.fr\/pole-langues\/wp-content\/uploads\/sites\/28\/2023\/10\/APPLIC_EVAL_DIAGNOSTIQUES_LVE_CM2_2023.xlsx\">APPLIC_EVAL_DIAGNOSTIQUES_LVE_CM2_2023<\/a><a href=\"https:\/\/site.ac-martinique.fr\/pole-langues\/wp-content\/uploads\/sites\/28\/2023\/10\/APPLIC_EVAL_DIAGNOSTIQUES_LVE_CM2_2023.xlsx\" class=\"wp-block-file__button wp-element-button\" download aria-describedby=\"wp-block-file--media-c3743347-652f-4b81-890a-d243e4ac3de3\">T\u00e9l\u00e9charger<\/a><\/div>\n\n\n<\/p>\n<h1 style=\"text-align: center;\"><span style=\"color: #ff6600;\"><strong>COMMENT EVALUER EN CONTINU?<\/strong><\/span><\/h1>\n<p>L&#8217;\u00e9valuation peut se\u00a0 faire tout au long du parcours d&#8217;apprentissage de l&#8217;\u00e9l\u00e8ve. Elle d\u00e9coule du socle commun des connaissances de comp\u00e9tences et de culture et des programmes en vigueur.<br \/><strong>L&#8217;\u00e9valuation peut se faire en contr\u00f4le continu\u00a0 toute l&#8217;ann\u00e9e.<\/strong>\u00a0<\/p>\n<p><strong>Elle prend la forme d&#8217;une \u00e9valuation positive et met l&#8217;accent sur les progr\u00e8s des \u00e9l\u00e8ves.<\/strong><\/p>\n<p>La r\u00e9flexion des \u00e9quipes p\u00e9dagogiques devrait leur permettre d&#8217;harmoniser les pratiques \u00e9valuatives au sein des \u00e9coles et en faire un v\u00e9ritable levier pour la r\u00e9ussite des \u00e9l\u00e8ves. L&#8217;information aux parents demeure indispensable.<\/p>\n<p>Vous trouverez ci-dessous des propositions de\u00a0 situations et de <strong>th\u00e8mes<\/strong> pour\u00a0 mener cette forme d&#8217;\u00e9valuation.<\/p>\n<ul>\n<li><span style=\"font-family: 'trebuchet ms', geneva; font-size: medium;\">Evaluer le niveau A1<\/span>\n<ul>\n<li><span style=\"font-family: 'trebuchet ms', geneva; font-size: medium;\"><a href=\"\/pole-langues\/wp-content\/uploads\/sites\/28\/2013\/01\/Evaluations.doc\">Situation-1<\/a><\/span><\/li>\n<li><span style=\"font-family: 'trebuchet ms', geneva; font-size: medium;\"><a href=\"\/pole-langues\/wp-content\/uploads\/sites\/28\/2013\/01\/Evaluation-2.doc\">Situation-2<\/a><\/span><\/li>\n<li><span style=\"font-family: 'trebuchet ms', geneva; font-size: medium;\"><a href=\"\/pole-langues\/wp-content\/uploads\/sites\/28\/2013\/01\/evals-pr\u00e9sentation-2.doc\">Situation-3<\/a><\/span><\/li>\n<\/ul>\n<\/li>\n<\/ul>\n<ul>\n<li><span style=\"font-family: 'trebuchet ms', geneva; font-size: medium;\">Evaluation du A1 par th\u00e8me<\/span>\n<ul>\n<li><span style=\"font-family: 'trebuchet ms', geneva; font-size: medium;\"><a href=\"\/pole-langues\/wp-content\/uploads\/sites\/28\/2013\/01\/evaluation-body.doc\">B<\/a><a href=\"\/pole-langues\/wp-content\/uploads\/sites\/28\/2013\/01\/evaluation-body.doc\">ody<\/a><\/span><\/li>\n<li><span style=\"font-family: 'trebuchet ms', geneva; font-size: medium;\">colours<\/span><\/li>\n<li><span style=\"font-family: 'trebuchet ms', geneva; font-size: medium;\">Christmas<\/span><\/li>\n<li><span style=\"font-family: 'trebuchet ms', geneva; font-size: medium;\"><a href=\"\/pole-langues\/wp-content\/uploads\/sites\/28\/2013\/01\/Food-\u00e9valuations.doc\">Food<\/a><\/span><\/li>\n<li><span style=\"font-family: 'trebuchet ms', geneva; font-size: medium;\"><a href=\"\/pole-langues\/wp-content\/uploads\/sites\/28\/2013\/01\/PETS-\u00e9valuations.doc\">Pets<\/a><\/span><\/li>\n<li><span style=\"font-family: 'trebuchet ms', geneva; font-size: medium;\"><a href=\"\/pole-langues\/wp-content\/uploads\/sites\/28\/2013\/01\/Evaluation-sports.doc\">Sports<\/a><\/span><\/li>\n<\/ul>\n<\/li>\n<\/ul>\n<ul>\n<li><span style=\"font-family: 'trebuchet ms', geneva; font-size: medium;\">Evaluer par activit\u00e9s langagi\u00e8res<\/span>\n<ul>\n<li><span style=\"font-family: 'trebuchet ms', geneva; font-size: medium;\"><a href=\"\/pole-langues\/wp-content\/uploads\/sites\/28\/2012\/10\/COMPREHENSION-ORALE-activit\u00e9s-pour-\u00e9valuer1.doc\">COMPREHENSION ORALE \u00a0: activit\u00e9s pour \u00e9valuer<\/a><\/span><\/li>\n<li><span style=\"font-family: 'trebuchet ms', geneva; font-size: medium;\"><a href=\"\/pole-langues\/wp-content\/uploads\/sites\/28\/2012\/10\/PARLER-EN-CONTINU-activit\u00e9s-pour-\u00e9valuer1.doc\">PARLER EN CONTINU \u00a0: activit\u00e9s pour \u00e9valuer<\/a><\/span><\/li>\n<li><span style=\"font-family: 'trebuchet ms', geneva; font-size: medium;\"><a href=\"\/pole-langues\/wp-content\/uploads\/sites\/28\/2012\/10\/LIRE-activit\u00e9s-pour-\u00e9valuer.doc\">LIRE \u00a0: activit\u00e9s pour \u00e9valuer<\/a><\/span><\/li>\n<li><span style=\"font-family: 'trebuchet ms', geneva; font-size: medium;\"><a href=\"\/pole-langues\/wp-content\/uploads\/sites\/28\/2012\/10\/ECRIRE-activit\u00e9s-pour-\u00e9valuer1.doc\">ECRIRE activit\u00e9s pour \u00e9valuer<\/a><\/span><\/li>\n<\/ul>\n<\/li>\n<\/ul>\n<h1>Outils d&#8217;\u00e9valuation<\/h1>\n<p><span style=\"font-family: 'trebuchet ms', geneva; font-size: medium;\">Afin de mettre en place l&#8217;\u00e9valuation en continu, vous trouverez ci-dessous un outil sous Excel.<\/span><\/p>\n<p><a href=\"\/pole-langues\/wp-content\/uploads\/sites\/28\/2015\/10\/evals_A1_classe_2015-2016.xlsx\">\u00a0<img loading=\"lazy\" decoding=\"async\" src=\"\/pole-langues\/wp-content\/uploads\/sites\/28\/2014\/12\/mini_excel.png\" alt=\"\" width=\"30\" height=\"30\" \/><span style=\"font-family: 'trebuchet ms', geneva; font-size: medium;\">\u00a0&#8211; Outils d&#8217;\u00e9valuation en continu LVE.<\/span><\/a>\u00a0<strong><span style=\"font-family: 'trebuchet ms', geneva; font-size: medium;\">Mis \u00e0 jour 2015-16<\/span><\/strong><br \/><a href=\"dida_eval\"><br \/><\/a><\/p>\n<h1><a name=\"dida_eva\"><\/a>Livres Multim\u00e9dia Didapages<\/h1>\n<p><span style=\"font-family: 'trebuchet ms', geneva; font-size: medium;\">Vous trouverez \u00a0ci dessous des livres multim\u00e9dia Didapages pour l&#8217;entrainement des \u00e9l\u00e8ves \u00e0 l&#8217;\u00e9valuation.<\/span><\/p>\n<p><span style=\"font-family: 'trebuchet ms', geneva; font-size: medium;\">&#8211; T\u00e9l\u00e9charger le fichier ZIP<br \/><span style=\"font-family: 'trebuchet ms', geneva; font-size: medium;\">&#8211; Extraire enti\u00e8rement le fichier<br \/><span style=\"font-family: 'trebuchet ms', geneva; font-size: medium;\">&#8211; Cliquer sur le fichier &#8220;<strong>Index.html<\/strong>&#8220;<\/span><\/span><\/span><\/p>\n<p><img loading=\"lazy\" decoding=\"async\" class=\"alignleft\" src=\"\/pole-langues\/wp-content\/uploads\/sites\/28\/2015\/02\/dida_livre_1.png\" alt=\"\" width=\"100\" height=\"143\" \/><\/p>\n<p><a href=\"https:\/\/mega.co.nz\/#!Adwj1ARB!QtVjSoWbj_LvJ_fz0E_ThWN10L7CVlLNfMJHen8PFKU\">\u00a0<\/a><\/p>\n<p><a href=\"https:\/\/mega.co.nz\/#!Adwj1ARB!QtVjSoWbj_LvJ_fz0E_ThWN10L7CVlLNfMJHen8PFKU\">\u00a0<\/a><\/p>\n<p><a href=\"https:\/\/mega.co.nz\/#!Adwj1ARB!QtVjSoWbj_LvJ_fz0E_ThWN10L7CVlLNfMJHen8PFKU\"><span style=\"font-family: 'trebuchet ms', geneva; font-size: medium;\">&#8211; Outils d&#8217;Entrainement et d&#8217;Aide \u00e0 l&#8217;Evaluation du Niveau A1 : <strong>LIVRE 1 : Comprendre \u00e0 l&#8217;Oral\u00a0<\/strong><\/span><\/a><\/p>\n<\/p>\n<p><img loading=\"lazy\" decoding=\"async\" class=\"alignleft\" src=\"\/pole-langues\/wp-content\/uploads\/sites\/28\/2015\/02\/dida_livre_2.png\" alt=\"\" width=\"100\" height=\"145\" \/><\/p>\n<p><a href=\"https:\/\/mega.co.nz\/#!VZR2EB4Y!XQDZ-oPpD_Br9ZYbl-6dm4vTBoJPsyaFM9xZN3HkOtE\">\u00a0<\/a><\/p>\n<p><a href=\"https:\/\/mega.co.nz\/#!VZR2EB4Y!XQDZ-oPpD_Br9ZYbl-6dm4vTBoJPsyaFM9xZN3HkOtE\"><span style=\"font-family: 'trebuchet ms', geneva; font-size: medium;\">&#8211; Outils d&#8217;Entrainement et d&#8217;Aide \u00e0 l&#8217;Evaluation du Niveau A1 : <strong>LIVRE 2 : Lire<\/strong><\/span><\/a><\/p>\n<\/p>\n\n\n\n\n\n","protected":false},"excerpt":{"rendered":"<p>&nbsp; EVALUATIONS DIAGNOSTIQUES du 21 novembre&nbsp; 2022 au 07 d\u00e9cembre 2022 &nbsp; Outils pour \u00e9valuer l&#8217;oral Cartes pour l&#8217;interaction- Prendre part \u00e0 une conversation\/R\u00e9agir et dialoguer Cartes pour le CP Cartes pour le CE1 Cartes pour le CE2 Cartes pour &hellip; <a href=\"https:\/\/site.ac-martinique.fr\/pole-langues\/?page_id=1067\">Continuer la lecture <span class=\"meta-nav\">&rarr;<\/span><\/a><\/p>\n","protected":false},"author":87,"featured_media":0,"parent":0,"menu_order":0,"comment_status":"closed","ping_status":"closed","template":"","meta":{"footnotes":""},"class_list":["post-1067","page","type-page","status-publish","hentry"],"_links":{"self":[{"href":"https:\/\/site.ac-martinique.fr\/pole-langues\/index.php?rest_route=\/wp\/v2\/pages\/1067","targetHints":{"allow":["GET"]}}],"collection":[{"href":"https:\/\/site.ac-martinique.fr\/pole-langues\/index.php?rest_route=\/wp\/v2\/pages"}],"about":[{"href":"https:\/\/site.ac-martinique.fr\/pole-langues\/index.php?rest_route=\/wp\/v2\/types\/page"}],"author":[{"embeddable":true,"href":"https:\/\/site.ac-martinique.fr\/pole-langues\/index.php?rest_route=\/wp\/v2\/users\/87"}],"replies":[{"embeddable":true,"href":"https:\/\/site.ac-martinique.fr\/pole-langues\/index.php?rest_route=%2Fwp%2Fv2%2Fcomments&post=1067"}],"version-history":[{"count":76,"href":"https:\/\/site.ac-martinique.fr\/pole-langues\/index.php?rest_route=\/wp\/v2\/pages\/1067\/revisions"}],"predecessor-version":[{"id":4432,"href":"https:\/\/site.ac-martinique.fr\/pole-langues\/index.php?rest_route=\/wp\/v2\/pages\/1067\/revisions\/4432"}],"wp:attachment":[{"href":"https:\/\/site.ac-martinique.fr\/pole-langues\/index.php?rest_route=%2Fwp%2Fv2%2Fmedia&parent=1067"}],"curies":[{"name":"wp","href":"https:\/\/api.w.org\/{rel}","templated":true}]}}