{"id":2075,"date":"2014-11-08T16:54:34","date_gmt":"2014-11-08T20:54:34","guid":{"rendered":"\/pole-langues\/?page_id=2075"},"modified":"2014-11-08T17:12:47","modified_gmt":"2014-11-08T21:12:47","slug":"projet-de-la-mission","status":"publish","type":"page","link":"https:\/\/site.ac-martinique.fr\/pole-langues\/?page_id=2075","title":{"rendered":"Projet de la mission"},"content":{"rendered":"<h1><span style=\"font-size: x-large\"><strong>Les priorit\u00e9s<\/strong><\/span><\/h1>\n<p>&nbsp;<\/p>\n<ul>\n<li>Renforcer la mise en place des mobilit\u00e9s virtuelles et physiques.<\/li>\n<li>Favoriser les pratiques p\u00e9dagogiques innovantes int\u00e9grant le num\u00e9rique.<\/li>\n<li>Garantir un cadre serein dans le cadre de la mission LVE<\/li>\n<\/ul>\n<p><span style=\"font-size: x-large\"><strong>Axe N\u00b01 : Renforcer la mise en place des mobilit\u00e9s virtuelles et physiques.<\/strong><\/span><strong><\/strong><\/p>\n<ul>\n<li><em><strong>Objectif 1 : former et accompagner les enseignants dans les projets mobilit\u00e9.<\/strong><\/em><\/li>\n<ul>\n<li>Action 1 : Mettre en place un plan de formation au niveau la Mission.<\/li>\n<ul>\n<li>\u00a0Indicateurs\u00a0: R\u00e9daction du plan de formation<\/li>\n<\/ul>\n<li>Action 2 : Cr\u00e9er un parcours FOAD sur la mobilit\u00e9 virtuelle et physique.<\/li>\n<ul>\n<li>Indicateurs\u00a0: Cr\u00e9ation du parcours FOAD (Juin 2015)<\/li>\n<\/ul>\n<li>Action 3 : Mener une action de formations par circonscription en promouvant les dispositifs sur site.<\/li>\n<ul>\n<li>Indicateurs\u00a0: Nombre d\u2019enseignants form\u00e9s<\/li>\n<li>Indicateurs\u00a0: Nombre d\u2019\u00e9coles cibl\u00e9es.<\/li>\n<\/ul>\n<\/ul>\n<\/ul>\n<ul>\n<li><em><strong>Objectif 2 : Accompagner les \u00e9coles dans la r\u00e9daction et la mise en \u0153uvre de projets.<\/strong><\/em><\/li>\n<ul>\n<li>Action 1<strong>\u00a0:\u00a0<\/strong>Elaborer un guide pour la r\u00e9daction du projet.<\/li>\n<ul>\n<li>Indicateurs\u00a0: R\u00e9alisation du guide et du formulaire<\/li>\n<\/ul>\n<li>Action 2 : Initier par l\u2019exemple des projets de mobilit\u00e9 dans toutes les circonscriptions.<\/li>\n<ul>\n<li>Indicateurs\u00a0: Nombre de projets initi\u00e9s,<\/li>\n<li>Indicateurs\u00a0: Nombre de projets men\u00e9s \u00e0 terme.<\/li>\n<\/ul>\n<li>Action 3 : Recenser les projets de mobilit\u00e9 et \u00e9laborer un outil de pilotage.<\/li>\n<ul>\n<li>Indicateurs\u00a0: Cr\u00e9ation de l\u2019outil de pilotage.<\/li>\n<\/ul>\n<\/ul>\n<\/ul>\n<ul>\n<li><em><strong>Objectif \u00a03 : promouvoir les actions et les productions des \u00e9quipes.<\/strong><\/em><\/li>\n<ul>\n<li>\u00a0Action 1 : Mutualiser les projets et les productions par le biais du num\u00e9rique<\/li>\n<ul>\n<li>Indicateurs\u00a0: Nombre de projets mutualis\u00e9s.<\/li>\n<\/ul>\n<li>Action 2 : Cr\u00e9er des groupes de travail.<\/li>\n<ul>\n<li>Indicateurs\u00a0: Nombre de rencontres du groupe de travail.<\/li>\n<\/ul>\n<\/ul>\n<\/ul>\n<p><span style=\"font-size: x-large\"><strong>Axe N\u00b0 2 : Favoriser les pratiques p\u00e9dagogiques innovantes int\u00e9grant le num\u00e9rique.<\/strong><strong><\/strong><\/span><\/p>\n<ul>\n<li><span style=\"font-size: medium\">\u00a0<strong><em>Objectif 1 : former les enseignants aux outils num\u00e9riques existant.<\/em><\/strong><\/span><\/li>\n<ul>\n<li>Action 1 : Mettre en place un plan de formation au niveau la Mission.<\/li>\n<ul>\n<li>Indicateurs\u00a0: R\u00e9daction du plan de formation<\/li>\n<\/ul>\n<li>Action 2 : R\u00e9investir la formation re\u00e7ue dans le cadre des animations de circonscription<\/li>\n<ul>\n<li>Indicateurs\u00a0: Nombre d\u2019animations LVE int\u00e9grant le Num\u00e9rique<\/li>\n<\/ul>\n<li>Action 3 : Favoriser la coop\u00e9ration entre ATICE LVE et ATICE de Circonscription.<\/li>\n<ul>\n<li>Indicateurs\u00a0: Nombre d\u2019\u00e9change et de projets coop\u00e9ratifs.<\/li>\n<\/ul>\n<\/ul>\n<\/ul>\n<ul>\n<li><strong><em>Objectif 2 : Encourager la cr\u00e9ativit\u00e9 et par la production et le suivi.<\/em><\/strong><\/li>\n<ul>\n<li>Action 1 : Promouvoir l\u2019innovation et la cr\u00e9ativit\u00e9 dans le domaine du LVE<\/li>\n<ul>\n<li>Indicateurs\u00a0: Nombre d\u2019actions innovantes int\u00e9grant la LVE.<\/li>\n<\/ul>\n<\/ul>\n<\/ul>\n<ul>\n<li><strong><em>Objectif 3 : Favoriser une meilleure prise en contre l\u2019h\u00e9t\u00e9rog\u00e9n\u00e9it\u00e9 des \u00e9l\u00e8ves en LVE par le biais du num\u00e9rique.<\/em><\/strong><\/li>\n<ul>\n<li>Action 1 : Former \u00e0 l\u2019h\u00e9t\u00e9rog\u00e9n\u00e9it\u00e9.<\/li>\n<ul>\n<li>Indicateurs\u00a0: Nombre de formations propos\u00e9es sur l\u2019h\u00e9t\u00e9rog\u00e9n\u00e9it\u00e9<\/li>\n<\/ul>\n<li>Action 2 : Initier la r\u00e9flexion sur l\u2019h\u00e9t\u00e9rog\u00e9n\u00e9it\u00e9 et la LVE.<\/li>\n<\/ul>\n<\/ul>\n<p><span style=\"font-size: x-large\"><strong>Axe N\u00b03 : Garantir un cadre serein dans le cadre de la mission LVE<\/strong><\/span><strong><\/strong><\/p>\n<ul>\n<li><strong><em>Objectif 1 : Accompagner chaque membre dans son projet professionnel<\/em><\/strong><\/li>\n<ul>\n<li>Action 1 : Rencontrer chaque membre afin d\u2019identifier les besoins et conseiller.<\/li>\n<\/ul>\n<li><strong><em>Objectif 2 : Informer sur les diff\u00e9rentes fili\u00e8res de formation professionnelle<\/em><\/strong>\u00a0personnelle<\/li>\n<ul>\n<li>Action 1 : \u00a0Mettre en place une formation individualis\u00e9e et de groupe.<\/li>\n<li>Action 2 : Transmettre les informations officielles (dates d\u2019inscription aux diff\u00e9rents concours,&#8230;)<\/li>\n<\/ul>\n<li><em><strong>Objectif 3 : Former sur les actes administratifs et la posture en examens<\/strong><\/em><\/li>\n<ul>\n<li>Action 1: Former aux \u00e9crits professionnels<\/li>\n<li>Action 2: Mettre en place des simulations d\u2019entretiens.<\/li>\n<ul>\n<li>Indicateurs:<\/li>\n<ul>\n<li>nombre de coll\u00e8gues inscrits dans un examen ou concours,<\/li>\n<li>nombre de coll\u00e8gues ayant r\u00e9ussis,<\/li>\n<li>nombre de commissions mis en place.<\/li>\n<\/ul>\n<\/ul>\n<\/ul>\n<\/ul>\n","protected":false},"excerpt":{"rendered":"<p>Les priorit\u00e9s &nbsp; Renforcer la mise en place des mobilit\u00e9s virtuelles et physiques. Favoriser les pratiques p\u00e9dagogiques innovantes int\u00e9grant le num\u00e9rique. Garantir un cadre serein dans le cadre de la mission LVE Axe N\u00b01 : Renforcer la mise en place &hellip; <a href=\"https:\/\/site.ac-martinique.fr\/pole-langues\/?page_id=2075\">Continuer la lecture <span class=\"meta-nav\">&rarr;<\/span><\/a><\/p>\n","protected":false},"author":87,"featured_media":0,"parent":2066,"menu_order":0,"comment_status":"closed","ping_status":"closed","template":"","meta":{"footnotes":""},"class_list":["post-2075","page","type-page","status-publish","hentry"],"_links":{"self":[{"href":"https:\/\/site.ac-martinique.fr\/pole-langues\/index.php?rest_route=\/wp\/v2\/pages\/2075","targetHints":{"allow":["GET"]}}],"collection":[{"href":"https:\/\/site.ac-martinique.fr\/pole-langues\/index.php?rest_route=\/wp\/v2\/pages"}],"about":[{"href":"https:\/\/site.ac-martinique.fr\/pole-langues\/index.php?rest_route=\/wp\/v2\/types\/page"}],"author":[{"embeddable":true,"href":"https:\/\/site.ac-martinique.fr\/pole-langues\/index.php?rest_route=\/wp\/v2\/users\/87"}],"replies":[{"embeddable":true,"href":"https:\/\/site.ac-martinique.fr\/pole-langues\/index.php?rest_route=%2Fwp%2Fv2%2Fcomments&post=2075"}],"version-history":[{"count":6,"href":"https:\/\/site.ac-martinique.fr\/pole-langues\/index.php?rest_route=\/wp\/v2\/pages\/2075\/revisions"}],"predecessor-version":[{"id":2081,"href":"https:\/\/site.ac-martinique.fr\/pole-langues\/index.php?rest_route=\/wp\/v2\/pages\/2075\/revisions\/2081"}],"up":[{"embeddable":true,"href":"https:\/\/site.ac-martinique.fr\/pole-langues\/index.php?rest_route=\/wp\/v2\/pages\/2066"}],"wp:attachment":[{"href":"https:\/\/site.ac-martinique.fr\/pole-langues\/index.php?rest_route=%2Fwp%2Fv2%2Fmedia&parent=2075"}],"curies":[{"name":"wp","href":"https:\/\/api.w.org\/{rel}","templated":true}]}}

<h1><span style="font-size: x-large"><strong>Les priorités</strong></span></h1>
<p>&nbsp;</p>
<ul>
<li>Renforcer la mise en place des mobilités virtuelles et physiques.</li>
<li>Favoriser les pratiques pédagogiques innovantes intégrant le numérique.</li>
<li>Garantir un cadre serein dans le cadre de la mission LVE</li>
</ul>
<p><span style="font-size: x-large"><strong>Axe N°1 : Renforcer la mise en place des mobilités virtuelles et physiques.</strong></span><strong></strong></p>
<ul>
<li><em><strong>Objectif 1 : former et accompagner les enseignants dans les projets mobilité.</strong></em></li>
<ul>
<li>Action 1 : Mettre en place un plan de formation au niveau la Mission.</li>
<ul>
<li> Indicateurs : Rédaction du plan de formation</li>
</ul>
<li>Action 2 : Créer un parcours FOAD sur la mobilité virtuelle et physique.</li>
<ul>
<li>Indicateurs : Création du parcours FOAD (Juin 2015)</li>
</ul>
<li>Action 3 : Mener une action de formations par circonscription en promouvant les dispositifs sur site.</li>
<ul>
<li>Indicateurs : Nombre d’enseignants formés</li>
<li>Indicateurs : Nombre d’écoles ciblées.</li>
</ul>
</ul>
</ul>
<ul>
<li><em><strong>Objectif 2 : Accompagner les écoles dans la rédaction et la mise en œuvre de projets.</strong></em></li>
<ul>
<li>Action 1<strong> : </strong>Elaborer un guide pour la rédaction du projet.</li>
<ul>
<li>Indicateurs : Réalisation du guide et du formulaire</li>
</ul>
<li>Action 2 : Initier par l’exemple des projets de mobilité dans toutes les circonscriptions.</li>
<ul>
<li>Indicateurs : Nombre de projets initiés,</li>
<li>Indicateurs : Nombre de projets menés à terme.</li>
</ul>
<li>Action 3 : Recenser les projets de mobilité et élaborer un outil de pilotage.</li>
<ul>
<li>Indicateurs : Création de l’outil de pilotage.</li>
</ul>
</ul>
</ul>
<ul>
<li><em><strong>Objectif  3 : promouvoir les actions et les productions des équipes.</strong></em></li>
<ul>
<li> Action 1 : Mutualiser les projets et les productions par le biais du numérique</li>
<ul>
<li>Indicateurs : Nombre de projets mutualisés.</li>
</ul>
<li>Action 2 : Créer des groupes de travail.</li>
<ul>
<li>Indicateurs : Nombre de rencontres du groupe de travail.</li>
</ul>
</ul>
</ul>
<p><span style="font-size: x-large"><strong>Axe N° 2 : Favoriser les pratiques pédagogiques innovantes intégrant le numérique.</strong><strong></strong></span></p>
<ul>
<li><span style="font-size: medium"> <strong><em>Objectif 1 : former les enseignants aux outils numériques existant.</em></strong></span></li>
<ul>
<li>Action 1 : Mettre en place un plan de formation au niveau la Mission.</li>
<ul>
<li>Indicateurs : Rédaction du plan de formation</li>
</ul>
<li>Action 2 : Réinvestir la formation reçue dans le cadre des animations de circonscription</li>
<ul>
<li>Indicateurs : Nombre d’animations LVE intégrant le Numérique</li>
</ul>
<li>Action 3 : Favoriser la coopération entre ATICE LVE et ATICE de Circonscription.</li>
<ul>
<li>Indicateurs : Nombre d’échange et de projets coopératifs.</li>
</ul>
</ul>
</ul>
<ul>
<li><strong><em>Objectif 2 : Encourager la créativité et par la production et le suivi.</em></strong></li>
<ul>
<li>Action 1 : Promouvoir l’innovation et la créativité dans le domaine du LVE</li>
<ul>
<li>Indicateurs : Nombre d’actions innovantes intégrant la LVE.</li>
</ul>
</ul>
</ul>
<ul>
<li><strong><em>Objectif 3 : Favoriser une meilleure prise en contre l’hétérogénéité des élèves en LVE par le biais du numérique.</em></strong></li>
<ul>
<li>Action 1 : Former à l’hétérogénéité.</li>
<ul>
<li>Indicateurs : Nombre de formations proposées sur l’hétérogénéité</li>
</ul>
<li>Action 2 : Initier la réflexion sur l’hétérogénéité et la LVE.</li>
</ul>
</ul>
<p><span style="font-size: x-large"><strong>Axe N°3 : Garantir un cadre serein dans le cadre de la mission LVE</strong></span><strong></strong></p>
<ul>
<li><strong><em>Objectif 1 : Accompagner chaque membre dans son projet professionnel</em></strong></li>
<ul>
<li>Action 1 : Rencontrer chaque membre afin d’identifier les besoins et conseiller.</li>
</ul>
<li><strong><em>Objectif 2 : Informer sur les différentes filières de formation professionnelle</em></strong> personnelle</li>
<ul>
<li>Action 1 :  Mettre en place une formation individualisée et de groupe.</li>
<li>Action 2 : Transmettre les informations officielles (dates d’inscription aux différents concours,&#8230;)</li>
</ul>
<li><em><strong>Objectif 3 : Former sur les actes administratifs et la posture en examens</strong></em></li>
<ul>
<li>Action 1: Former aux écrits professionnels</li>
<li>Action 2: Mettre en place des simulations d’entretiens.</li>
<ul>
<li>Indicateurs:</li>
<ul>
<li>nombre de collègues inscrits dans un examen ou concours,</li>
<li>nombre de collègues ayant réussis,</li>
<li>nombre de commissions mis en place.</li>
</ul>
</ul>
</ul>
</ul>

<p>Les priorités &nbsp; Renforcer la mise en place des mobilités virtuelles et physiques. Favoriser les pratiques pédagogiques innovantes intégrant le numérique. Garantir un cadre serein dans le cadre de la mission LVE Axe N°1 : Renforcer la mise en place &hellip; <a href="https://site.ac-martinique.fr/pole-langues/?page_id=2075">Continuer la lecture <span class="meta-nav">&rarr;</span></a></p>
