{"id":2119,"date":"2014-12-16T13:32:24","date_gmt":"2014-12-16T17:32:24","guid":{"rendered":"\/pole-langues\/?page_id=2119"},"modified":"2019-09-20T10:43:07","modified_gmt":"2019-09-20T14:43:07","slug":"sitographie","status":"publish","type":"page","link":"https:\/\/site.ac-martinique.fr\/pole-langues\/?page_id=2119","title":{"rendered":"Sitographie"},"content":{"rendered":"<h1>Outils<\/h1>\n<p><span style=\"font-size: medium;\">Tools\u00a0for teachers<\/span><\/p>\n<ul>\n<li>CNN\u00a0\u00a0<a href=\"http:\/\/edition.cnn.com\/\">http:\/\/edition.cnn.com\/<\/a><\/li>\n<li>BBC\u00a0\u00a0<a href=\"http:\/\/www.bbc.co.uk\/news\/\">http:\/\/www.bbc.co.uk\/news\/<\/a><\/li>\n<li>ESL\u00a0\u00a0\u00a0<a href=\"http:\/\/www.esl-lab.com\/\">http:\/\/www.esl-lab.com\/<\/a><\/li>\n<li>AUDIO LINGUA\u00a0<a href=\"http:\/\/www.audio-lingua.eu\/spip.php?rubrique2\">http:\/\/www.audio-lingua.eu\/spip.php?rubrique2<\/a><\/li>\n<li>Cr\u00e9er un avatar VOKI\u00a0<a href=\"http:\/\/www.voki.com\/\">http:\/\/www.voki.com\/<\/a><\/li>\n<li>Cr\u00e9er des flashcards associant texte, audio et image\u00a0<a href=\"http:\/\/ankisrs.net\/\">http:\/\/ankisrs.net\/<\/a><\/li>\n<li>English for schools\u00a0\u00a0<a href=\"http:\/\/teachers.englishforschools.fr\/\">http:\/\/teachers.englishforschools.fr\/<\/a><\/li>\n<\/ul>\n<p><span style=\"font-size: medium;\">Tools for pupils<\/span><\/p>\n<ul>\n<li>English for schools\u00a0\u00a0<a href=\"http:\/\/kids.englishforschools.fr\/\">http:\/\/kids.englishforschools.fr\/<\/a><\/li>\n<li>Didapages\n<ul>\n<li>Logiciel<\/li>\n<li>Didapages<\/li>\n<\/ul>\n<\/li>\n<li>Audio lingua\n<ul>\n<li>Anglais\u00a0\u00a0<a href=\"http:\/\/www.audio-lingua.eu\/spip.php?mot10&amp;id_rubrique=2\">http:\/\/www.audio-lingua.eu\/spip.php?mot10&amp;id_rubrique=2<\/a><\/li>\n<li>Espagnol\u00a0\u00a0<a href=\"http:\/\/www.audio-lingua.eu\/spip.php?mot10\">http:\/\/www.audio-lingua.eu\/spip.php?mot10<\/a><\/li>\n<\/ul>\n<\/li>\n<\/ul>\n<p><span style=\"color: #000000; font-weight: bold;\">SITES OFFICIELS<\/span><\/p>\n<div>\n<div>\n<div>\n<p><a href=\"http:\/\/www.education.gouv.fr\">http:\/\/www.education.gouv.fr <\/a><br \/>\n<a href=\"http:\/\/www.primlangues.education.fr\">http:\/\/www.primlangues.education.fr<\/a><br \/>\n<a href=\"http:\/\/www.eduscol.education.fr\">http:\/\/www.eduscol.education.fr <\/a><br \/>\n<a href=\"http:\/\/www.ciep.fr\">http:\/\/www.ciep.fr <\/a><br \/>\n<a href=\"http:\/\/www.banqoutils.education.fr\">http:\/\/www.banqoutils.education.fr <\/a><br \/>\n<a href=\"http:\/\/www.europe-education-formation.fr\">http:\/\/www.europe-education-formation.fr<\/a><br \/>\n<a href=\"http:\/\/www.etwinning.fr\">http:\/\/www.etwinning.fr\u00a0<\/a><\/p>\n<h1>SITES ACADEMIQUES<\/h1>\n<p><a href=\"http:\/\/www.ac-amiens.fr\/academie\/pedagogie\/anglais\/\">http:\/\/www.ac-amiens.fr\/academie\/pedagogie\/anglais\/ <\/a><br \/>\n<a href=\"http:\/\/www.ac-toulouse.fr\/anglais\">http:\/\/www.ac-toulouse.fr\/anglais <\/a><br \/>\n<a href=\"http:\/\/crdp.ac-dijon.fr\/-Anglais-en-primaire-.html\">http:\/\/crdp.ac-dijon.fr\/-Anglais-en-primaire-.html <\/a><br \/>\n<a href=\"http:\/\/www.ac-grenoble.fr\/ecole\/chabons\/langues1\/banque.html\">http:\/\/www.ac-grenoble.fr\/ecole\/chabons\/langues1\/banque.html <\/a><br \/>\n<a href=\"http:\/\/www.educreuse23.ac-limoges.fr\">http:\/\/www.educreuse23.ac-limoges.fr<\/a><br \/>\n<a href=\"http:\/\/web-ia.ac-poitiers.fr%20http:\/\/www.ac.poitiers.fr\/ia79\/langues\/index.html\">http:\/\/web-ia.ac-poitiers.fr http:\/\/www.ac.poitiers.fr\/ia79\/langues\/index.html<\/a> (++ Storytelling)<br \/>\n<a href=\"http:\/\/www.ac-versailles.fr\/pedagogi\/defi%20http:\/\/www.crdp-nantes.cndp.fr\">http:\/\/www.ac-versailles.fr\/pedagogi\/defi http:\/\/www.crdp-nantes.cndp.fr<\/a> (++ Nursery Rhymes)<br \/>\n<a href=\"http:\/\/www.ac-orleans-tours.fr\">http:\/\/www.ac-orleans-tours.fr<\/a> (++ chants \u00e0 th\u00e8mes)<br \/>\n<a href=\"http:\/\/crdp-limousin.fr\">http:\/\/crdp-limousin.fr<\/a><br \/>\n<a href=\"http:\/\/www.enseignants-du-primaire.org\">http:\/\/www.enseignants-du-primaire.org <\/a><\/p>\n<h1>SE PERFECTIONNER EN ANGLAIS<\/h1>\n<p><a href=\"http:\/\/www.enseignants-du-primaire.org\">http:\/\/www.enseignants-du-primaire.org <\/a><br \/>\n<a href=\"http:\/\/www.thefreedictionary.com\/congrtulation\">http:\/\/www.thefreedictionary.com\/congrtulation <\/a><br \/>\n<a href=\"http:\/\/dictionnaire.reverso.net\/anglais-francais\/\">http:\/\/dictionnaire.reverso.net\/anglais-francais\/ <\/a><br \/>\n<a href=\"http:\/\/www.howjsay.com\">http:\/\/www.howjsay.com <\/a>(pour v\u00e9rifier la prononciation)<br \/>\n<a href=\"http:\/\/www.esl-lab.com\">http:\/\/www.esl-lab.com<\/a><br \/>\n<a href=\"http:\/\/www.eslgo.com\">http:\/\/www.eslgo.com<\/a><br \/>\n<a href=\"http:\/\/www.esl-lounge.com\">http:\/\/www.esl-lounge.com<\/a><br \/>\n<a href=\"http:\/\/www.language-lab.org\">http:\/\/www.language-lab.org<\/a><br \/>\n<a href=\"http:\/\/www.bbc.co.uk\/worldservice\/learnenglish\/\">http:\/\/www.bbc.co.uk\/worldservice\/learnenglish\/<\/a><br \/>\n<a href=\"http:\/\/www.britishcouncil.org.br\">http:\/\/www.britishcouncil.org.br<\/a><br \/>\n<a href=\"http:\/\/news.bbc.co.uk\">http:\/\/news.bbc.co.uk<\/a><br \/>\n<a href=\"http:\/\/www.britishcouncil.org\/kids.htm\">http:\/\/www.britishcouncil.org\/kids.htm<\/a><br \/>\n<a href=\"http:\/\/www.englishpage.com\">http:\/\/www.englishpage.com<\/a><br \/>\n<a href=\"http:\/\/www.e-mesh.com\/\">http:\/\/www.e-mesh.com\/<\/a><br \/>\n<a href=\"http:\/\/www.as-tu-vu.com\/cours-de-langues\/\">http:\/\/www.as-tu-vu.com\/cours-de-langues\/<\/a><br \/>\n<a href=\"http:\/\/www.soundguideweb.com\">http:\/\/www.soundguideweb.com <\/a>(++ documents audio vid\u00e9o suivis d\u2019exercices de compr\u00e9hension)<br \/>\n<a href=\"http:\/\/www.learnenglish.org.uk\/adultframe.html\">http:\/\/www.learnenglish.org.uk\/adultframe.html <\/a>(auto-formation propos\u00e9e par le British Council)<br \/>\n<a href=\"http:\/\/www.aap.org\/audio\/\">http:\/\/www.aap.org\/audio\/ <\/a>(\u00ab A minute for kids\u201d, one minute radio program)<br \/>\n<a href=\"http:\/\/www.studentsoftheworld.info\/\">http:\/\/www.studentsoftheworld.info\/ <\/a><br \/>\n<a href=\"\/\/\/Users\/eddy\/Documents\/www.languageguide.org\/anglais\/\">www.languageguide.org\/anglais\/\u00a0\u00a0\u00a0 <\/a><br \/>\n<a href=\"\/\/\/Users\/eddy\/Documents\/www.franglish.fr\">www.franglish.fr\u00a0\u00a0\u00a0 <\/a><br \/>\n<a href=\"http:\/\/www.learnenglish.org.uk\/adult%20frame.html\">http:\/\/www.learnenglish.org.uk\/adult frame.html\u00a0\u00a0\u00a0<\/a><br \/>\n<a href=\"\/\/\/Users\/eddy\/Documents\/www.antimoon.com\/how\/pronunc-soundsipa.htm\">www.antimoon.com\/how\/pronunc-soundsipa.htm<\/a><br \/>\n<a href=\"\/\/\/Users\/eddy\/Documents\/www.soundguideweb.com\">www.soundguideweb.com\u00a0<\/a><br \/>\n<a href=\"\/\/\/Users\/eddy\/Documents\/www.cdlponline.org\/\">www.cdlponline.org\/\u00a0\u00a0\u00a0 <\/a><br \/>\n<a href=\"http:\/\/cctc.commnet.edu\/grammar\/\">http:\/\/cctc.commnet.edu\/grammar\/\u00a0<\/a><br \/>\n<a href=\"http:\/\/perso.wanadoo.es\/autoenglish\/freeexercises.htm\">http:\/\/perso.wanadoo.es\/autoenglish\/freeexercises.htm\u00a0\u00a0<\/a><br \/>\n<a href=\"\/\/\/Users\/eddy\/Documents\/www.nytimes.com\/learning\/\">www.nytimes.com\/learning\/<\/a><br \/>\n<a href=\"http:\/\/a4esl.org\/\">http:\/\/a4esl.org\/<\/a><\/p>\n<\/div>\n<\/div>\n<\/div>\n<div>\n<div>\n<div>\n<h1>RESSOURCES<\/h1>\n<\/div>\n<\/div>\n<div>\n<div>\n<p><a href=\"http:\/\/www.chez.com\/bourgeslangues\">http:\/\/www.chez.com\/bourgeslangues <\/a><br \/>\n<a href=\"http:\/\/www.primaryresources.co.uk\/english\/english.htm\">http:\/\/www.primaryresources.co.uk\/english\/english.htm<\/a><br \/>\n<a href=\"http:\/\/www.enchantedlearning.com\">http:\/\/www.enchantedlearning.com <\/a><br \/>\n<a href=\"http:\/\/www.abcteach.com\">http:\/\/www.abcteach.com <\/a><br \/>\n<a href=\"http:\/\/www.educationworld.com\">http:\/\/www.educationworld.com <\/a><br \/>\n<a href=\"http:\/\/www.dltk-cards.com\">http:\/\/www.dltk-cards.com <\/a><br \/>\n<a href=\"http:\/\/www.kidsdomain.com\">http:\/\/www.kidsdomain.com <\/a><br \/>\n<a href=\"http:\/\/www.eslkidstuff.com\">http:\/\/www.eslkidstuff.com<\/a><br \/>\n<a href=\"http:\/\/www.puzzlemaker.com\">http:\/\/www.puzzlemaker.com <\/a><br \/>\n<a href=\"http:\/\/www.manythings.org\">http:\/\/www.manythings.org <\/a><br \/>\n<a href=\"http:\/\/www.teachchildrenesl.com\">http:\/\/www.teachchildrenesl.com <\/a><br \/>\n<a href=\"http:\/\/www.reading-with-kids.com\">http:\/\/www.reading-with-kids.com <\/a><br \/>\n<a href=\"http:\/\/www.woodlands-junior.kent.sch.uk\">http:\/\/www.woodlands-junior.kent.sch.uk<\/a><br \/>\n<a href=\"http:\/\/www.kiddyhouse.com\">http:\/\/www.kiddyhouse.com <\/a><br \/>\n<a href=\"http:\/\/www.schoolexpress.com\/\">http:\/\/www.schoolexpress.com\/ <\/a><br \/>\n<a href=\"http:\/\/www.first-school.ws\/themes.html\">http:\/\/www.first-school.ws\/themes.html <\/a><br \/>\n<a href=\"http:\/\/www.preschoolrainbow.org\/\">http:\/\/www.preschoolrainbow.org\/ <\/a><br \/>\n<a href=\"http:\/\/the-bus-stop.net\/free.html\">http:\/\/the-bus-stop.net\/free.html <\/a><br \/>\n<a href=\"http:\/\/www.bogglesworldesl.com\">http:\/\/www.bogglesworldesl.com<\/a><br \/>\n<a href=\"http:\/\/www.janbrett.com\">http:\/\/www.janbrett.com<\/a><br \/>\n<a href=\"http:\/\/www.mes-english.com\">http:\/\/www.mes-english.com<\/a><br \/>\n<a href=\"http:\/\/www.learnenglish.org.uk\">http:\/\/www.learnenglish.org.uk <\/a><br \/>\n<a href=\"http:\/\/www.teachingenglish.org.uk\">http:\/\/www.teachingenglish.org.uk<\/a><br \/>\n<a href=\"http:\/\/a4esl.org\/\">http:\/\/a4esl.org\/<\/a><br \/>\n<a href=\"http:\/\/www.kizclub.com\">http:\/\/www.kizclub.com<\/a><br \/>\n<a href=\"http:\/\/www.eslflashcards.com\">http:\/\/www.eslflashcards.com<\/a><br \/>\n<a href=\"http:\/\/www.esl-images.com\">http:\/\/www.esl-images.com<\/a><br \/>\n<a href=\"http:\/\/www.gamequarium.com\">http:\/\/www.gamequarium.com <\/a><br \/>\n<a href=\"http:\/\/users.skynet.be\/providence\/vocabulaire\/anglais\/menu.htm\">http:\/\/users.skynet.be\/providence\/vocabulaire\/anglais\/menu.htm <\/a><br \/>\n<a href=\"http:\/\/www.lil-fingers.com\">http:\/\/www.lil-fingers.com<\/a> (drapeaux \u00e0 colorier)<br \/>\n<a href=\"http:\/\/www.fotw.net\">http:\/\/www.fotw.net<\/a> (drapeaux \u00e0 colorier)<br \/>\n<a href=\"http:\/\/www.search.live.com\/images\">http:\/\/www.search.live.com\/images<\/a><\/p>\n<h1>DECOUVERTE CULTURELLE<\/h1>\n<p><a href=\"http:\/\/europa.eu\/europago\/welcome.jsp\">http:\/\/europa.eu\/europago\/welcome.jsp<\/a> (jeu pour d\u00e9couvrir l\u2019Europe)<br \/>\n<a href=\"http:\/\/www.yahooligans.com\/content\/wc\/\">http:\/\/www.yahooligans.com\/content\/wc\/<\/a> (visite de diff\u00e9rents coins du globe par webcam)<br \/>\n<a href=\"http:\/\/www.kidslovelondon.com\">http:\/\/www.kidslovelondon.com<\/a><br \/>\n<a href=\"http:\/\/www.londontoolkit.com\">http:\/\/www.londontoolkit.com<\/a><br \/>\n<a href=\"http:\/\/www.a-london-guide.co.uk\/\">http:\/\/www.a-london-guide.co.uk\/<\/a><br \/>\n<a href=\"http:\/\/www.aboutbritain.com\/\">http:\/\/www.aboutbritain.com\/<\/a> (\u00e0 voir : attractions)<br \/>\n<a href=\"\/\/\/Users\/eddy\/Documents\/www.grest-britain.co.uk\">www.grest-britain.co.uk<\/a><br \/>\n<a href=\"\/\/\/Users\/eddy\/Documents\/www.madame-tussauds.co.uk\">www.madame-tussauds.co.uk\u00a0<\/a><br \/>\n<a href=\"\/\/\/Users\/eddy\/Documents\/www.harrods.com\">www.harrods.com\u00a0\u00a0\u00a0<\/a><br \/>\n<a href=\"\/\/\/Users\/eddy\/Documents\/www.kidslovelondon.com\">www.kidslovelondon.com\u00a0<\/a><br \/>\n<a href=\"\/\/\/Users\/eddy\/Documents\/www.rhymes.org.uk\/bells-stepney.htm\">www.rhymes.org.uk\/bells-stepney.htm\u00a0<\/a><br \/>\n<a href=\"\/\/\/Users\/eddy\/Documents\/www.londontreasures.com\/children.htm\">www.londontreasures.com\/children.htm\u00a0<\/a><br \/>\n<a href=\"\/\/\/Users\/eddy\/Documents\/www.museumoflondon.org.uk\">www.museumoflondon.org.uk<\/a><br \/>\n<a href=\"\/\/\/Users\/eddy\/Documents\/www.paddingtonbear.co.uk\">www.paddingtonbear.co.uk\u00a0<\/a><br \/>\n<a href=\"\/\/\/Users\/eddy\/Documents\/www.global-journey.com\/indig\">www.global-journey.com\/indig\u00a0<\/a><br \/>\n<a href=\"\/\/\/Users\/eddy\/Documents\/www.iei.ujuc.edu\/web.pages\/Holidays\/purpose.html\">www.iei.ujuc.edu\/web.pages\/Holidays\/purpose.html<\/a><\/p>\n<h1>ACTIVITES PEDAGOGIQUES<\/h1>\n<p><a href=\"\/\/\/Users\/eddy\/Documents\/www.primlangues.education.fr\/\">www.primlangues.education.fr\/\u00a0\u00a0<\/a><br \/>\n<a href=\"\/\/\/Users\/eddy\/Documents\/www.learnenglish.org.uk\">www.learnenglish.org.uk\u00a0<\/a><br \/>\n<a href=\"\/\/\/Users\/eddy\/Documents\/www.chez.com\/bourgeslangues\">www.chez.com\/bourgeslangues\u00a0<\/a><br \/>\n<a href=\"\/\/\/Users\/eddy\/Documents\/www.esl-lab.com\">www.esl-lab.com\u00a0<\/a><br \/>\n<a href=\"\/\/\/Users\/eddy\/Documents\/www.kizclub.com\">www.kizclub.com<\/a><br \/>\n<a href=\"http:\/\/www.enchantedlearning.com\/Whatsnew.shtml\">http:\/\/www.enchantedlearning.com\/Whatsnew.shtml\u00a0<\/a><br \/>\n<a href=\"http:\/\/www.ac-poitiers.fr\/ia79\/langues\/index.html\">http:\/\/www.ac-poitiers.fr\/ia79\/langues\/index.html<\/a><br \/>\n<a href=\"http:\/\/www.educreuse23.ac-limoges.fr\/elve\/edito.htm\">http:\/\/www.educreuse23.ac-limoges.fr\/elve\/edito.htm\u00a0<\/a><br \/>\n<a href=\"\/\/\/Users\/eddy\/Documents\/www.teflgames.com\/games.html\">www.teflgames.com\/games.html\u00a0<\/a><br \/>\n<a href=\"\/\/\/Users\/eddy\/Documents\/www.bbc.co.uk\/schoolradio\/english\/storiesandrhymes.shtml\">www.bbc.co.uk\/schoolradio\/english\/storiesandrhymes.shtml\u00a0<\/a><br \/>\n<a href=\"\/\/\/Users\/eddy\/Documents\/www.kizclub.com\">www.kizclub.com\u00a0<\/a><br \/>\n<a href=\"\/\/\/Users\/eddy\/Documents\/www.kididdles.com\/mouseum\/index.html\">www.kididdles.com\/mouseum\/index.html<\/a><br \/>\n<a href=\"http:\/\/lyricsworld.com\/search\/\">http:\/\/lyricsworld.com\/search\/\u00a0<\/a><br \/>\n<a href=\"http:\/\/www.fizzyfunnyfuzzy.com\">http:\/\/www.fizzyfunnyfuzzy.com<\/a><br \/>\n<a href=\"http:\/\/www.poetry4kids.com\/poems\">http:\/\/www.poetry4kids.com\/poems<\/a><\/p>\n<\/div>\n<\/div>\n<\/div>\n<div>\n<div>\n<div>\n<h1>ETUDE D\u2019ALBUMS DE JEUNESSE<\/h1>\n<\/div>\n<\/div>\n<div>\n<div>\n<p><a href=\"http:\/\/www.ac.poitiers.fr\/ia79\/langues\/index.html\">http:\/\/www.ac.poitiers.fr\/ia79\/langues\/index.html<\/a><br \/>\n<a href=\"http:\/\/web-ia.ac-poitiers.fr\">http:\/\/web-ia.ac-poitiers.fr <\/a>(jeux de r\u00f4le, exemples de progressions pour l\u2019\u00e9tude d\u2019albums)<br \/>\n<a href=\"http:\/\/the-bus-stop.net\/free.html\">http:\/\/the-bus-stop.net\/free.html<\/a><br \/>\n<a href=\"http:\/\/www.pbskids.org\">http:\/\/www.pbskids.org <\/a>(storytelling en ligne en anglais et en espagnol)<br \/>\n<a href=\"http:\/\/www.magickeys.com\">http:\/\/www.magickeys.com<\/a> (++ nombreux jeux en ligne)<br \/>\n<a href=\"http:\/\/www.eduplace.com\">http:\/\/www.eduplace.com<\/a><br \/>\n<a href=\"http:\/\/www.kizclub.com\">http:\/\/www.kizclub.com <\/a><\/p>\n<h1>CHANTS\/COMPTINES<\/h1>\n<p><a href=\"http:\/\/www.comptine-enfants.com\">http:\/\/www.comptine-enfants.com<\/a> (Paroles de chants et comptines en anglais, espagnol, allemand et italien)<br \/>\n<a href=\"http:\/\/www.kididdles.com\/lyrics\/allsongs.html\">http:\/\/www.kididdles.com\/lyrics\/allsongs.html<\/a> (Supports audio pour certains)<br \/>\n<a href=\"http:\/\/www.hello-world.com\/songs.php\">http:\/\/www.hello-world.com\/songs.php<\/a> (Chants, jeux en lignes et activit\u00e9s dans de nombreuses langues)<br \/>\n<a href=\"http:\/\/www.ilovewavs.com\">http:\/\/www.ilovewavs.com <\/a>(Chants avec support audio)<br \/>\n<a href=\"http:\/\/www.mamalisa.com\/world\/index.html\">http:\/\/www.mamalisa.com\/world\/index.html<\/a> (Chants et comptines du monde entier)<br \/>\n<a href=\"http:\/\/www.enchantedlearning.com\/rhymes.html\">http:\/\/www.enchantedlearning.com\/rhymes.html <\/a>(Nombreux chants et comptines avec activit\u00e9s vari\u00e9es)<br \/>\n<a href=\"http:\/\/www.mes-english.com\/worksheets\/music.php\">http:\/\/www.mes-english.com\/worksheets\/music.php<\/a> (Comptines avec propositions d\u2019illustrations pour accompagner)<br \/>\n<a href=\"http:\/\/www.dltk-teach.com\/rhymes\/index.htm\">http:\/\/www.dltk-teach.com\/rhymes\/index.htm<\/a> (Tr\u00e8s complet. Propose des chants avec support audio, des comptines et contes traditionnels \u00e0 imprimer, avec activit\u00e9s de coloriages et travaux manuels)<br \/>\n<a href=\"http:\/\/www.nurseryrhymes4u.com\/\">http:\/\/www.nurseryrhymes4u.com\/<\/a> (Version audio disponible pour un grand nombre de comptines)<br \/>\n<a href=\"http:\/\/www.iyedo.com\/\">http:\/\/www.iyedo.com\/<\/a> (Nursery rhymes sous forme de calligrammes)<\/p>\n<h1>ETUDE DE POEMES<\/h1>\n<p><a href=\"http:\/\/www.bbc.co.uk\/schools\/wordsandpictures\/longvow\/poem.shtml\">http:\/\/www.bbc.co.uk\/schools\/wordsandpictures\/longvow\/poem.shtml <\/a><br \/>\n<a href=\"http:\/\/www.poetryzone.ndirect.co.uk\/links.htm\">http:\/\/www.poetryzone.ndirect.co.uk\/links.htm <\/a><br \/>\n<a href=\"http:\/\/www.poetryzone.ndirect.co.uk\/links.htm\">http:\/\/www.childrenspoetrybookshelf.co.uk\/ <\/a><br \/>\n<a href=\"http:\/\/www.poetry4kids.com\/poems\">http:\/\/www.poetry4kids.com\/poems <\/a><br \/>\n<a href=\"http:\/\/www.whiteheadm.co.uk\/html\/josies_poetry.htm\">http:\/\/www.whiteheadm.co.uk\/html\/josies_poetry.htm <\/a><br \/>\n<a href=\"http:\/\/www.fizzyfunnyfuzzy.com\">http:\/\/www.fizzyfunnyfuzzy.com<\/a><br \/>\n<a href=\"http:\/\/www.jeffspoemsforkids.com\">http:\/\/www.jeffspoemsforkids.com \u00a0 \u00a0 \u00a0 \u00a0\u00a0<\/a><\/p>\n<\/div>\n<\/div>\n<\/div>\n","protected":false},"excerpt":{"rendered":"<p>Outils Tools\u00a0for teachers CNN\u00a0\u00a0http:\/\/edition.cnn.com\/ BBC\u00a0\u00a0http:\/\/www.bbc.co.uk\/news\/ ESL\u00a0\u00a0\u00a0http:\/\/www.esl-lab.com\/ AUDIO LINGUA\u00a0http:\/\/www.audio-lingua.eu\/spip.php?rubrique2 Cr\u00e9er un avatar VOKI\u00a0http:\/\/www.voki.com\/ Cr\u00e9er des flashcards associant texte, audio et image\u00a0http:\/\/ankisrs.net\/ English for schools\u00a0\u00a0http:\/\/teachers.englishforschools.fr\/ Tools for pupils English for schools\u00a0\u00a0http:\/\/kids.englishforschools.fr\/ Didapages Logiciel Didapages Audio lingua Anglais\u00a0\u00a0http:\/\/www.audio-lingua.eu\/spip.php?mot10&amp;id_rubrique=2 Espagnol\u00a0\u00a0http:\/\/www.audio-lingua.eu\/spip.php?mot10 SITES OFFICIELS http:\/\/www.education.gouv.fr http:\/\/www.primlangues.education.fr &hellip; <a href=\"https:\/\/site.ac-martinique.fr\/pole-langues\/?page_id=2119\">Continuer la lecture <span class=\"meta-nav\">&rarr;<\/span><\/a><\/p>\n","protected":false},"author":87,"featured_media":0,"parent":1559,"menu_order":0,"comment_status":"closed","ping_status":"closed","template":"","meta":{"footnotes":""},"class_list":["post-2119","page","type-page","status-publish","hentry"],"_links":{"self":[{"href":"https:\/\/site.ac-martinique.fr\/pole-langues\/index.php?rest_route=\/wp\/v2\/pages\/2119","targetHints":{"allow":["GET"]}}],"collection":[{"href":"https:\/\/site.ac-martinique.fr\/pole-langues\/index.php?rest_route=\/wp\/v2\/pages"}],"about":[{"href":"https:\/\/site.ac-martinique.fr\/pole-langues\/index.php?rest_route=\/wp\/v2\/types\/page"}],"author":[{"embeddable":true,"href":"https:\/\/site.ac-martinique.fr\/pole-langues\/index.php?rest_route=\/wp\/v2\/users\/87"}],"replies":[{"embeddable":true,"href":"https:\/\/site.ac-martinique.fr\/pole-langues\/index.php?rest_route=%2Fwp%2Fv2%2Fcomments&post=2119"}],"version-history":[{"count":6,"href":"https:\/\/site.ac-martinique.fr\/pole-langues\/index.php?rest_route=\/wp\/v2\/pages\/2119\/revisions"}],"predecessor-version":[{"id":2727,"href":"https:\/\/site.ac-martinique.fr\/pole-langues\/index.php?rest_route=\/wp\/v2\/pages\/2119\/revisions\/2727"}],"up":[{"embeddable":true,"href":"https:\/\/site.ac-martinique.fr\/pole-langues\/index.php?rest_route=\/wp\/v2\/pages\/1559"}],"wp:attachment":[{"href":"https:\/\/site.ac-martinique.fr\/pole-langues\/index.php?rest_route=%2Fwp%2Fv2%2Fmedia&parent=2119"}],"curies":[{"name":"wp","href":"https:\/\/api.w.org\/{rel}","templated":true}]}}