{"id":3333,"date":"2021-09-21T10:26:47","date_gmt":"2021-09-21T14:26:47","guid":{"rendered":"https:\/\/site.ac-martinique.fr\/pole-langues\/?page_id=3333"},"modified":"2023-01-16T17:39:51","modified_gmt":"2023-01-16T21:39:51","slug":"formation","status":"publish","type":"page","link":"https:\/\/site.ac-martinique.fr\/pole-langues\/?page_id=3333","title":{"rendered":"Formation"},"content":{"rendered":"\n<p class=\"has-text-align-center has-medium-font-size\">Vous \u00eates int\u00e9ress\u00e9.e.s par l&#8217;habilitation en LVR Cr\u00e9ole ? Si oui, vous trouverez ici, toutes les informations concernant l&#8217;habilitation.<\/p>\n\n\n\n<div class=\"wp-block-columns has-light-gray-background-color has-background is-layout-flex wp-container-core-columns-is-layout-abceabcf wp-block-columns-is-layout-flex\">\n<div class=\"wp-block-column is-vertically-aligned-center is-layout-flow wp-block-column-is-layout-flow\" style=\"--col-width:35%;flex-basis:35%\">\n<figure class=\"wp-block-image size-full is-style-tw-rounded-corners\"><a href=\"https:\/\/site.ac-martinique.fr\/pole-langues\/wp-content\/uploads\/sites\/28\/2023\/01\/image-1.png\"><img loading=\"lazy\" decoding=\"async\" width=\"575\" height=\"265\" src=\"https:\/\/site.ac-martinique.fr\/pole-langues\/wp-content\/uploads\/sites\/28\/2023\/01\/image-1.png\" alt=\"\" class=\"wp-image-4247\" srcset=\"https:\/\/site.ac-martinique.fr\/pole-langues\/wp-content\/uploads\/sites\/28\/2023\/01\/image-1.png 575w, https:\/\/site.ac-martinique.fr\/pole-langues\/wp-content\/uploads\/sites\/28\/2023\/01\/image-1-300x138.png 300w\" sizes=\"auto, (max-width: 575px) 100vw, 575px\" \/><\/a><\/figure>\n<\/div>\n\n\n\n<div class=\"wp-block-column is-layout-flow wp-block-column-is-layout-flow\" style=\"--col-width:66.66%;flex-basis:66.66%\">\n<p class=\"has-medium-font-size\">Tous les <strong>enseignants ayant suivi une formation cr\u00e9ole de 50 ou 40 h entre 2002 et 2009 \u00e0 l\u2019IUFM.<\/strong><\/p>\n\n\n\n<p class=\"has-medium-font-size\">Mais aussi les <strong>enseignants ayant pass\u00e9 le CRPE sp\u00e9cial cr\u00e9ole<\/strong>.<\/p>\n\n\n\n<p class=\"has-medium-font-size\">Ainsi que les  <strong>enseignants candidats \u00e0 l\u2019habilitation LVR cr\u00e9ole<\/strong>.<\/p>\n<\/div>\n<\/div>\n\n\n\n<p class=\"has-text-align-center has-medium-font-size\">Une fois l&#8217;inscription r\u00e9alis\u00e9e, le parcours de l&#8217;enseignant <br>vers son habilitation commence :<\/p>\n\n\n<div class=\"wp-block-image is-style-default\">\n<figure class=\"aligncenter size-large is-resized\"><a href=\"https:\/\/site.ac-martinique.fr\/pole-langues\/wp-content\/uploads\/sites\/28\/2023\/01\/image-2.png\"><img loading=\"lazy\" decoding=\"async\" src=\"https:\/\/site.ac-martinique.fr\/pole-langues\/wp-content\/uploads\/sites\/28\/2023\/01\/image-2-1024x106.png\" alt=\"\" class=\"wp-image-4249\" width=\"770\" height=\"79\" srcset=\"https:\/\/site.ac-martinique.fr\/pole-langues\/wp-content\/uploads\/sites\/28\/2023\/01\/image-2-1024x106.png 1024w, https:\/\/site.ac-martinique.fr\/pole-langues\/wp-content\/uploads\/sites\/28\/2023\/01\/image-2-300x31.png 300w, https:\/\/site.ac-martinique.fr\/pole-langues\/wp-content\/uploads\/sites\/28\/2023\/01\/image-2-768x80.png 768w, https:\/\/site.ac-martinique.fr\/pole-langues\/wp-content\/uploads\/sites\/28\/2023\/01\/image-2-1536x159.png 1536w, https:\/\/site.ac-martinique.fr\/pole-langues\/wp-content\/uploads\/sites\/28\/2023\/01\/image-2-2048x212.png 2048w\" sizes=\"auto, (max-width: 770px) 100vw, 770px\" \/><\/a><\/figure>\n<\/div>\n\n\n<div class=\"wp-block-columns has-light-gray-background-color has-background is-layout-flex wp-container-core-columns-is-layout-abceabcf wp-block-columns-is-layout-flex\">\n<div class=\"wp-block-column is-vertically-aligned-center is-layout-flow wp-block-column-is-layout-flow\" style=\"--col-width:45%;flex-basis:45%\">\n<figure class=\"wp-block-image size-large is-resized is-style-tw-rounded-corners\"><a href=\"https:\/\/site.ac-martinique.fr\/pole-langues\/wp-content\/uploads\/sites\/28\/2023\/01\/image-3.png\"><img loading=\"lazy\" decoding=\"async\" src=\"https:\/\/site.ac-martinique.fr\/pole-langues\/wp-content\/uploads\/sites\/28\/2023\/01\/image-3-1024x645.png\" alt=\"\" class=\"wp-image-4250\" width=\"253\" height=\"159\" srcset=\"https:\/\/site.ac-martinique.fr\/pole-langues\/wp-content\/uploads\/sites\/28\/2023\/01\/image-3-1024x645.png 1024w, https:\/\/site.ac-martinique.fr\/pole-langues\/wp-content\/uploads\/sites\/28\/2023\/01\/image-3-300x189.png 300w, https:\/\/site.ac-martinique.fr\/pole-langues\/wp-content\/uploads\/sites\/28\/2023\/01\/image-3-768x484.png 768w, https:\/\/site.ac-martinique.fr\/pole-langues\/wp-content\/uploads\/sites\/28\/2023\/01\/image-3-1536x967.png 1536w, https:\/\/site.ac-martinique.fr\/pole-langues\/wp-content\/uploads\/sites\/28\/2023\/01\/image-3.png 1726w\" sizes=\"auto, (max-width: 253px) 100vw, 253px\" \/><\/a><\/figure>\n<\/div>\n\n\n\n<div class=\"wp-block-column is-layout-flow wp-block-column-is-layout-flow\" style=\"--col-width:66.66%;flex-basis:66.66%\">\n<p class=\"has-medium-font-size\">L&#8217;enseignant candidat \u00e0 l\u2019habilitation LVR cr\u00e9ole pr\u00e9sente une<strong> s\u00e9ance LVR cr\u00e9ole <\/strong>devant un jury.<\/p>\n\n\n\n<p class=\"has-medium-font-size\">Il <strong>analyse la s\u00e9ance pr\u00e9sent\u00e9e <\/strong>puis a un<strong> entretien en cr\u00e9ole ou fran\u00e7ais <\/strong>de<strong> 30 \u00e0 45 minutes <\/strong>avec le jury.<\/p>\n\n\n\n<p class=\"has-medium-font-size\">Le jury qui d\u00e9lib\u00e8re est compos\u00e9 de<strong> 3 ou 4 membres :<\/strong> IEN de la Mission LVR, IEN de circonscription ou CPC, CPD LVR, A-LVR<\/p>\n<\/div>\n<\/div>\n\n\n\n<p class=\"has-text-align-center has-medium-font-size\">\u00c0 la suite de cette passation, le r\u00e9sultat est annonc\u00e9 au candidat avant la remise des certifications en pr\u00e9sence de l&#8217;IA-DAASEN et le d\u00e9but de la formation des nouveaux habilit\u00e9s !<\/p>\n","protected":false},"excerpt":{"rendered":"<p>Vous \u00eates int\u00e9ress\u00e9.e.s par l&#8217;habilitation en LVR Cr\u00e9ole ? Si oui, vous trouverez ici, toutes les informations concernant l&#8217;habilitation. Tous les enseignants ayant suivi une formation cr\u00e9ole de 50 ou 40 h entre 2002 et 2009 \u00e0 l\u2019IUFM. Mais aussi &hellip; <a href=\"https:\/\/site.ac-martinique.fr\/pole-langues\/?page_id=3333\">Continuer la lecture <span class=\"meta-nav\">&rarr;<\/span><\/a><\/p>\n","protected":false},"author":10,"featured_media":0,"parent":3236,"menu_order":0,"comment_status":"closed","ping_status":"closed","template":"","meta":{"footnotes":""},"class_list":["post-3333","page","type-page","status-publish","hentry"],"_links":{"self":[{"href":"https:\/\/site.ac-martinique.fr\/pole-langues\/index.php?rest_route=\/wp\/v2\/pages\/3333","targetHints":{"allow":["GET"]}}],"collection":[{"href":"https:\/\/site.ac-martinique.fr\/pole-langues\/index.php?rest_route=\/wp\/v2\/pages"}],"about":[{"href":"https:\/\/site.ac-martinique.fr\/pole-langues\/index.php?rest_route=\/wp\/v2\/types\/page"}],"author":[{"embeddable":true,"href":"https:\/\/site.ac-martinique.fr\/pole-langues\/index.php?rest_route=\/wp\/v2\/users\/10"}],"replies":[{"embeddable":true,"href":"https:\/\/site.ac-martinique.fr\/pole-langues\/index.php?rest_route=%2Fwp%2Fv2%2Fcomments&post=3333"}],"version-history":[{"count":5,"href":"https:\/\/site.ac-martinique.fr\/pole-langues\/index.php?rest_route=\/wp\/v2\/pages\/3333\/revisions"}],"predecessor-version":[{"id":4251,"href":"https:\/\/site.ac-martinique.fr\/pole-langues\/index.php?rest_route=\/wp\/v2\/pages\/3333\/revisions\/4251"}],"up":[{"embeddable":true,"href":"https:\/\/site.ac-martinique.fr\/pole-langues\/index.php?rest_route=\/wp\/v2\/pages\/3236"}],"wp:attachment":[{"href":"https:\/\/site.ac-martinique.fr\/pole-langues\/index.php?rest_route=%2Fwp%2Fv2%2Fmedia&parent=3333"}],"curies":[{"name":"wp","href":"https:\/\/api.w.org\/{rel}","templated":true}]}}