{"id":3335,"date":"2021-09-21T10:26:47","date_gmt":"2021-09-21T14:26:47","guid":{"rendered":"https:\/\/site.ac-martinique.fr\/pole-langues\/?page_id=3335"},"modified":"2022-12-16T11:17:28","modified_gmt":"2022-12-16T15:17:28","slug":"actualites","status":"publish","type":"page","link":"https:\/\/site.ac-martinique.fr\/pole-langues\/?page_id=3335","title":{"rendered":"Actualit\u00e9s de la Mission LVR"},"content":{"rendered":"\n<figure class=\"wp-block-image size-large is-style-tw-rounded-corners\"><a href=\"https:\/\/site.ac-martinique.fr\/pole-langues\/wp-content\/uploads\/sites\/28\/2022\/12\/image-1.png\"><img loading=\"lazy\" decoding=\"async\" width=\"1024\" height=\"643\" src=\"https:\/\/site.ac-martinique.fr\/pole-langues\/wp-content\/uploads\/sites\/28\/2022\/12\/image-1-1024x643.png\" alt=\"\" class=\"wp-image-4065\" srcset=\"https:\/\/site.ac-martinique.fr\/pole-langues\/wp-content\/uploads\/sites\/28\/2022\/12\/image-1-1024x643.png 1024w, https:\/\/site.ac-martinique.fr\/pole-langues\/wp-content\/uploads\/sites\/28\/2022\/12\/image-1-300x188.png 300w, https:\/\/site.ac-martinique.fr\/pole-langues\/wp-content\/uploads\/sites\/28\/2022\/12\/image-1-768x482.png 768w, https:\/\/site.ac-martinique.fr\/pole-langues\/wp-content\/uploads\/sites\/28\/2022\/12\/image-1.png 1369w\" sizes=\"auto, (max-width: 1024px) 100vw, 1024px\" \/><\/a><\/figure>\n\n\n\n<p class=\"has-text-align-center\" style=\"font-size:29px\">Vous trouverez des textes, des images et des vid\u00e9os des diff\u00e9rents temps forts de la mission Langue Vivante et R\u00e9gionale.<\/p>\n\n\n<ul class=\"wp-block-latest-posts__list is-grid columns-3 aligncenter is-style-tw-posts-border wp-block-latest-posts has-small-font-size\"><li><div class=\"wp-block-latest-posts__featured-image aligncenter\"><img loading=\"lazy\" decoding=\"async\" width=\"150\" height=\"150\" src=\"https:\/\/site.ac-martinique.fr\/pole-langues\/wp-content\/uploads\/sites\/28\/2024\/09\/FB_IMG_1727080315076-150x150.jpg\" class=\"attachment-thumbnail size-thumbnail wp-post-image\" alt=\"\" style=\"\" \/><\/div><a class=\"wp-block-latest-posts__post-title\" href=\"https:\/\/site.ac-martinique.fr\/pole-langues\/?p=4564\">C\u00e9r\u00e9monie des habilit\u00e9s LVRC<\/a><\/li>\n<li><div class=\"wp-block-latest-posts__featured-image aligncenter\"><img loading=\"lazy\" decoding=\"async\" width=\"150\" height=\"150\" src=\"https:\/\/site.ac-martinique.fr\/pole-langues\/wp-content\/uploads\/sites\/28\/2023\/10\/WhatsApp-Image-2023-10-18-a-18.50.57_c65c4c4f-1-150x150.jpg\" class=\"attachment-thumbnail size-thumbnail wp-post-image\" alt=\"\" style=\"\" \/><\/div><a class=\"wp-block-latest-posts__post-title\" href=\"https:\/\/site.ac-martinique.fr\/pole-langues\/?p=4503\">Simenn kr\u00e9yol l\u00e9kol Kap-F\u00e9r\u00e9 Sent-Ann \u00e9pi la CTM.<\/a><\/li>\n<li><div class=\"wp-block-latest-posts__featured-image aligncenter\"><img loading=\"lazy\" decoding=\"async\" width=\"150\" height=\"150\" src=\"https:\/\/site.ac-martinique.fr\/pole-langues\/wp-content\/uploads\/sites\/28\/2023\/10\/WhatsApp-Image-2023-10-18-a-18.50.56_80e9c85a-1-150x150.jpg\" class=\"attachment-thumbnail size-thumbnail wp-post-image\" alt=\"\" style=\"\" \/><\/div><a class=\"wp-block-latest-posts__post-title\" href=\"https:\/\/site.ac-martinique.fr\/pole-langues\/?p=4498\">Simenn kr\u00e9yol l\u00e9kol Plas-Dam Lanmanten \u00e9pi la CTM.<\/a><\/li>\n<li><div class=\"wp-block-latest-posts__featured-image aligncenter\"><img loading=\"lazy\" decoding=\"async\" width=\"150\" height=\"150\" src=\"https:\/\/site.ac-martinique.fr\/pole-langues\/wp-content\/uploads\/sites\/28\/2023\/10\/WhatsApp-Image-2023-10-18-a-18.50.56_15e3b554-1-150x150.jpg\" class=\"attachment-thumbnail size-thumbnail wp-post-image\" alt=\"\" style=\"\" \/><\/div><a class=\"wp-block-latest-posts__post-title\" href=\"https:\/\/site.ac-martinique.fr\/pole-langues\/?p=4493\">Simenn kr\u00e9yol l\u00e9kol latit &#8221; Les Abeilles&#8221; F\u00f2dfrans \u00e9pi la CTM.<\/a><\/li>\n<li><div class=\"wp-block-latest-posts__featured-image aligncenter\"><img loading=\"lazy\" decoding=\"async\" width=\"150\" height=\"150\" src=\"https:\/\/site.ac-martinique.fr\/pole-langues\/wp-content\/uploads\/sites\/28\/2023\/10\/WhatsApp-Image-2023-10-19-a-07.24.11_59529d2b-1-150x150.jpg\" class=\"attachment-thumbnail size-thumbnail wp-post-image\" alt=\"\" style=\"\" \/><\/div><a class=\"wp-block-latest-posts__post-title\" href=\"https:\/\/site.ac-martinique.fr\/pole-langues\/?p=4488\">Simenn kr\u00e9yol l\u00e9kol Lermitaj F\u00f2dfrans \u00e9pi la CTM.<\/a><\/li>\n<li><div class=\"wp-block-latest-posts__featured-image aligncenter\"><img loading=\"lazy\" decoding=\"async\" width=\"150\" height=\"150\" src=\"https:\/\/site.ac-martinique.fr\/pole-langues\/wp-content\/uploads\/sites\/28\/2023\/10\/WhatsApp-Image-2023-10-18-a-13.29.36_c86c7a15-150x150.jpg\" class=\"attachment-thumbnail size-thumbnail wp-post-image\" alt=\"\" style=\"\" \/><\/div><a class=\"wp-block-latest-posts__post-title\" href=\"https:\/\/site.ac-martinique.fr\/pole-langues\/?p=4480\">Simenn kr\u00e9yol l\u00e9kol.<\/a><\/li>\n<li><div class=\"wp-block-latest-posts__featured-image aligncenter\"><img loading=\"lazy\" decoding=\"async\" width=\"150\" height=\"150\" src=\"https:\/\/site.ac-martinique.fr\/pole-langues\/wp-content\/uploads\/sites\/28\/2023\/10\/WhatsApp-Image-2023-10-18-a-12.34.49_11b395d5-150x150.jpg\" class=\"attachment-thumbnail size-thumbnail wp-post-image\" alt=\"\" style=\"\" \/><\/div><a class=\"wp-block-latest-posts__post-title\" href=\"https:\/\/site.ac-martinique.fr\/pole-langues\/?p=4475\">Simenn kr\u00e9yol lekol \u00e9pi la CTM.<\/a><\/li>\n<li><div class=\"wp-block-latest-posts__featured-image aligncenter\"><img loading=\"lazy\" decoding=\"async\" width=\"150\" height=\"150\" src=\"https:\/\/site.ac-martinique.fr\/pole-langues\/wp-content\/uploads\/sites\/28\/2023\/10\/WhatsApp-Image-2023-10-18-a-11.33.16_18c95752-1-150x150.jpg\" class=\"attachment-thumbnail size-thumbnail wp-post-image\" alt=\"\" style=\"\" \/><\/div><a class=\"wp-block-latest-posts__post-title\" href=\"https:\/\/site.ac-martinique.fr\/pole-langues\/?p=4471\">Simenn kr\u00e9yol l\u00e9kol Latrinit\u00e9.<\/a><\/li>\n<li><div class=\"wp-block-latest-posts__featured-image aligncenter\"><img loading=\"lazy\" decoding=\"async\" width=\"150\" height=\"150\" src=\"https:\/\/site.ac-martinique.fr\/pole-langues\/wp-content\/uploads\/sites\/28\/2023\/10\/WhatsApp-Image-2023-10-18-a-11.09.24_8c92b5d5-1-150x150.jpg\" class=\"attachment-thumbnail size-thumbnail wp-post-image\" alt=\"\" style=\"\" \/><\/div><a class=\"wp-block-latest-posts__post-title\" href=\"https:\/\/site.ac-martinique.fr\/pole-langues\/?p=4465\">Simenn kr\u00e9yol l\u00e9kol Latrinit\u00e9<\/a><\/li>\n<li><div class=\"wp-block-latest-posts__featured-image aligncenter\"><img loading=\"lazy\" decoding=\"async\" width=\"150\" height=\"150\" src=\"https:\/\/site.ac-martinique.fr\/pole-langues\/wp-content\/uploads\/sites\/28\/2023\/10\/WhatsApp-Image-2023-10-18-a-12.27.38_6025a6a2-150x150.jpg\" class=\"attachment-thumbnail size-thumbnail wp-post-image\" alt=\"\" style=\"\" \/><\/div><a class=\"wp-block-latest-posts__post-title\" href=\"https:\/\/site.ac-martinique.fr\/pole-langues\/?p=4460\">Simenn kr\u00e9yol l\u00e9kol<\/a><\/li>\n<li><div class=\"wp-block-latest-posts__featured-image aligncenter\"><img loading=\"lazy\" decoding=\"async\" width=\"150\" height=\"150\" src=\"https:\/\/site.ac-martinique.fr\/pole-langues\/wp-content\/uploads\/sites\/28\/2023\/10\/WhatsApp-Image-2023-10-18-a-10.30.39_9a9b1be7-150x150.jpg\" class=\"attachment-thumbnail size-thumbnail wp-post-image\" alt=\"\" style=\"\" \/><\/div><a class=\"wp-block-latest-posts__post-title\" href=\"https:\/\/site.ac-martinique.fr\/pole-langues\/?p=4455\">Simenn kr\u00e9yol l\u00e9kol &#8221; Maxime&#8221; Loren \u00e9pi la CTM.<\/a><\/li>\n<li><div class=\"wp-block-latest-posts__featured-image aligncenter\"><img loading=\"lazy\" decoding=\"async\" width=\"150\" height=\"150\" src=\"https:\/\/site.ac-martinique.fr\/pole-langues\/wp-content\/uploads\/sites\/28\/2023\/10\/WhatsApp-Image-2023-10-18-a-15.04.32_7aca0634-150x150.jpg\" class=\"attachment-thumbnail size-thumbnail wp-post-image\" alt=\"\" style=\"\" \/><\/div><a class=\"wp-block-latest-posts__post-title\" href=\"https:\/\/site.ac-martinique.fr\/pole-langues\/?p=4448\">Simenn kr\u00e9yol l\u00e9kol latit Lajoso \u00e9pi an kam\u00e9 Lavi\u00e8pilot.<\/a><\/li>\n<li><div class=\"wp-block-latest-posts__featured-image aligncenter\"><img loading=\"lazy\" decoding=\"async\" width=\"150\" height=\"150\" src=\"https:\/\/site.ac-martinique.fr\/pole-langues\/wp-content\/uploads\/sites\/28\/2023\/10\/WhatsApp-Image-2023-10-18-a-10.15.59_22fdbaca-1-150x150.jpg\" class=\"attachment-thumbnail size-thumbnail wp-post-image\" alt=\"\" style=\"\" \/><\/div><a class=\"wp-block-latest-posts__post-title\" href=\"https:\/\/site.ac-martinique.fr\/pole-langues\/?p=4444\">Simenn kr\u00e9yol lekol<\/a><\/li>\n<li><div class=\"wp-block-latest-posts__featured-image aligncenter\"><img loading=\"lazy\" decoding=\"async\" width=\"150\" height=\"150\" src=\"https:\/\/site.ac-martinique.fr\/pole-langues\/wp-content\/uploads\/sites\/28\/2023\/10\/WhatsApp-Image-2023-10-18-a-10.11.01_152ab6f1-1-150x150.jpg\" class=\"attachment-thumbnail size-thumbnail wp-post-image\" alt=\"\" style=\"\" \/><\/div><a class=\"wp-block-latest-posts__post-title\" href=\"https:\/\/site.ac-martinique.fr\/pole-langues\/?p=4439\">Simenn kr\u00e9yol lekol<\/a><\/li>\n<li><div class=\"wp-block-latest-posts__featured-image aligncenter\"><img loading=\"lazy\" decoding=\"async\" width=\"150\" height=\"150\" src=\"https:\/\/site.ac-martinique.fr\/pole-langues\/wp-content\/uploads\/sites\/28\/2023\/10\/WhatsApp-Image-2023-10-18-a-10.05.29_abf7fed2-150x150.jpg\" class=\"attachment-thumbnail size-thumbnail wp-post-image\" alt=\"\" style=\"\" \/><\/div><a class=\"wp-block-latest-posts__post-title\" href=\"https:\/\/site.ac-martinique.fr\/pole-langues\/?p=4434\">Simenn kr\u00e9yol lekol koumans\u00e9<\/a><\/li>\n<li><div class=\"wp-block-latest-posts__featured-image aligncenter\"><img loading=\"lazy\" decoding=\"async\" width=\"150\" height=\"150\" src=\"https:\/\/site.ac-martinique.fr\/pole-langues\/wp-content\/uploads\/sites\/28\/2023\/03\/image-5-150x150.png\" class=\"attachment-thumbnail size-thumbnail wp-post-image\" alt=\"\" style=\"\" \/><\/div><a class=\"wp-block-latest-posts__post-title\" href=\"https:\/\/site.ac-martinique.fr\/pole-langues\/?p=4362\">Simenn kr\u00e9yol kouvan klini<\/a><\/li>\n<li><div class=\"wp-block-latest-posts__featured-image aligncenter\"><img loading=\"lazy\" decoding=\"async\" width=\"150\" height=\"150\" src=\"https:\/\/site.ac-martinique.fr\/pole-langues\/wp-content\/uploads\/sites\/28\/2023\/03\/image-4-150x150.png\" class=\"attachment-thumbnail size-thumbnail wp-post-image\" alt=\"\" style=\"\" \/><\/div><a class=\"wp-block-latest-posts__post-title\" href=\"https:\/\/site.ac-martinique.fr\/pole-langues\/?p=4359\">Semaine du Cr\u00e9ole \u00e0 GODISSARD<\/a><\/li>\n<li><div class=\"wp-block-latest-posts__featured-image aligncenter\"><img loading=\"lazy\" decoding=\"async\" width=\"150\" height=\"150\" src=\"https:\/\/site.ac-martinique.fr\/pole-langues\/wp-content\/uploads\/sites\/28\/2023\/03\/image-3-150x150.png\" class=\"attachment-thumbnail size-thumbnail wp-post-image\" alt=\"\" style=\"\" \/><\/div><a class=\"wp-block-latest-posts__post-title\" href=\"https:\/\/site.ac-martinique.fr\/pole-langues\/?p=4354\">Simenn kr\u00e9yol kouvan Clini.<\/a><\/li>\n<li><div class=\"wp-block-latest-posts__featured-image aligncenter\"><img loading=\"lazy\" decoding=\"async\" width=\"150\" height=\"150\" src=\"https:\/\/site.ac-martinique.fr\/pole-langues\/wp-content\/uploads\/sites\/28\/2023\/03\/image-150x150.png\" class=\"attachment-thumbnail size-thumbnail wp-post-image\" alt=\"\" style=\"\" \/><\/div><a class=\"wp-block-latest-posts__post-title\" href=\"https:\/\/site.ac-martinique.fr\/pole-langues\/?p=4349\">Simenn kr\u00e9yol l\u00e9kol \u00e9pi Jocelyne BEROARD.<\/a><\/li>\n<\/ul>","protected":false},"excerpt":{"rendered":"<p>Vous trouverez des textes, des images et des vid\u00e9os des diff\u00e9rents temps forts de la mission Langue Vivante et R\u00e9gionale.<\/p>\n","protected":false},"author":10,"featured_media":0,"parent":3236,"menu_order":0,"comment_status":"closed","ping_status":"closed","template":"","meta":{"footnotes":""},"class_list":["post-3335","page","type-page","status-publish","hentry"],"_links":{"self":[{"href":"https:\/\/site.ac-martinique.fr\/pole-langues\/index.php?rest_route=\/wp\/v2\/pages\/3335","targetHints":{"allow":["GET"]}}],"collection":[{"href":"https:\/\/site.ac-martinique.fr\/pole-langues\/index.php?rest_route=\/wp\/v2\/pages"}],"about":[{"href":"https:\/\/site.ac-martinique.fr\/pole-langues\/index.php?rest_route=\/wp\/v2\/types\/page"}],"author":[{"embeddable":true,"href":"https:\/\/site.ac-martinique.fr\/pole-langues\/index.php?rest_route=\/wp\/v2\/users\/10"}],"replies":[{"embeddable":true,"href":"https:\/\/site.ac-martinique.fr\/pole-langues\/index.php?rest_route=%2Fwp%2Fv2%2Fcomments&post=3335"}],"version-history":[{"count":12,"href":"https:\/\/site.ac-martinique.fr\/pole-langues\/index.php?rest_route=\/wp\/v2\/pages\/3335\/revisions"}],"predecessor-version":[{"id":4191,"href":"https:\/\/site.ac-martinique.fr\/pole-langues\/index.php?rest_route=\/wp\/v2\/pages\/3335\/revisions\/4191"}],"up":[{"embeddable":true,"href":"https:\/\/site.ac-martinique.fr\/pole-langues\/index.php?rest_route=\/wp\/v2\/pages\/3236"}],"wp:attachment":[{"href":"https:\/\/site.ac-martinique.fr\/pole-langues\/index.php?rest_route=%2Fwp%2Fv2%2Fmedia&parent=3335"}],"curies":[{"name":"wp","href":"https:\/\/api.w.org\/{rel}","templated":true}]}}

Actualités de la Mission LVR

<figure class="wp-block-image size-large is-style-tw-rounded-corners"><a href="https://site.ac-martinique.fr/pole-langues/wp-content/uploads/sites/28/2022/12/image-1.png"><img loading="lazy" decoding="async" width="1024" height="643" src="https://site.ac-martinique.fr/pole-langues/wp-content/uploads/sites/28/2022/12/image-1-1024x643.png" alt="" class="wp-image-4065" srcset="https://site.ac-martinique.fr/pole-langues/wp-content/uploads/sites/28/2022/12/image-1-1024x643.png 1024w, https://site.ac-martinique.fr/pole-langues/wp-content/uploads/sites/28/2022/12/image-1-300x188.png 300w, https://site.ac-martinique.fr/pole-langues/wp-content/uploads/sites/28/2022/12/image-1-768x482.png 768w, https://site.ac-martinique.fr/pole-langues/wp-content/uploads/sites/28/2022/12/image-1.png 1369w" sizes="auto, (max-width: 1024px) 100vw, 1024px" /></a></figure>



<p class="has-text-align-center" style="font-size:29px">Vous trouverez des textes, des images et des vidéos des différents temps forts de la mission Langue Vivante et Régionale.</p>


<ul class="wp-block-latest-posts__list is-grid columns-3 aligncenter is-style-tw-posts-border wp-block-latest-posts has-small-font-size"><li><div class="wp-block-latest-posts__featured-image aligncenter"><img loading="lazy" decoding="async" width="150" height="150" src="https://site.ac-martinique.fr/pole-langues/wp-content/uploads/sites/28/2024/09/FB_IMG_1727080315076-150x150.jpg" class="attachment-thumbnail size-thumbnail wp-post-image" alt="" style="" /></div><a class="wp-block-latest-posts__post-title" href="https://site.ac-martinique.fr/pole-langues/?p=4564">Cérémonie des habilités LVRC</a></li>
<li><div class="wp-block-latest-posts__featured-image aligncenter"><img loading="lazy" decoding="async" width="150" height="150" src="https://site.ac-martinique.fr/pole-langues/wp-content/uploads/sites/28/2023/10/WhatsApp-Image-2023-10-18-a-18.50.57_c65c4c4f-1-150x150.jpg" class="attachment-thumbnail size-thumbnail wp-post-image" alt="" style="" /></div><a class="wp-block-latest-posts__post-title" href="https://site.ac-martinique.fr/pole-langues/?p=4503">Simenn kréyol lékol Kap-Féré Sent-Ann épi la CTM.</a></li>
<li><div class="wp-block-latest-posts__featured-image aligncenter"><img loading="lazy" decoding="async" width="150" height="150" src="https://site.ac-martinique.fr/pole-langues/wp-content/uploads/sites/28/2023/10/WhatsApp-Image-2023-10-18-a-18.50.56_80e9c85a-1-150x150.jpg" class="attachment-thumbnail size-thumbnail wp-post-image" alt="" style="" /></div><a class="wp-block-latest-posts__post-title" href="https://site.ac-martinique.fr/pole-langues/?p=4498">Simenn kréyol lékol Plas-Dam Lanmanten épi la CTM.</a></li>
<li><div class="wp-block-latest-posts__featured-image aligncenter"><img loading="lazy" decoding="async" width="150" height="150" src="https://site.ac-martinique.fr/pole-langues/wp-content/uploads/sites/28/2023/10/WhatsApp-Image-2023-10-18-a-18.50.56_15e3b554-1-150x150.jpg" class="attachment-thumbnail size-thumbnail wp-post-image" alt="" style="" /></div><a class="wp-block-latest-posts__post-title" href="https://site.ac-martinique.fr/pole-langues/?p=4493">Simenn kréyol lékol latit &#8221; Les Abeilles&#8221; Fòdfrans épi la CTM.</a></li>
<li><div class="wp-block-latest-posts__featured-image aligncenter"><img loading="lazy" decoding="async" width="150" height="150" src="https://site.ac-martinique.fr/pole-langues/wp-content/uploads/sites/28/2023/10/WhatsApp-Image-2023-10-19-a-07.24.11_59529d2b-1-150x150.jpg" class="attachment-thumbnail size-thumbnail wp-post-image" alt="" style="" /></div><a class="wp-block-latest-posts__post-title" href="https://site.ac-martinique.fr/pole-langues/?p=4488">Simenn kréyol lékol Lermitaj Fòdfrans épi la CTM.</a></li>
<li><div class="wp-block-latest-posts__featured-image aligncenter"><img loading="lazy" decoding="async" width="150" height="150" src="https://site.ac-martinique.fr/pole-langues/wp-content/uploads/sites/28/2023/10/WhatsApp-Image-2023-10-18-a-13.29.36_c86c7a15-150x150.jpg" class="attachment-thumbnail size-thumbnail wp-post-image" alt="" style="" /></div><a class="wp-block-latest-posts__post-title" href="https://site.ac-martinique.fr/pole-langues/?p=4480">Simenn kréyol lékol.</a></li>
<li><div class="wp-block-latest-posts__featured-image aligncenter"><img loading="lazy" decoding="async" width="150" height="150" src="https://site.ac-martinique.fr/pole-langues/wp-content/uploads/sites/28/2023/10/WhatsApp-Image-2023-10-18-a-12.34.49_11b395d5-150x150.jpg" class="attachment-thumbnail size-thumbnail wp-post-image" alt="" style="" /></div><a class="wp-block-latest-posts__post-title" href="https://site.ac-martinique.fr/pole-langues/?p=4475">Simenn kréyol lekol épi la CTM.</a></li>
<li><div class="wp-block-latest-posts__featured-image aligncenter"><img loading="lazy" decoding="async" width="150" height="150" src="https://site.ac-martinique.fr/pole-langues/wp-content/uploads/sites/28/2023/10/WhatsApp-Image-2023-10-18-a-11.33.16_18c95752-1-150x150.jpg" class="attachment-thumbnail size-thumbnail wp-post-image" alt="" style="" /></div><a class="wp-block-latest-posts__post-title" href="https://site.ac-martinique.fr/pole-langues/?p=4471">Simenn kréyol lékol Latrinité.</a></li>
<li><div class="wp-block-latest-posts__featured-image aligncenter"><img loading="lazy" decoding="async" width="150" height="150" src="https://site.ac-martinique.fr/pole-langues/wp-content/uploads/sites/28/2023/10/WhatsApp-Image-2023-10-18-a-11.09.24_8c92b5d5-1-150x150.jpg" class="attachment-thumbnail size-thumbnail wp-post-image" alt="" style="" /></div><a class="wp-block-latest-posts__post-title" href="https://site.ac-martinique.fr/pole-langues/?p=4465">Simenn kréyol lékol Latrinité</a></li>
<li><div class="wp-block-latest-posts__featured-image aligncenter"><img loading="lazy" decoding="async" width="150" height="150" src="https://site.ac-martinique.fr/pole-langues/wp-content/uploads/sites/28/2023/10/WhatsApp-Image-2023-10-18-a-12.27.38_6025a6a2-150x150.jpg" class="attachment-thumbnail size-thumbnail wp-post-image" alt="" style="" /></div><a class="wp-block-latest-posts__post-title" href="https://site.ac-martinique.fr/pole-langues/?p=4460">Simenn kréyol lékol</a></li>
<li><div class="wp-block-latest-posts__featured-image aligncenter"><img loading="lazy" decoding="async" width="150" height="150" src="https://site.ac-martinique.fr/pole-langues/wp-content/uploads/sites/28/2023/10/WhatsApp-Image-2023-10-18-a-10.30.39_9a9b1be7-150x150.jpg" class="attachment-thumbnail size-thumbnail wp-post-image" alt="" style="" /></div><a class="wp-block-latest-posts__post-title" href="https://site.ac-martinique.fr/pole-langues/?p=4455">Simenn kréyol lékol &#8221; Maxime&#8221; Loren épi la CTM.</a></li>
<li><div class="wp-block-latest-posts__featured-image aligncenter"><img loading="lazy" decoding="async" width="150" height="150" src="https://site.ac-martinique.fr/pole-langues/wp-content/uploads/sites/28/2023/10/WhatsApp-Image-2023-10-18-a-15.04.32_7aca0634-150x150.jpg" class="attachment-thumbnail size-thumbnail wp-post-image" alt="" style="" /></div><a class="wp-block-latest-posts__post-title" href="https://site.ac-martinique.fr/pole-langues/?p=4448">Simenn kréyol lékol latit Lajoso épi an kamé Lavièpilot.</a></li>
<li><div class="wp-block-latest-posts__featured-image aligncenter"><img loading="lazy" decoding="async" width="150" height="150" src="https://site.ac-martinique.fr/pole-langues/wp-content/uploads/sites/28/2023/10/WhatsApp-Image-2023-10-18-a-10.15.59_22fdbaca-1-150x150.jpg" class="attachment-thumbnail size-thumbnail wp-post-image" alt="" style="" /></div><a class="wp-block-latest-posts__post-title" href="https://site.ac-martinique.fr/pole-langues/?p=4444">Simenn kréyol lekol</a></li>
<li><div class="wp-block-latest-posts__featured-image aligncenter"><img loading="lazy" decoding="async" width="150" height="150" src="https://site.ac-martinique.fr/pole-langues/wp-content/uploads/sites/28/2023/10/WhatsApp-Image-2023-10-18-a-10.11.01_152ab6f1-1-150x150.jpg" class="attachment-thumbnail size-thumbnail wp-post-image" alt="" style="" /></div><a class="wp-block-latest-posts__post-title" href="https://site.ac-martinique.fr/pole-langues/?p=4439">Simenn kréyol lekol</a></li>
<li><div class="wp-block-latest-posts__featured-image aligncenter"><img loading="lazy" decoding="async" width="150" height="150" src="https://site.ac-martinique.fr/pole-langues/wp-content/uploads/sites/28/2023/10/WhatsApp-Image-2023-10-18-a-10.05.29_abf7fed2-150x150.jpg" class="attachment-thumbnail size-thumbnail wp-post-image" alt="" style="" /></div><a class="wp-block-latest-posts__post-title" href="https://site.ac-martinique.fr/pole-langues/?p=4434">Simenn kréyol lekol koumansé</a></li>
<li><div class="wp-block-latest-posts__featured-image aligncenter"><img loading="lazy" decoding="async" width="150" height="150" src="https://site.ac-martinique.fr/pole-langues/wp-content/uploads/sites/28/2023/03/image-5-150x150.png" class="attachment-thumbnail size-thumbnail wp-post-image" alt="" style="" /></div><a class="wp-block-latest-posts__post-title" href="https://site.ac-martinique.fr/pole-langues/?p=4362">Simenn kréyol kouvan klini</a></li>
<li><div class="wp-block-latest-posts__featured-image aligncenter"><img loading="lazy" decoding="async" width="150" height="150" src="https://site.ac-martinique.fr/pole-langues/wp-content/uploads/sites/28/2023/03/image-4-150x150.png" class="attachment-thumbnail size-thumbnail wp-post-image" alt="" style="" /></div><a class="wp-block-latest-posts__post-title" href="https://site.ac-martinique.fr/pole-langues/?p=4359">Semaine du Créole à GODISSARD</a></li>
<li><div class="wp-block-latest-posts__featured-image aligncenter"><img loading="lazy" decoding="async" width="150" height="150" src="https://site.ac-martinique.fr/pole-langues/wp-content/uploads/sites/28/2023/03/image-3-150x150.png" class="attachment-thumbnail size-thumbnail wp-post-image" alt="" style="" /></div><a class="wp-block-latest-posts__post-title" href="https://site.ac-martinique.fr/pole-langues/?p=4354">Simenn kréyol kouvan Clini.</a></li>
<li><div class="wp-block-latest-posts__featured-image aligncenter"><img loading="lazy" decoding="async" width="150" height="150" src="https://site.ac-martinique.fr/pole-langues/wp-content/uploads/sites/28/2023/03/image-150x150.png" class="attachment-thumbnail size-thumbnail wp-post-image" alt="" style="" /></div><a class="wp-block-latest-posts__post-title" href="https://site.ac-martinique.fr/pole-langues/?p=4349">Simenn kréyol lékol épi Jocelyne BEROARD.</a></li>
</ul>

<p>Vous trouverez des textes, des images et des vidéos des différents temps forts de la mission Langue Vivante et Régionale.</p>
