{"id":3366,"date":"2021-09-21T19:36:39","date_gmt":"2021-09-21T23:36:39","guid":{"rendered":"https:\/\/site.ac-martinique.fr\/pole-langues\/?page_id=3366"},"modified":"2022-11-29T11:47:58","modified_gmt":"2022-11-29T15:47:58","slug":"textes-officiels","status":"publish","type":"page","link":"https:\/\/site.ac-martinique.fr\/pole-langues\/?page_id=3366","title":{"rendered":"Textes officiels"},"content":{"rendered":"\n<ul>\n<li>BO n\u00b015 du 13 avril 2017, <strong>Circulaire relative \u00e0 l&#8217;enseignement des langues et cultures r\u00e9gionales<\/strong><\/li>\n<li>BO sp\u00e9cial n\u00b011 du 26 novembre 2015, <strong>Programmes d&#8217;enseignement du cycle des apprentissages fondamentaux (cycle 2), du cycle de consolidation (cycle 3) et du cycle des approfondissements (cycle 4)<\/strong><\/li>\n<li>BO sp\u00e9cial n\u00b02 du 26 mars 2015, Programme d\u2019enseignement de l\u2019\u00e9cole maternelle<\/li>\n<li><strong>Convention Etat-R\u00e9gion Martinique du 21 f\u00e9vrier 2011<\/strong> : volont\u00e9 minist\u00e9rielle de <u>d\u00e9velopper l\u2019enseignement du cr\u00e9ole dans l\u2019Acad\u00e9mie<\/u> et engage la R\u00e9gion \u00e0 soutenir l\u2019action \u00e9ducative d\u00e9velopp\u00e9e par le Rectorat.<\/li>\n<li><strong>O n\u00b032 du 8 septembre 2011<\/strong><strong>,<\/strong> Programmes nationaux pour l\u2019enseignement des cr\u00e9oles\u00a0: \u00ab <em>L\u2019enseignement de la langue vivante r\u00e9gionale cr\u00e9ole a <u>pour objectif de d\u00e9velopper les comp\u00e9tences de ma\u00eetrise du langage (\u00e9couter, parler, lire et \u00e9crire<\/u>). D\u2019autre part, il d\u00e9veloppe <u>des contenus culturels li\u00e9s au patrimoine<\/u> dans lequel s\u2019inscrit la langue\u00a0\u00bb.<\/em><\/li>\n<li><strong>Circulaire acad\u00e9mique du 02 d\u00e9cembre 2011<\/strong>: nouvelles <u>modalit\u00e9s pour l\u2019habilitation des professeurs<\/u> charg\u00e9s de l\u2019enseignement du cr\u00e9ole \u00e0 l\u2019\u00e9cole primaire.<\/li>\n<li><strong>Circulaire acad\u00e9mique du 24\/06\/2010<\/strong>: \u00ab\u00a0<em>L\u2019enseignement du cr\u00e9ole \u00e0 l\u2019\u00e9cole primaire, non obligatoire est <u>inscrit au projet d\u2019\u00e9cole<\/u> et pr\u00e9sent\u00e9 aux familles. Il est dispens\u00e9 de la maternelle au CM2, \u00e0 raison de <u>54 heures annuelles, soit 1h \u00e0 1h30 par semaine<\/u>, dont une heure <u>prise sur le fran\u00e7ais et trente minutes sur toute autre discipline<\/u> \u00e0 l\u2019appr\u00e9ciation de l\u2019enseignant\u00a0\u00bb<\/em>.<\/li>\n<li><strong>BO Hors-s\u00e9rie n\u00b0 9 du 27\/09\/2007 annexe 1<\/strong> : \u00ab <em><u>L\u2019enseignement du cr\u00e9ole<\/u>, Langue Vivante R\u00e9gionale, est envisag\u00e9 comme celle d\u2019une Langue Vivante Etrang\u00e8re, et de ce fait <u>s\u2019appuie sur les cadres A1 et A2 de r\u00e9f\u00e9rence des langues europ\u00e9ennes<\/u> \u00bb<\/em>.<\/li>\n<\/ul>\n","protected":false},"excerpt":{"rendered":"","protected":false},"author":10,"featured_media":0,"parent":3236,"menu_order":0,"comment_status":"closed","ping_status":"closed","template":"","meta":{"footnotes":""},"class_list":["post-3366","page","type-page","status-publish","hentry"],"_links":{"self":[{"href":"https:\/\/site.ac-martinique.fr\/pole-langues\/index.php?rest_route=\/wp\/v2\/pages\/3366","targetHints":{"allow":["GET"]}}],"collection":[{"href":"https:\/\/site.ac-martinique.fr\/pole-langues\/index.php?rest_route=\/wp\/v2\/pages"}],"about":[{"href":"https:\/\/site.ac-martinique.fr\/pole-langues\/index.php?rest_route=\/wp\/v2\/types\/page"}],"author":[{"embeddable":true,"href":"https:\/\/site.ac-martinique.fr\/pole-langues\/index.php?rest_route=\/wp\/v2\/users\/10"}],"replies":[{"embeddable":true,"href":"https:\/\/site.ac-martinique.fr\/pole-langues\/index.php?rest_route=%2Fwp%2Fv2%2Fcomments&post=3366"}],"version-history":[{"count":3,"href":"https:\/\/site.ac-martinique.fr\/pole-langues\/index.php?rest_route=\/wp\/v2\/pages\/3366\/revisions"}],"predecessor-version":[{"id":3372,"href":"https:\/\/site.ac-martinique.fr\/pole-langues\/index.php?rest_route=\/wp\/v2\/pages\/3366\/revisions\/3372"}],"up":[{"embeddable":true,"href":"https:\/\/site.ac-martinique.fr\/pole-langues\/index.php?rest_route=\/wp\/v2\/pages\/3236"}],"wp:attachment":[{"href":"https:\/\/site.ac-martinique.fr\/pole-langues\/index.php?rest_route=%2Fwp%2Fv2%2Fmedia&parent=3366"}],"curies":[{"name":"wp","href":"https:\/\/api.w.org\/{rel}","templated":true}]}}

<ul>
<li>BO n°15 du 13 avril 2017, <strong>Circulaire relative à l&#8217;enseignement des langues et cultures régionales</strong></li>
<li>BO spécial n°11 du 26 novembre 2015, <strong>Programmes d&#8217;enseignement du cycle des apprentissages fondamentaux (cycle 2), du cycle de consolidation (cycle 3) et du cycle des approfondissements (cycle 4)</strong></li>
<li>BO spécial n°2 du 26 mars 2015, Programme d’enseignement de l’école maternelle</li>
<li><strong>Convention Etat-Région Martinique du 21 février 2011</strong> : volonté ministérielle de <u>développer l’enseignement du créole dans l’Académie</u> et engage la Région à soutenir l’action éducative développée par le Rectorat.</li>
<li><strong>O n°32 du 8 septembre 2011</strong><strong>,</strong> Programmes nationaux pour l’enseignement des créoles : « <em>L’enseignement de la langue vivante régionale créole a <u>pour objectif de développer les compétences de maîtrise du langage (écouter, parler, lire et écrire</u>). D’autre part, il développe <u>des contenus culturels liés au patrimoine</u> dans lequel s’inscrit la langue ».</em></li>
<li><strong>Circulaire académique du 02 décembre 2011</strong>: nouvelles <u>modalités pour l’habilitation des professeurs</u> chargés de l’enseignement du créole à l’école primaire.</li>
<li><strong>Circulaire académique du 24/06/2010</strong>: « <em>L’enseignement du créole à l’école primaire, non obligatoire est <u>inscrit au projet d’école</u> et présenté aux familles. Il est dispensé de la maternelle au CM2, à raison de <u>54 heures annuelles, soit 1h à 1h30 par semaine</u>, dont une heure <u>prise sur le français et trente minutes sur toute autre discipline</u> à l’appréciation de l’enseignant »</em>.</li>
<li><strong>BO Hors-série n° 9 du 27/09/2007 annexe 1</strong> : « <em><u>L’enseignement du créole</u>, Langue Vivante Régionale, est envisagé comme celle d’une Langue Vivante Etrangère, et de ce fait <u>s’appuie sur les cadres A1 et A2 de référence des langues européennes</u> »</em>.</li>
</ul>
