{"id":3715,"date":"2022-08-19T10:25:45","date_gmt":"2022-08-19T14:25:45","guid":{"rendered":"https:\/\/site.ac-martinique.fr\/pole-langues\/?page_id=3715"},"modified":"2022-09-08T21:40:56","modified_gmt":"2022-09-09T01:40:56","slug":"liste-des-themes-cycle-1-2-et-3","status":"publish","type":"page","link":"https:\/\/site.ac-martinique.fr\/pole-langues\/?page_id=3715","title":{"rendered":"Liste des th\u00e8mes cycle 1, 2 et 3"},"content":{"rendered":"\n<h4>\u00a0<\/h4>\n<h4>L\u2019entr\u00e9e dans la langue \u00e9trang\u00e8re ou r\u00e9gionale se fait naturellement en parlant de soi et de son univers, r\u00e9el et imaginaire. Trois th\u00e9matiques sont ainsi propos\u00e9es autour de l\u2019enfant, la classe, l\u2019univers enfantin.\u00a0 <em>\u00a0Programme langues vivantes cycle 2 et 3<\/em><\/h4>\n<p>Afin d\u2019accompagner les \u00e9quipes dans la mise en \u0153uvre de l\u2019enseignement des langues vivantes une proposition de th\u00e8mes est propos\u00e9e pour tous les cycles. Les enseignants peuvent ainsi les adapter, les faire \u00e9voluer en fonction des profils d&#8217;\u00e9l\u00e8ves et des donn\u00e9es propres \u00e0 chaque classe ou suivre les programmations propos\u00e9es par la mission LVE.<\/p>\n\n\n<div class=\"wp-block-image\">\n<figure class=\"alignleft size-full is-resized\"><a href=\"https:\/\/site.ac-martinique.fr\/pole-langues\/wp-content\/uploads\/sites\/28\/2022\/09\/Liste-des-themes-cycle-1-2-et-3.pptx\"><img loading=\"lazy\" decoding=\"async\" src=\"https:\/\/site.ac-martinique.fr\/pole-langues\/wp-content\/uploads\/sites\/28\/2022\/09\/ENGLISH.jpg\" alt=\"\" class=\"wp-image-3756\" width=\"97\" height=\"65\"\/><\/a><figcaption>Click on the picture<\/figcaption><\/figure>\n<\/div>","protected":false},"excerpt":{"rendered":"","protected":false},"author":87,"featured_media":0,"parent":0,"menu_order":0,"comment_status":"closed","ping_status":"closed","template":"","meta":{"footnotes":""},"class_list":["post-3715","page","type-page","status-publish","hentry"],"_links":{"self":[{"href":"https:\/\/site.ac-martinique.fr\/pole-langues\/index.php?rest_route=\/wp\/v2\/pages\/3715","targetHints":{"allow":["GET"]}}],"collection":[{"href":"https:\/\/site.ac-martinique.fr\/pole-langues\/index.php?rest_route=\/wp\/v2\/pages"}],"about":[{"href":"https:\/\/site.ac-martinique.fr\/pole-langues\/index.php?rest_route=\/wp\/v2\/types\/page"}],"author":[{"embeddable":true,"href":"https:\/\/site.ac-martinique.fr\/pole-langues\/index.php?rest_route=\/wp\/v2\/users\/87"}],"replies":[{"embeddable":true,"href":"https:\/\/site.ac-martinique.fr\/pole-langues\/index.php?rest_route=%2Fwp%2Fv2%2Fcomments&post=3715"}],"version-history":[{"count":3,"href":"https:\/\/site.ac-martinique.fr\/pole-langues\/index.php?rest_route=\/wp\/v2\/pages\/3715\/revisions"}],"predecessor-version":[{"id":3758,"href":"https:\/\/site.ac-martinique.fr\/pole-langues\/index.php?rest_route=\/wp\/v2\/pages\/3715\/revisions\/3758"}],"wp:attachment":[{"href":"https:\/\/site.ac-martinique.fr\/pole-langues\/index.php?rest_route=%2Fwp%2Fv2%2Fmedia&parent=3715"}],"curies":[{"name":"wp","href":"https:\/\/api.w.org\/{rel}","templated":true}]}}