{"id":3733,"date":"2022-08-19T10:42:27","date_gmt":"2022-08-19T14:42:27","guid":{"rendered":"https:\/\/site.ac-martinique.fr\/pole-langues\/?page_id=3733"},"modified":"2023-11-16T15:03:11","modified_gmt":"2023-11-16T19:03:11","slug":"accueillir-un-assistant-etranger-dans-sa-classe","status":"publish","type":"page","link":"https:\/\/site.ac-martinique.fr\/pole-langues\/?page_id=3733","title":{"rendered":"Accueillir un assistant \u00e9tranger dans sa classe"},"content":{"rendered":"\n<p>Les assistants interviennent<strong> pour une dur\u00e9e maximum de 12H00 par semaine sur une p\u00e9riode de 7 mois, de octobre \u00e0 avril<\/strong>.<\/p>\n\n\n\n<p>Chaque ann\u00e9e,&nbsp;<strong>des enseignants du cycle 1 au cycle 3 de l&#8217;acad\u00e9mie ont la  possibilit\u00e9 d&#8217;accueillir un assistant \u00e9tranger au sein de leur \u00e9cole.<\/strong><\/p>\n\n\n<div class=\"wp-block-image is-resized\">\n<figure class=\"alignleft size-full\"><a href=\"https:\/\/site.ac-martinique.fr\/pole-langues\/wp-content\/uploads\/sites\/28\/2022\/08\/Co-animer-avec-lassistant-2-1.pptx\"><img loading=\"lazy\" decoding=\"async\" width=\"300\" height=\"168\" src=\"https:\/\/site.ac-martinique.fr\/pole-langues\/wp-content\/uploads\/sites\/28\/2022\/08\/FEI.png\" alt=\"\" class=\"wp-image-3736\" style=\"width:186px;height:auto\"\/><\/a><figcaption class=\"wp-element-caption\">Organisation des s\u00e9quences avec l&#8217;assistant (cliquer sur l&#8217;image ci-dessus)<\/figcaption><\/figure>\n<\/div>\n\n\n<p><\/p>\n\n\n\n<p><\/p>\n\n\n\n<p><\/p>\n\n\n\n<p><\/p>\n\n\n\n<p><a href=\"https:\/\/padlet.com\/lucile_mariesainte\/animer-avec-l-enseignant-jd8qa6gxc16qjlea\">Padlet activit\u00e9s avec les assistants<\/a><\/p>\n","protected":false},"excerpt":{"rendered":"<p>Les assistants interviennent pour une dur\u00e9e maximum de 12H00 par semaine sur une p\u00e9riode de 7 mois, de octobre \u00e0 avril. Chaque ann\u00e9e,&nbsp;des enseignants du cycle 1 au cycle 3 de l&#8217;acad\u00e9mie ont la possibilit\u00e9 d&#8217;accueillir un assistant \u00e9tranger au &hellip; <a href=\"https:\/\/site.ac-martinique.fr\/pole-langues\/?page_id=3733\">Continuer la lecture <span class=\"meta-nav\">&rarr;<\/span><\/a><\/p>\n","protected":false},"author":87,"featured_media":0,"parent":0,"menu_order":0,"comment_status":"closed","ping_status":"closed","template":"","meta":{"footnotes":""},"class_list":["post-3733","page","type-page","status-publish","hentry"],"_links":{"self":[{"href":"https:\/\/site.ac-martinique.fr\/pole-langues\/index.php?rest_route=\/wp\/v2\/pages\/3733","targetHints":{"allow":["GET"]}}],"collection":[{"href":"https:\/\/site.ac-martinique.fr\/pole-langues\/index.php?rest_route=\/wp\/v2\/pages"}],"about":[{"href":"https:\/\/site.ac-martinique.fr\/pole-langues\/index.php?rest_route=\/wp\/v2\/types\/page"}],"author":[{"embeddable":true,"href":"https:\/\/site.ac-martinique.fr\/pole-langues\/index.php?rest_route=\/wp\/v2\/users\/87"}],"replies":[{"embeddable":true,"href":"https:\/\/site.ac-martinique.fr\/pole-langues\/index.php?rest_route=%2Fwp%2Fv2%2Fcomments&post=3733"}],"version-history":[{"count":6,"href":"https:\/\/site.ac-martinique.fr\/pole-langues\/index.php?rest_route=\/wp\/v2\/pages\/3733\/revisions"}],"predecessor-version":[{"id":4517,"href":"https:\/\/site.ac-martinique.fr\/pole-langues\/index.php?rest_route=\/wp\/v2\/pages\/3733\/revisions\/4517"}],"wp:attachment":[{"href":"https:\/\/site.ac-martinique.fr\/pole-langues\/index.php?rest_route=%2Fwp%2Fv2%2Fmedia&parent=3733"}],"curies":[{"name":"wp","href":"https:\/\/api.w.org\/{rel}","templated":true}]}}

Accueillir un assistant étranger dans sa classe

<p>Les assistants interviennent<strong> pour une durée maximum de 12H00 par semaine sur une période de 7 mois, de octobre à avril</strong>.</p>



<p>Chaque année,&nbsp;<strong>des enseignants du cycle 1 au cycle 3 de l&#8217;académie ont la  possibilité d&#8217;accueillir un assistant étranger au sein de leur école.</strong></p>


<div class="wp-block-image is-resized">
<figure class="alignleft size-full"><a href="https://site.ac-martinique.fr/pole-langues/wp-content/uploads/sites/28/2022/08/Co-animer-avec-lassistant-2-1.pptx"><img loading="lazy" decoding="async" width="300" height="168" src="https://site.ac-martinique.fr/pole-langues/wp-content/uploads/sites/28/2022/08/FEI.png" alt="" class="wp-image-3736" style="width:186px;height:auto"/></a><figcaption class="wp-element-caption">Organisation des séquences avec l&#8217;assistant (cliquer sur l&#8217;image ci-dessus)</figcaption></figure>
</div>


<p></p>



<p></p>



<p></p>



<p></p>



<p><a href="https://padlet.com/lucile_mariesainte/animer-avec-l-enseignant-jd8qa6gxc16qjlea">Padlet activités avec les assistants</a></p>

<p>Les assistants interviennent pour une durée maximum de 12H00 par semaine sur une période de 7 mois, de octobre à avril. Chaque année,&nbsp;des enseignants du cycle 1 au cycle 3 de l&#8217;académie ont la possibilité d&#8217;accueillir un assistant étranger au &hellip; <a href="https://site.ac-martinique.fr/pole-langues/?page_id=3733">Continuer la lecture <span class="meta-nav">&rarr;</span></a></p>
