{"id":4315,"date":"2023-03-03T18:52:23","date_gmt":"2023-03-03T22:52:23","guid":{"rendered":"https:\/\/site.ac-martinique.fr\/pole-langues\/?page_id=4315"},"modified":"2025-03-28T10:55:24","modified_gmt":"2025-03-28T14:55:24","slug":"easter","status":"publish","type":"page","link":"https:\/\/site.ac-martinique.fr\/pole-langues\/?page_id=4315","title":{"rendered":"Easter"},"content":{"rendered":"\n<blockquote class=\"wp-block-quote is-layout-flow wp-block-quote-is-layout-flow\">\n<p>&#8220;\u00c0 l\u2019\u00e9cole, puis au coll\u00e8ge, il est recommand\u00e9 de privil\u00e9gier la d\u00e9couverte de la culture sp\u00e9cifiquement associ\u00e9e \u00e0 la langue \u00e9tudi\u00e9e.<\/p>\n\n\n\n<p>Il n\u2019est pas de langue qui ne soit de culture, la langue \u00e9tant fondamentalement une repr\u00e9sentation du monde, qui s\u2019ancre dans le r\u00e9el et dans l\u2019imaginaire. Elle est la manifestation d\u2019une identit\u00e9 culturelle.<\/p>\n\n\n\n<p>La discipline langues vivantes est le lieu qui permet de d\u00e9velopper l\u2019ouverture aux autres cultures.&#8221;<\/p>\n\n\n\n<p>Ressources d&#8217;accompagnement pour les langues vivantes \u00e9trang\u00e8res et r\u00e9gionales aux cycles 2, 3 et 4<\/p>\n\n\n\n<p>Vous trouverez ci-dessous des activit\u00e9s qui faciliteront cette ouverture culturelle.<\/p>\n<\/blockquote>\n\n\n\n<p>Dossier Easter : <a href=\"https:\/\/site.ac-martinique.fr\/pole-langues\/wp-content\/uploads\/sites\/28\/2025\/03\/DOSSIER-EASTER-MISSION-LVE_compressed.pdf\">Click here<\/a><\/p>\n\n\n\n\n\n<p>Cultural elements : <a href=\"https:\/\/site.ac-martinique.fr\/pole-langues\/wp-content\/uploads\/sites\/28\/2023\/03\/Cultural-element-Easter.pdf\">click here<\/a><\/p>\n\n\n\n<p>Easter in UK: let&#8217;s listen to Kate<\/p>\n\n\n\n<figure class=\"wp-block-audio\"><audio controls src=\"https:\/\/site.ac-martinique.fr\/pole-langues\/wp-content\/uploads\/sites\/28\/2023\/03\/Easter-in-the-UK-E-annexe-3-audio-by-Kate.mp3\"><\/audio><\/figure>\n\n\n<div class=\"wp-block-image\">\n<figure class=\"alignright size-full is-resized\"><a href=\"https:\/\/site.ac-martinique.fr\/pole-langues\/wp-content\/uploads\/sites\/28\/2023\/03\/hunt.jpg\"><img loading=\"lazy\" decoding=\"async\" width=\"612\" height=\"612\" src=\"https:\/\/site.ac-martinique.fr\/pole-langues\/wp-content\/uploads\/sites\/28\/2023\/03\/hunt.jpg\" alt=\"\" class=\"wp-image-4337\" style=\"width:123px;height:123px\" srcset=\"https:\/\/site.ac-martinique.fr\/pole-langues\/wp-content\/uploads\/sites\/28\/2023\/03\/hunt.jpg 612w, https:\/\/site.ac-martinique.fr\/pole-langues\/wp-content\/uploads\/sites\/28\/2023\/03\/hunt-300x300.jpg 300w, https:\/\/site.ac-martinique.fr\/pole-langues\/wp-content\/uploads\/sites\/28\/2023\/03\/hunt-150x150.jpg 150w\" sizes=\"auto, (max-width: 612px) 100vw, 612px\" \/><\/a><\/figure>\n<\/div>\n\n\n<p>Egg hunt: <a href=\"https:\/\/site.ac-martinique.fr\/pole-langues\/wp-content\/uploads\/sites\/28\/2023\/03\/Easter-egg-Hunt.pdf\">click here<\/a><\/p>\n\n\n\n<p>Egg rolling: <a href=\"https:\/\/site.ac-martinique.fr\/pole-langues\/wp-content\/uploads\/sites\/28\/2023\/03\/COMPTINE-EASTER-cycle-CP-CE1.pdf\">click here<\/a><\/p>\n\n\n\n<p>Let&#8217;s sing an <a href=\"https:\/\/www.youtube.com\/watch?v=NR5N6usKals\">Easter song <\/a> <\/p>\n\n\n\n<p>What about Easter in Martinique?<\/p>\n\n\n\n<p class=\"has-text-align-left\"><a href=\"https:\/\/site.ac-martinique.fr\/pole-langues\/wp-content\/uploads\/sites\/28\/2023\/03\/Decrire-les-crabes-de-Martinique-cycle-2.pdf\">Cycle 2  <\/a>       <\/p>\n\n\n<div class=\"wp-block-image\">\n<figure class=\"aligncenter size-full is-resized\"><a href=\"https:\/\/site.ac-martinique.fr\/pole-langues\/wp-content\/uploads\/sites\/28\/2023\/03\/70368a9ef84d3f15fcb5d96fca6f3db0-crab-cake-recipes-seafood-recipes.jpg\"><img loading=\"lazy\" decoding=\"async\" width=\"236\" height=\"183\" src=\"https:\/\/site.ac-martinique.fr\/pole-langues\/wp-content\/uploads\/sites\/28\/2023\/03\/70368a9ef84d3f15fcb5d96fca6f3db0-crab-cake-recipes-seafood-recipes.jpg\" alt=\"\" class=\"wp-image-4344\" style=\"width:103px;height:80px\"\/><\/a><\/figure>\n<\/div>\n\n\n<p class=\"has-text-align-left\"><a href=\"https:\/\/site.ac-martinique.fr\/pole-langues\/wp-content\/uploads\/sites\/28\/2023\/03\/Decrire-les-crabes-de-Martinique-cycle-3-1.pdf\">Cycle 3<\/a><\/p>\n\n\n\n<p>Let&#8217;s travel in the Caribbean!<\/p>\n\n\n<div class=\"wp-block-image\">\n<figure class=\"alignright size-full is-resized\"><a href=\"https:\/\/site.ac-martinique.fr\/pole-langues\/wp-content\/uploads\/sites\/28\/2023\/03\/easter-egg-hunt-with-wood-texture-vector-7835776.jpg\"><img loading=\"lazy\" decoding=\"async\" width=\"1000\" height=\"780\" src=\"https:\/\/site.ac-martinique.fr\/pole-langues\/wp-content\/uploads\/sites\/28\/2023\/03\/easter-egg-hunt-with-wood-texture-vector-7835776.jpg\" alt=\"\" class=\"wp-image-4333\" style=\"width:98px;height:76px\" srcset=\"https:\/\/site.ac-martinique.fr\/pole-langues\/wp-content\/uploads\/sites\/28\/2023\/03\/easter-egg-hunt-with-wood-texture-vector-7835776.jpg 1000w, https:\/\/site.ac-martinique.fr\/pole-langues\/wp-content\/uploads\/sites\/28\/2023\/03\/easter-egg-hunt-with-wood-texture-vector-7835776-300x234.jpg 300w, https:\/\/site.ac-martinique.fr\/pole-langues\/wp-content\/uploads\/sites\/28\/2023\/03\/easter-egg-hunt-with-wood-texture-vector-7835776-768x599.jpg 768w\" sizes=\"auto, (max-width: 1000px) 100vw, 1000px\" \/><\/a><\/figure>\n<\/div>\n\n\n<p>  <a href=\"https:\/\/site.ac-martinique.fr\/pole-langues\/wp-content\/uploads\/sites\/28\/2023\/03\/easter-in-saint-lucia-.pdf\">St Lucia   <\/a>             <\/p>\n\n\n\n<p> <a href=\"https:\/\/site.ac-martinique.fr\/pole-langues\/wp-content\/uploads\/sites\/28\/2023\/03\/Easter-in-St-Vincent.pdf\"> St Vincent  <\/a><\/p>\n\n\n\n<p>Easter and art activities<\/p>\n\n\n\n<p>   Hanging eggs        <\/p>\n\n\n\n<p>  <a href=\"https:\/\/site.ac-martinique.fr\/pole-langues\/wp-content\/uploads\/sites\/28\/2023\/03\/Seance-ART-decoration-des-oeufs-de-Paques.pdf\">Decorated eggs<\/a><\/p>\n\n\n\n\n\n<p><\/p>\n\n\n","protected":false},"excerpt":{"rendered":"<p>&#8220;\u00c0 l\u2019\u00e9cole, puis au coll\u00e8ge, il est recommand\u00e9 de privil\u00e9gier la d\u00e9couverte de la culture sp\u00e9cifiquement associ\u00e9e \u00e0 la langue \u00e9tudi\u00e9e. Il n\u2019est pas de langue qui ne soit de culture, la langue \u00e9tant fondamentalement une repr\u00e9sentation du monde, qui &hellip; <a href=\"https:\/\/site.ac-martinique.fr\/pole-langues\/?page_id=4315\">Continuer la lecture <span class=\"meta-nav\">&rarr;<\/span><\/a><\/p>\n","protected":false},"author":87,"featured_media":0,"parent":3229,"menu_order":0,"comment_status":"closed","ping_status":"closed","template":"","meta":{"footnotes":""},"class_list":["post-4315","page","type-page","status-publish","hentry"],"_links":{"self":[{"href":"https:\/\/site.ac-martinique.fr\/pole-langues\/index.php?rest_route=\/wp\/v2\/pages\/4315","targetHints":{"allow":["GET"]}}],"collection":[{"href":"https:\/\/site.ac-martinique.fr\/pole-langues\/index.php?rest_route=\/wp\/v2\/pages"}],"about":[{"href":"https:\/\/site.ac-martinique.fr\/pole-langues\/index.php?rest_route=\/wp\/v2\/types\/page"}],"author":[{"embeddable":true,"href":"https:\/\/site.ac-martinique.fr\/pole-langues\/index.php?rest_route=\/wp\/v2\/users\/87"}],"replies":[{"embeddable":true,"href":"https:\/\/site.ac-martinique.fr\/pole-langues\/index.php?rest_route=%2Fwp%2Fv2%2Fcomments&post=4315"}],"version-history":[{"count":9,"href":"https:\/\/site.ac-martinique.fr\/pole-langues\/index.php?rest_route=\/wp\/v2\/pages\/4315\/revisions"}],"predecessor-version":[{"id":4596,"href":"https:\/\/site.ac-martinique.fr\/pole-langues\/index.php?rest_route=\/wp\/v2\/pages\/4315\/revisions\/4596"}],"up":[{"embeddable":true,"href":"https:\/\/site.ac-martinique.fr\/pole-langues\/index.php?rest_route=\/wp\/v2\/pages\/3229"}],"wp:attachment":[{"href":"https:\/\/site.ac-martinique.fr\/pole-langues\/index.php?rest_route=%2Fwp%2Fv2%2Fmedia&parent=4315"}],"curies":[{"name":"wp","href":"https:\/\/api.w.org\/{rel}","templated":true}]}}