{"id":1225,"date":"2021-09-28T22:27:28","date_gmt":"2021-09-28T21:27:28","guid":{"rendered":"https:\/\/site.ac-martinique.fr\/pole-maternelle\/?page_id=1225"},"modified":"2021-09-28T22:29:44","modified_gmt":"2021-09-28T21:29:44","slug":"decouvrir-les-nombres-et-leurs-utilisations","status":"publish","type":"page","link":"https:\/\/site.ac-martinique.fr\/pole-maternelle\/decouvrir-les-nombres-et-leurs-utilisations\/","title":{"rendered":"D\u00e9couvrir les nombres et leurs utilisations"},"content":{"rendered":"<blockquote>\n<h3>Recommandations p\u00e9dagogiques<\/h3>\n<h2>Un apprentissage fondamental \u00e0 l&rsquo;\u00e9cole maternelle : d\u00e9couvrir les nombres et leurs utilisations<\/h2>\n<div class=\"pre-content-block\">\n<p>Note de service n\u00b0 2019-085 du 28-5-2019<\/p>\n<\/div>\n<p>Amener chaque enfant \u00e0 s&rsquo;approprier peu \u00e0 peu le concept de nombre, expression de la quantit\u00e9 pr\u00e9cise d&rsquo;objets d&rsquo;une collection (aspect cardinal), et \u00e0 savoir que le nombre peut d\u00e9signer, dans d&rsquo;autres situations, un rang, une position ou un num\u00e9ro (aspect ordinal), est l&rsquo;un des enjeux majeurs de l&rsquo;\u00e9cole. Dans cet apprentissage des nombres, appr\u00e9hender, comprendre et connaitre les quantit\u00e9s jusqu&rsquo;\u00e0 dix doivent former un socle solide pour les apprentissages ult\u00e9rieurs et n\u00e9cessitent toute l&rsquo;attention des professeurs pendant tout le cycle 1.<\/p>\n<p>Lire la suite&#8230; <a href=\"https:\/\/www.education.gouv.fr\/bo\/19\/Hebdo22\/MENE1915454N.htm?cid_bo=142291\">https:\/\/www.education.gouv.fr\/bo\/19\/Hebdo22\/MENE1915454N.htm?cid_bo=142291<\/a><\/p>\n<p>\u00a0<\/p>\n<\/blockquote>\n<p>\u00a0<\/p>\n\n\n<p><\/p>\n","protected":false},"excerpt":{"rendered":"<p>Recommandations p\u00e9dagogiques Un apprentissage fondamental \u00e0 l&rsquo;\u00e9cole maternelle : d\u00e9couvrir les nombres et leurs utilisations Note de service n\u00b0 2019-085 du 28-5-2019 Amener chaque enfant \u00e0 s&rsquo;approprier peu \u00e0 peu le concept de nombre, expression de la quantit\u00e9 pr\u00e9cise d&rsquo;objets d&rsquo;une collection (aspect cardinal), et \u00e0 savoir que le nombre peut d\u00e9signer, dans d&rsquo;autres situations, &hellip; <\/p>\n<p><a class=\"more-link btn\" href=\"https:\/\/site.ac-martinique.fr\/pole-maternelle\/decouvrir-les-nombres-et-leurs-utilisations\/\">Lire la suite<\/a><\/p>\n","protected":false},"author":296,"featured_media":0,"parent":0,"menu_order":0,"comment_status":"closed","ping_status":"closed","template":"","meta":{"footnotes":""},"class_list":["post-1225","page","type-page","status-publish","hentry","nodate","item-wrap"],"_links":{"self":[{"href":"https:\/\/site.ac-martinique.fr\/pole-maternelle\/wp-json\/wp\/v2\/pages\/1225","targetHints":{"allow":["GET"]}}],"collection":[{"href":"https:\/\/site.ac-martinique.fr\/pole-maternelle\/wp-json\/wp\/v2\/pages"}],"about":[{"href":"https:\/\/site.ac-martinique.fr\/pole-maternelle\/wp-json\/wp\/v2\/types\/page"}],"author":[{"embeddable":true,"href":"https:\/\/site.ac-martinique.fr\/pole-maternelle\/wp-json\/wp\/v2\/users\/296"}],"replies":[{"embeddable":true,"href":"https:\/\/site.ac-martinique.fr\/pole-maternelle\/wp-json\/wp\/v2\/comments?post=1225"}],"version-history":[{"count":2,"href":"https:\/\/site.ac-martinique.fr\/pole-maternelle\/wp-json\/wp\/v2\/pages\/1225\/revisions"}],"predecessor-version":[{"id":1230,"href":"https:\/\/site.ac-martinique.fr\/pole-maternelle\/wp-json\/wp\/v2\/pages\/1225\/revisions\/1230"}],"wp:attachment":[{"href":"https:\/\/site.ac-martinique.fr\/pole-maternelle\/wp-json\/wp\/v2\/media?parent=1225"}],"curies":[{"name":"wp","href":"https:\/\/api.w.org\/{rel}","templated":true}]}}