{"id":1237,"date":"2021-09-28T22:37:03","date_gmt":"2021-09-28T21:37:03","guid":{"rendered":"https:\/\/site.ac-martinique.fr\/pole-maternelle\/?page_id=1237"},"modified":"2021-09-30T23:16:15","modified_gmt":"2021-09-30T22:16:15","slug":"le-temps-calme-la-sieste","status":"publish","type":"page","link":"https:\/\/site.ac-martinique.fr\/pole-maternelle\/le-temps-calme-la-sieste\/","title":{"rendered":"Le temps calme, la sieste"},"content":{"rendered":"\n<p>\u00ab\u00a0Chaque enseignant d\u00e9termine une organisation du temps adapt\u00e9e \u00e0 leur \u00e2ge et<br>veille \u00e0 l\u2019alternance de moments plus ou moins exigeants au plan de l\u2019implication<br>corporelle et cognitive. L\u2019accueil, les r\u00e9cr\u00e9ations,<strong> l\u2019accompagnement des moments<br>de repos, de sieste<\/strong>, d\u2019hygi\u00e8ne<strong> sont des temps d\u2019\u00e9ducation \u00e0 part enti\u00e8re<\/strong>. Ils sont<br>organis\u00e9s dans cette perspective par les adultes qui en ont la responsabilit\u00e9 et qui<br>donnent des rep\u00e8res s\u00e9curisants aux jeunes enfants.\u00a0\u00bb <\/p>\n\n\n\n<p>Extrait des programmes consolid\u00e9s du 24 juin 2021<\/p>\n\n\n\n<p>D\u00e9couvrez vite cette ressource qui propose des pistes pour organiser le temps calme \u00e0 la maternelle en respectant les besoins physiologiques des enfants.<\/p>\n\n\n<p><div><iframe loading=\"lazy\" class=\"embed-pdf-viewer\" src=\"https:\/\/site.ac-martinique.fr\/pole-maternelle\/wp-content\/uploads\/sites\/27\/2021\/09\/Recommandations-sieste-maternelle-1.pdf\" height=\"1000\" width=\"100%\" title=\"Recommandations Sieste Maternelle 1\"><\/iframe>\n<p><a href=\"https:\/\/site.ac-martinique.fr\/pole-maternelle\/wp-content\/uploads\/sites\/27\/2021\/09\/Recommandations-sieste-maternelle-1.pdf\" title=\"Recommandations Sieste Maternelle 1\">Recommandations Sieste Maternelle 1<\/a><\/p><\/div><\/p>\n\n\n<p><\/p>\n","protected":false},"excerpt":{"rendered":"<p>\u00ab\u00a0Chaque enseignant d\u00e9termine une organisation du temps adapt\u00e9e \u00e0 leur \u00e2ge etveille \u00e0 l\u2019alternance de moments plus ou moins exigeants au plan de l\u2019implicationcorporelle et cognitive. L\u2019accueil, les r\u00e9cr\u00e9ations, l\u2019accompagnement des momentsde repos, de sieste, d\u2019hygi\u00e8ne sont des temps d\u2019\u00e9ducation \u00e0 part enti\u00e8re. Ils sontorganis\u00e9s dans cette perspective par les adultes qui en ont la &hellip; <\/p>\n<p><a class=\"more-link btn\" href=\"https:\/\/site.ac-martinique.fr\/pole-maternelle\/le-temps-calme-la-sieste\/\">Lire la suite<\/a><\/p>\n","protected":false},"author":296,"featured_media":0,"parent":0,"menu_order":0,"comment_status":"closed","ping_status":"closed","template":"","meta":{"footnotes":""},"class_list":["post-1237","page","type-page","status-publish","hentry","nodate","item-wrap"],"_links":{"self":[{"href":"https:\/\/site.ac-martinique.fr\/pole-maternelle\/wp-json\/wp\/v2\/pages\/1237","targetHints":{"allow":["GET"]}}],"collection":[{"href":"https:\/\/site.ac-martinique.fr\/pole-maternelle\/wp-json\/wp\/v2\/pages"}],"about":[{"href":"https:\/\/site.ac-martinique.fr\/pole-maternelle\/wp-json\/wp\/v2\/types\/page"}],"author":[{"embeddable":true,"href":"https:\/\/site.ac-martinique.fr\/pole-maternelle\/wp-json\/wp\/v2\/users\/296"}],"replies":[{"embeddable":true,"href":"https:\/\/site.ac-martinique.fr\/pole-maternelle\/wp-json\/wp\/v2\/comments?post=1237"}],"version-history":[{"count":6,"href":"https:\/\/site.ac-martinique.fr\/pole-maternelle\/wp-json\/wp\/v2\/pages\/1237\/revisions"}],"predecessor-version":[{"id":1435,"href":"https:\/\/site.ac-martinique.fr\/pole-maternelle\/wp-json\/wp\/v2\/pages\/1237\/revisions\/1435"}],"wp:attachment":[{"href":"https:\/\/site.ac-martinique.fr\/pole-maternelle\/wp-json\/wp\/v2\/media?parent=1237"}],"curies":[{"name":"wp","href":"https:\/\/api.w.org\/{rel}","templated":true}]}}

<p>« Chaque enseignant détermine une organisation du temps adaptée à leur âge et<br>veille à l’alternance de moments plus ou moins exigeants au plan de l’implication<br>corporelle et cognitive. L’accueil, les récréations,<strong> l’accompagnement des moments<br>de repos, de sieste</strong>, d’hygiène<strong> sont des temps d’éducation à part entière</strong>. Ils sont<br>organisés dans cette perspective par les adultes qui en ont la responsabilité et qui<br>donnent des repères sécurisants aux jeunes enfants. » </p>



<p>Extrait des programmes consolidés du 24 juin 2021</p>



<p>Découvrez vite cette ressource qui propose des pistes pour organiser le temps calme à la maternelle en respectant les besoins physiologiques des enfants.</p>


<p><div><iframe loading="lazy" class="embed-pdf-viewer" src="https://site.ac-martinique.fr/pole-maternelle/wp-content/uploads/sites/27/2021/09/Recommandations-sieste-maternelle-1.pdf" height="1000" width="100%" title="Recommandations Sieste Maternelle 1"></iframe>
<p><a href="https://site.ac-martinique.fr/pole-maternelle/wp-content/uploads/sites/27/2021/09/Recommandations-sieste-maternelle-1.pdf" title="Recommandations Sieste Maternelle 1">Recommandations Sieste Maternelle 1</a></p></div></p>


<p></p>

<p>« Chaque enseignant détermine une organisation du temps adaptée à leur âge etveille à l’alternance de moments plus ou moins exigeants au plan de l’implicationcorporelle et cognitive. L’accueil, les récréations, l’accompagnement des momentsde repos, de sieste, d’hygiène sont des temps d’éducation à part entière. Ils sontorganisés dans cette perspective par les adultes qui en ont la &hellip; </p>
<p><a class="more-link btn" href="https://site.ac-martinique.fr/pole-maternelle/le-temps-calme-la-sieste/">Lire la suite</a></p>
