{"id":1632,"date":"2022-11-08T13:42:21","date_gmt":"2022-11-08T12:42:21","guid":{"rendered":"https:\/\/site.ac-martinique.fr\/pole-maternelle\/?page_id=1632"},"modified":"2022-11-08T13:42:21","modified_gmt":"2022-11-08T12:42:21","slug":"concevoir-son-enseignement","status":"publish","type":"page","link":"https:\/\/site.ac-martinique.fr\/pole-maternelle\/concevoir-son-enseignement\/","title":{"rendered":"Concevoir son enseignement"},"content":{"rendered":"\n<p>Vous trouverez ci-dessous des ressources et des outils qui vous permettront d&rsquo;enrichir votre r\u00e9flexion et de b\u00e2tir un enseignement coh\u00e9rent et structur\u00e9.<\/p>\n\n\n\n\n<div class=\"su-posts su-posts-default-loop \">\n\n\t\n\t\t\t\t\t\n\t\t\t\n\t\t\t<div id=\"su-post-1655\" class=\"su-post \">\n\n\t\t\t\t\t\t\t\t\t<a class=\"su-post-thumbnail\" href=\"https:\/\/site.ac-martinique.fr\/pole-maternelle\/louverture-des-mathematiques-a-la-maternelle-et-au-cp-s-dehaene\/\"><img loading=\"lazy\" decoding=\"async\" width=\"341\" height=\"250\" src=\"https:\/\/site.ac-martinique.fr\/pole-maternelle\/wp-content\/uploads\/sites\/27\/2022\/11\/Ouverture-math-393x288.png\" class=\"attachment-post-thumbnail size-post-thumbnail wp-post-image\" alt=\"\" \/><\/a>\n\t\t\t\t\n\t\t\t\t<h2 class=\"su-post-title\"><a href=\"https:\/\/site.ac-martinique.fr\/pole-maternelle\/louverture-des-mathematiques-a-la-maternelle-et-au-cp-s-dehaene\/\">L&rsquo;ouverture des math\u00e9matiques \u00e0 la maternelle et au CP &#8211; S. Dehaene<\/a><\/h2>\n\n\t\t\t\t<div class=\"su-post-meta\">\n\t\t\t\t\tPubli\u00e9: 8 novembre 2022\t\t\t\t<\/div>\n\n\t\t\t\t<div class=\"su-post-excerpt\">\n\t\t\t\t\t<p>Ce texte r\u00e9dig\u00e9 par Stanislas Dehaene pr\u00e9sente quelques principes et recommandations didactiques pour enseigner les math\u00e9matiques \u00e0 la maternelle et au CP. Tr\u00e8s claire et relativement succincte, cette ressource peut vous donner des pistes pour concevoir votre enseignement dans le domaine des math\u00e9matiques. Voici quelques recommandations issues de cette ressource:<\/p>\n\t\t\t\t<\/div>\n\n\t\t\t\t\n\t\t\t<\/div>\n\n\t\t\t\t\t\n\t\t\t\n\t\t\t<div id=\"su-post-1637\" class=\"su-post \">\n\n\t\t\t\t\t\t\t\t\t<a class=\"su-post-thumbnail\" href=\"https:\/\/site.ac-martinique.fr\/pole-maternelle\/activite-ritualisee-en-resolution-de-problemes-action-academique\/\"><img loading=\"lazy\" decoding=\"async\" width=\"219\" height=\"230\" src=\"https:\/\/site.ac-martinique.fr\/pole-maternelle\/wp-content\/uploads\/sites\/27\/2022\/11\/Tour-dappel.jpg\" class=\"attachment-post-thumbnail size-post-thumbnail wp-post-image\" alt=\"\" \/><\/a>\n\t\t\t\t\n\t\t\t\t<h2 class=\"su-post-title\"><a href=\"https:\/\/site.ac-martinique.fr\/pole-maternelle\/activite-ritualisee-en-resolution-de-problemes-action-academique\/\">Activit\u00e9 ritualis\u00e9e en r\u00e9solution de probl\u00e8mes &#8211; Action acad\u00e9mique<\/a><\/h2>\n\n\t\t\t\t<div class=\"su-post-meta\">\n\t\t\t\t\tPubli\u00e9: 8 novembre 2022\t\t\t\t<\/div>\n\n\t\t\t\t<div class=\"su-post-excerpt\">\n\t\t\t\t\t<p>A l&rsquo;\u00e9cole maternelle, les rituels occupent une place tr\u00e8s importante. A travers ces activit\u00e9s qui se r\u00e9p\u00e8tent tout en \u00e9voluant, l&rsquo;enfant va, en effet, se construire en tant qu&rsquo;\u00e9l\u00e8ve, au-del\u00e0 des diff\u00e9rences de genre et de culture, dans un syst\u00e8me dont il apprend les codes et les valeurs. \u00a0\u00bb L\u2019enseignant, lorsqu\u2019il propose des rituels \u00e0 &hellip; <\/p>\n<p><a class=\"more-link btn\" href=\"https:\/\/site.ac-martinique.fr\/pole-maternelle\/activite-ritualisee-en-resolution-de-problemes-action-academique\/\">Lire la suite<\/a><\/p>\n\t\t\t\t<\/div>\n\n\t\t\t\t\n\t\t\t<\/div>\n\n\t\t\t\t\t\n\t\t\t\n\t\t\t<div id=\"su-post-1627\" class=\"su-post \">\n\n\t\t\t\t\n\t\t\t\t<h2 class=\"su-post-title\"><a href=\"https:\/\/site.ac-martinique.fr\/pole-maternelle\/la-programmation-et-la-progression-deux-outils-pour-structurer-son-enseignement\/\">Proposition de programmation de cycle 1 en r\u00e9solution de probl\u00e8mes<\/a><\/h2>\n\n\t\t\t\t<div class=\"su-post-meta\">\n\t\t\t\t\tPubli\u00e9: 8 novembre 2022\t\t\t\t<\/div>\n\n\t\t\t\t<div class=\"su-post-excerpt\">\n\t\t\t\t\t<p>Permettre aux \u00e9l\u00e8ves d&rsquo;acqu\u00e9rir des comp\u00e9tences ne s&rsquo;improvise pas. L&rsquo;enseignement est le fruit d&rsquo;une pr\u00e9paration rigoureuse et soigneusement planifi\u00e9 dans le temps. La programmation et la progression, souvent confondues, sont donc des outils incontournables pour vous permettre de b\u00e2tir un enseignement coh\u00e9rent et structur\u00e9. Elles constituent le squelette de votre action. Afin d&rsquo;y voir plus &hellip; <\/p>\n<p><a class=\"more-link btn\" href=\"https:\/\/site.ac-martinique.fr\/pole-maternelle\/la-programmation-et-la-progression-deux-outils-pour-structurer-son-enseignement\/\">Lire la suite<\/a><\/p>\n\t\t\t\t<\/div>\n\n\t\t\t\t\n\t\t\t<\/div>\n\n\t\t\n\t\n<\/div>\n\n","protected":false},"excerpt":{"rendered":"<p>Vous trouverez ci-dessous des ressources et des outils qui vous permettront d&rsquo;enrichir votre r\u00e9flexion et de b\u00e2tir un enseignement coh\u00e9rent et structur\u00e9.<\/p>\n","protected":false},"author":296,"featured_media":0,"parent":0,"menu_order":0,"comment_status":"closed","ping_status":"closed","template":"","meta":{"footnotes":""},"class_list":["post-1632","page","type-page","status-publish","hentry","item-wrap"],"_links":{"self":[{"href":"https:\/\/site.ac-martinique.fr\/pole-maternelle\/wp-json\/wp\/v2\/pages\/1632","targetHints":{"allow":["GET"]}}],"collection":[{"href":"https:\/\/site.ac-martinique.fr\/pole-maternelle\/wp-json\/wp\/v2\/pages"}],"about":[{"href":"https:\/\/site.ac-martinique.fr\/pole-maternelle\/wp-json\/wp\/v2\/types\/page"}],"author":[{"embeddable":true,"href":"https:\/\/site.ac-martinique.fr\/pole-maternelle\/wp-json\/wp\/v2\/users\/296"}],"replies":[{"embeddable":true,"href":"https:\/\/site.ac-martinique.fr\/pole-maternelle\/wp-json\/wp\/v2\/comments?post=1632"}],"version-history":[{"count":2,"href":"https:\/\/site.ac-martinique.fr\/pole-maternelle\/wp-json\/wp\/v2\/pages\/1632\/revisions"}],"predecessor-version":[{"id":1634,"href":"https:\/\/site.ac-martinique.fr\/pole-maternelle\/wp-json\/wp\/v2\/pages\/1632\/revisions\/1634"}],"wp:attachment":[{"href":"https:\/\/site.ac-martinique.fr\/pole-maternelle\/wp-json\/wp\/v2\/media?parent=1632"}],"curies":[{"name":"wp","href":"https:\/\/api.w.org\/{rel}","templated":true}]}}