{"id":228,"date":"2017-01-24T21:29:17","date_gmt":"2017-01-24T20:29:17","guid":{"rendered":"\/pole-maternelle\/?page_id=228"},"modified":"2018-04-17T00:39:09","modified_gmt":"2018-04-16T23:39:09","slug":"228-2","status":"publish","type":"page","link":"https:\/\/site.ac-martinique.fr\/pole-maternelle\/enseigner-en-maternelle\/228-2\/","title":{"rendered":"La lecture documentaire en maternelle, pourquoi ?"},"content":{"rendered":"<p style=\"text-align: center;\"><span style=\"color: #0000ff;\"><strong>Lecture documentaire \u00e0 la maternelle <\/strong><\/span><\/p>\n<p style=\"text-align: center;\"><strong>Le documentaire, pourquoi ?<\/strong><\/p>\n<p style=\"text-align: center;\"><a href=\"\/pole-maternelle\/?attachment_id=229\" rel=\"attachment wp-att-229\"><img loading=\"lazy\" decoding=\"async\" class=\"alignnone size-medium wp-image-229\" src=\"\/pole-maternelle\/wp-content\/uploads\/sites\/27\/2017\/01\/lecture-documentaire-270x300.jpg\" alt=\"\" width=\"270\" height=\"300\" srcset=\"https:\/\/site.ac-martinique.fr\/pole-maternelle\/wp-content\/uploads\/sites\/27\/2017\/01\/lecture-documentaire-270x300.jpg 270w, https:\/\/site.ac-martinique.fr\/pole-maternelle\/wp-content\/uploads\/sites\/27\/2017\/01\/lecture-documentaire.jpg 273w\" sizes=\"auto, (max-width: 270px) 100vw, 270px\" \/><\/a><\/p>\n<p style=\"text-align: left; padding-left: 30px;\">L&rsquo;utilisation des albums est maintenant r\u00e9pandue \u00e0 l&rsquo;\u00e9cole maternelle mais souvent \u00ab album \u00bb signifie album de fiction. Or il est de plus en plus question d\u2019initier les \u00e9l\u00e8ves \u00e0 la recherche documentaire et \u00e0 la lecture documentaire. Pourquoi ? La premi\u00e8re raison trouve son origine dans un paradoxe : les textes \u00e0 caract\u00e8re informatif sont ceux qui seront majoritairement rencontr\u00e9s par les \u00e9l\u00e8ves au cours de leur scolarit\u00e9. Or la place accord\u00e9e aux strat\u00e9gies de lecture dans de tels textes est encore minime dans l\u2019apprentissage continu\u00e9 de la lecture. Le texte documentaire appelle des strat\u00e9gies de lecture sp\u00e9cifiques auxquelles il est indispensable de former les \u00e9l\u00e8ves. En outre l\u2019extraordinaire ressource internet contribue \u00e0 renforcer la n\u00e9cessit\u00e9 d\u2019une formation \u00e0 la recherche documentaire et \u00e0 la lecture documentaire. Car au-del\u00e0 de la recherche, il faut savoir traiter les informations trouv\u00e9es ! Et c\u2019est cela dont il est question ici. En r\u00e8gle g\u00e9n\u00e9rale, les informations sont donn\u00e9es sous des formes plus ou moins synth\u00e9tiques (parfois trop). Les enfants n\u2019ont pas toujours les outils disponibles pour \u00e9tablir les liens entre ces informations. Le r\u00f4le du ma\u00eetre est alors de d\u00e9gager avec les \u00e9l\u00e8ves la d\u00e9marche pour s\u2019approprier ces nouveaux savoirs. Il s\u2019agit d\u2019un travail d\u2019interpr\u00e9tation, d\u2019explicitation et de mise en relation.<\/p>\n<p>Laurence DUQUESNAY CP MATERNELLE<\/p>\n<p>Vous trouverez quelques pistes dans l&rsquo;article joint :<\/p>\n<p><a href=\"\/pole-maternelle\/wp-content\/uploads\/sites\/27\/2017\/01\/Article-sur-la-lecture-documentaire.pdf\">Article sur la lecture documentaire<\/a><\/p>\n","protected":false},"excerpt":{"rendered":"<p>Lecture documentaire \u00e0 la maternelle Le documentaire, pourquoi ? L&rsquo;utilisation des albums est maintenant r\u00e9pandue \u00e0 l&rsquo;\u00e9cole maternelle mais souvent \u00ab album \u00bb signifie album de fiction. Or il est de plus en plus question d\u2019initier les \u00e9l\u00e8ves \u00e0 la recherche documentaire et \u00e0 la lecture documentaire. Pourquoi ? La premi\u00e8re raison trouve son origine &hellip; <\/p>\n<p><a class=\"more-link btn\" href=\"https:\/\/site.ac-martinique.fr\/pole-maternelle\/enseigner-en-maternelle\/228-2\/\">Lire la suite<\/a><\/p>\n","protected":false},"author":86,"featured_media":0,"parent":152,"menu_order":0,"comment_status":"closed","ping_status":"closed","template":"","meta":{"footnotes":""},"class_list":["post-228","page","type-page","status-publish","hentry","nodate","item-wrap"],"_links":{"self":[{"href":"https:\/\/site.ac-martinique.fr\/pole-maternelle\/wp-json\/wp\/v2\/pages\/228","targetHints":{"allow":["GET"]}}],"collection":[{"href":"https:\/\/site.ac-martinique.fr\/pole-maternelle\/wp-json\/wp\/v2\/pages"}],"about":[{"href":"https:\/\/site.ac-martinique.fr\/pole-maternelle\/wp-json\/wp\/v2\/types\/page"}],"author":[{"embeddable":true,"href":"https:\/\/site.ac-martinique.fr\/pole-maternelle\/wp-json\/wp\/v2\/users\/86"}],"replies":[{"embeddable":true,"href":"https:\/\/site.ac-martinique.fr\/pole-maternelle\/wp-json\/wp\/v2\/comments?post=228"}],"version-history":[{"count":6,"href":"https:\/\/site.ac-martinique.fr\/pole-maternelle\/wp-json\/wp\/v2\/pages\/228\/revisions"}],"predecessor-version":[{"id":883,"href":"https:\/\/site.ac-martinique.fr\/pole-maternelle\/wp-json\/wp\/v2\/pages\/228\/revisions\/883"}],"up":[{"embeddable":true,"href":"https:\/\/site.ac-martinique.fr\/pole-maternelle\/wp-json\/wp\/v2\/pages\/152"}],"wp:attachment":[{"href":"https:\/\/site.ac-martinique.fr\/pole-maternelle\/wp-json\/wp\/v2\/media?parent=228"}],"curies":[{"name":"wp","href":"https:\/\/api.w.org\/{rel}","templated":true}]}}

<p style="text-align: center;"><span style="color: #0000ff;"><strong>Lecture documentaire à la maternelle </strong></span></p>
<p style="text-align: center;"><strong>Le documentaire, pourquoi ?</strong></p>
<p style="text-align: center;"><a href="/pole-maternelle/?attachment_id=229" rel="attachment wp-att-229"><img loading="lazy" decoding="async" class="alignnone size-medium wp-image-229" src="/pole-maternelle/wp-content/uploads/sites/27/2017/01/lecture-documentaire-270x300.jpg" alt="" width="270" height="300" srcset="https://site.ac-martinique.fr/pole-maternelle/wp-content/uploads/sites/27/2017/01/lecture-documentaire-270x300.jpg 270w, https://site.ac-martinique.fr/pole-maternelle/wp-content/uploads/sites/27/2017/01/lecture-documentaire.jpg 273w" sizes="auto, (max-width: 270px) 100vw, 270px" /></a></p>
<p style="text-align: left; padding-left: 30px;">L&rsquo;utilisation des albums est maintenant répandue à l&rsquo;école maternelle mais souvent « album » signifie album de fiction. Or il est de plus en plus question d’initier les élèves à la recherche documentaire et à la lecture documentaire. Pourquoi ? La première raison trouve son origine dans un paradoxe : les textes à caractère informatif sont ceux qui seront majoritairement rencontrés par les élèves au cours de leur scolarité. Or la place accordée aux stratégies de lecture dans de tels textes est encore minime dans l’apprentissage continué de la lecture. Le texte documentaire appelle des stratégies de lecture spécifiques auxquelles il est indispensable de former les élèves. En outre l’extraordinaire ressource internet contribue à renforcer la nécessité d’une formation à la recherche documentaire et à la lecture documentaire. Car au-delà de la recherche, il faut savoir traiter les informations trouvées ! Et c’est cela dont il est question ici. En règle générale, les informations sont données sous des formes plus ou moins synthétiques (parfois trop). Les enfants n’ont pas toujours les outils disponibles pour établir les liens entre ces informations. Le rôle du maître est alors de dégager avec les élèves la démarche pour s’approprier ces nouveaux savoirs. Il s’agit d’un travail d’interprétation, d’explicitation et de mise en relation.</p>
<p>Laurence DUQUESNAY CP MATERNELLE</p>
<p>Vous trouverez quelques pistes dans l&rsquo;article joint :</p>
<p><a href="/pole-maternelle/wp-content/uploads/sites/27/2017/01/Article-sur-la-lecture-documentaire.pdf">Article sur la lecture documentaire</a></p>

<p>Lecture documentaire à la maternelle Le documentaire, pourquoi ? L&rsquo;utilisation des albums est maintenant répandue à l&rsquo;école maternelle mais souvent « album » signifie album de fiction. Or il est de plus en plus question d’initier les élèves à la recherche documentaire et à la lecture documentaire. Pourquoi ? La première raison trouve son origine &hellip; </p>
<p><a class="more-link btn" href="https://site.ac-martinique.fr/pole-maternelle/enseigner-en-maternelle/228-2/">Lire la suite</a></p>
