{"id":257,"date":"2017-01-24T22:27:50","date_gmt":"2017-01-24T21:27:50","guid":{"rendered":"\/pole-maternelle\/?page_id=257"},"modified":"2017-01-24T22:29:09","modified_gmt":"2017-01-24T21:29:09","slug":"la-bienveillance-quest-ce-que-cest","status":"publish","type":"page","link":"https:\/\/site.ac-martinique.fr\/pole-maternelle\/la-bienveillance-quest-ce-que-cest\/","title":{"rendered":"La bienveillance, qu&rsquo;est-ce que c&rsquo;est?"},"content":{"rendered":"<p style=\"margin: 0px 0px 1em; padding: 0px; color: #333333; font-family: Arial, Helvetica, sans-serif; font-size: 13px; font-style: normal; font-variant: normal; font-weight: normal; letter-spacing: normal; line-height: 16.003px; orphans: auto; text-align: left; text-indent: 0px; text-transform: none; white-space: normal; widows: 1; word-spacing: 0px; -webkit-text-stroke-width: 0px; background-color: #ffffff;\"><i style=\"margin: 0px; padding: 0px;\">\u00ab\u00a0L\u2019\u00e9cole maternelle est une \u00e9cole bienveillante, plus encore que les \u00e9tapes ult\u00e9rieures du parcours scolaire. Sa mission principale est de donner envie aux enfants d\u2019aller \u00e0 l\u2019\u00e9cole pour apprendre, affirmer et \u00e9panouir leur personnalit\u00e9. Elle s\u2019appuie sur un principe fondamental : tous les enfants sont capables d&rsquo;apprendre et de progresser. En manifestant sa confiance \u00e0 l\u2019\u00e9gard de chaque enfant, l\u2019\u00e9cole maternelle l\u2019engage \u00e0 avoir confiance dans son propre pouvoir d\u2019agir et de penser, dans sa capacit\u00e9 \u00e0 apprendre et r\u00e9ussir sa scolarit\u00e9 et au-del\u00e0.\u00a0\u00bb<\/i><\/p>\n<p style=\"margin: 0px 0px 1em; padding: 0px; color: #333333; font-family: Arial, Helvetica, sans-serif; font-size: 13px; font-style: normal; font-variant: normal; font-weight: normal; letter-spacing: normal; line-height: 16.003px; orphans: auto; text-align: left; text-indent: 0px; text-transform: none; white-space: normal; widows: 1; word-spacing: 0px; -webkit-text-stroke-width: 0px; background-color: #ffffff;\"><i style=\"line-height: 16.003px;\"><b>Extrait du programme de l&rsquo;\u00e9cole maternelle du 26 mars 2015<\/b><\/i><\/p>\n<table class=\"mceItemTable\">\n<thead style=\"font-size: inherit; color: #333333; font-family: Arial, Helvetica, sans-serif; line-height: 1.231;\">\n<tr>\n<th scope=\"col\"><\/th>\n<th scope=\"col\">\n<table class=\"mceItemTable\">\n<thead>\n<tr>\n<th scope=\"col\"><a href=\"\/pole-maternelle\/?attachment_id=259\" rel=\"attachment wp-att-259\"><img loading=\"lazy\" decoding=\"async\" class=\"wp-image-259 aligncenter\" src=\"\/pole-maternelle\/wp-content\/uploads\/sites\/27\/2017\/01\/une-enfance-heureuse-183x300.jpg\" alt=\"\" width=\"129\" height=\"203\" \/><\/a><\/p>\n<p style=\"text-align: center;\"><strong>Pour une enfance heureuse<\/strong><\/p>\n<p style=\"text-align: center;\">Les neurosciences et le d\u00e9veloppement de l&rsquo;enfant<\/p>\n<p><sup><em>Les neurosciences et les d\u00e9couvertes sur le cerveau affectif de l&rsquo;enfant ou comment les relations sociales et affectives ont une influence sur la structure c\u00e9r\u00e9brale du jeune enfant.<\/em><\/sup><\/p>\n<p><sup><em>.<a href=\"\/pole-maternelle\/?attachment_id=258\" rel=\"attachment wp-att-258\"><img loading=\"lazy\" decoding=\"async\" class=\"alignnone size-full wp-image-258\" src=\"\/pole-maternelle\/wp-content\/uploads\/sites\/27\/2017\/01\/catherine-gueguen.jpeg\" alt=\"\" width=\"88\" height=\"128\" \/><\/a>\u00a0 \u00a0 \u00a0 \u00a0 \u00a0 \u00a0 \u00a0 \u00a0 \u00a0 \u00a0 \u00a0 \u00a0 \u00a0 \u00a0 \u00a0 \u00a0 \u00a0 \u00a0 \u00a0 \u00a0<\/em><\/sup><\/p>\n<p>Catherine GUEGUEN<\/p>\n<div style=\"width: 450px;\" class=\"wp-video\"><video class=\"wp-video-shortcode\" id=\"video-257-1\" width=\"450\" height=\"256\" preload=\"metadata\" controls=\"controls\"><source type=\"video\/mp4\" src=\"\/pole-maternelle\/wp-content\/uploads\/sites\/27\/2017\/01\/Extraits-de-la-confe\u0301rence-de-Catherine-GUEGUEN.mp4?_=1\" \/><a href=\"\/pole-maternelle\/wp-content\/uploads\/sites\/27\/2017\/01\/Extraits-de-la-confe\u0301rence-de-Catherine-GUEGUEN.mp4\">\/pole-maternelle\/wp-content\/uploads\/sites\/27\/2017\/01\/Extraits-de-la-confe\u0301rence-de-Catherine-GUEGUEN.mp4<\/a><\/video><\/div>\n<p>&nbsp;<\/th>\n<\/tr>\n<\/thead>\n<\/table>\n<p style=\"text-align: left;\"><sub>\u00ab\u00a0Les derni\u00e8res d\u00e9couvertes scientifiques sur le d\u00e9veloppement et le fonctionnement du cerveau bouleversent notre compr\u00e9hension des besoins essentiels de l&rsquo;enfant. Elles prouvent qu&rsquo;une relation empathique, aimante, est d\u00e9cisive pour permettre \u00e0 son cerveau d&rsquo;\u00e9voluer de mani\u00e8re optimale, pour d\u00e9ployer pleinement ses capacit\u00e9s intellectuelles et affectives.\u00a0Le cerveau des enfants et des adolescents se r\u00e9v\u00e8le tr\u00e8s vuln\u00e9rable : toutes les exp\u00e9riences ont un impact majeur sur sa structuration. Les relations avec les parents ou l&rsquo;entourage fa\u00e7onnent l&rsquo;intelligence cognitive et relationnelle de l&rsquo;enfant, et d\u00e9termineront son comportement affectif, notamment sa capacit\u00e9 \u00e0 surmonter le stress, \u00e0 vivre ses \u00e9motions. Toute forme de maltraitance, de violence m\u00eame apparemment anodine, perturbera le bon d\u00e9veloppement de son cerveau, de son affectivit\u00e9, avec parfois des dommages irr\u00e9versibles.\u00a0Catherine Gueguen nous fait partager ces d\u00e9couvertes neurologiques saisissantes, les explique avec clart\u00e9. Elle les illustre de nombreux cas cliniques, et propose des conseils \u00e9ducatifs pour les parents ou les professionnels. Afin de donner la chance \u00e0 l&rsquo;enfant de devenir un jour un adulte libre et heureux. \u00a0\u00bb\u00a0<\/sub><\/p>\n<p style=\"text-align: left;\"><sub>Thomas d&rsquo;Ansembourg<\/sub><\/p>\n<div style=\"width: 640px;\" class=\"wp-video\"><video class=\"wp-video-shortcode\" id=\"video-257-2\" width=\"640\" height=\"360\" preload=\"metadata\" controls=\"controls\"><source type=\"video\/mp4\" src=\"\/pole-maternelle\/wp-content\/uploads\/sites\/27\/2017\/01\/Catherine-Gueguen-Pour-une-enfance-heureuse.mp4?_=2\" \/><a href=\"\/pole-maternelle\/wp-content\/uploads\/sites\/27\/2017\/01\/Catherine-Gueguen-Pour-une-enfance-heureuse.mp4\">\/pole-maternelle\/wp-content\/uploads\/sites\/27\/2017\/01\/Catherine-Gueguen-Pour-une-enfance-heureuse.mp4<\/a><\/video><\/div>\n<p style=\"text-align: left;\">\n<\/th>\n<\/tr>\n<\/thead>\n<\/table>\n","protected":false},"excerpt":{"rendered":"<p>\u00ab\u00a0L\u2019\u00e9cole maternelle est une \u00e9cole bienveillante, plus encore que les \u00e9tapes ult\u00e9rieures du parcours scolaire. Sa mission principale est de donner envie aux enfants d\u2019aller \u00e0 l\u2019\u00e9cole pour apprendre, affirmer et \u00e9panouir leur personnalit\u00e9. Elle s\u2019appuie sur un principe fondamental : tous les enfants sont capables d&rsquo;apprendre et de progresser. En manifestant sa confiance \u00e0 &hellip; <\/p>\n<p><a class=\"more-link btn\" href=\"https:\/\/site.ac-martinique.fr\/pole-maternelle\/la-bienveillance-quest-ce-que-cest\/\">Lire la suite<\/a><\/p>\n","protected":false},"author":86,"featured_media":0,"parent":0,"menu_order":0,"comment_status":"closed","ping_status":"closed","template":"","meta":{"footnotes":""},"class_list":["post-257","page","type-page","status-publish","hentry","nodate","item-wrap"],"_links":{"self":[{"href":"https:\/\/site.ac-martinique.fr\/pole-maternelle\/wp-json\/wp\/v2\/pages\/257","targetHints":{"allow":["GET"]}}],"collection":[{"href":"https:\/\/site.ac-martinique.fr\/pole-maternelle\/wp-json\/wp\/v2\/pages"}],"about":[{"href":"https:\/\/site.ac-martinique.fr\/pole-maternelle\/wp-json\/wp\/v2\/types\/page"}],"author":[{"embeddable":true,"href":"https:\/\/site.ac-martinique.fr\/pole-maternelle\/wp-json\/wp\/v2\/users\/86"}],"replies":[{"embeddable":true,"href":"https:\/\/site.ac-martinique.fr\/pole-maternelle\/wp-json\/wp\/v2\/comments?post=257"}],"version-history":[{"count":3,"href":"https:\/\/site.ac-martinique.fr\/pole-maternelle\/wp-json\/wp\/v2\/pages\/257\/revisions"}],"predecessor-version":[{"id":265,"href":"https:\/\/site.ac-martinique.fr\/pole-maternelle\/wp-json\/wp\/v2\/pages\/257\/revisions\/265"}],"wp:attachment":[{"href":"https:\/\/site.ac-martinique.fr\/pole-maternelle\/wp-json\/wp\/v2\/media?parent=257"}],"curies":[{"name":"wp","href":"https:\/\/api.w.org\/{rel}","templated":true}]}}