{"id":342,"date":"2017-01-29T03:30:46","date_gmt":"2017-01-29T02:30:46","guid":{"rendered":"\/pole-maternelle\/?page_id=342"},"modified":"2017-01-29T03:33:32","modified_gmt":"2017-01-29T02:33:32","slug":"apprendre-en-jouant","status":"publish","type":"page","link":"https:\/\/site.ac-martinique.fr\/pole-maternelle\/enseigner-en-maternelle\/apprendre-en-jouant\/","title":{"rendered":"Apprendre en jouant"},"content":{"rendered":"<p>Extrait du programme de l\u2019\u00e9cole maternelle, bulletin officiel sp\u00e9cial n\u00b0 2 du 26 mars 2015 :<\/p>\n[<em>\u2026] 2.1. Apprendre en jouant \u00ab Le jeu favorise la richesse des exp\u00e9riences v\u00e9cues par les enfants dans l\u2019ensemble des classes de l\u2019\u00e9cole maternelle et alimente tous les domaines d\u2019apprentissages. Il permet aux enfants d\u2019exercer leur autonomie, d\u2018agir sur le r\u00e9el, de construire des fictions et de d\u00e9velopper leur imaginaire, d\u2019exercer des conduites motrices, d\u2019exp\u00e9rimenter des r\u00e8gles et des r\u00f4les sociaux vari\u00e9s. Il favorise la communication avec les autres et la construction de liens forts d\u2019amiti\u00e9. Il rev\u00eat diverses formes : jeux symboliques, jeux d\u2019exploration, jeux de construction et de manipulation, jeux collectifs et jeux de soci\u00e9t\u00e9, jeux fabriqu\u00e9s et invent\u00e9s, etc. L\u2019enseignant donne \u00e0 tous les enfants un temps suffisant pour d\u00e9ployer leur activit\u00e9 de jeu. Il les observe dans leur jeu libre afin de mieux les conna\u00eetre. Il propose aussi des jeux structur\u00e9s visant explicitement des apprentissages sp\u00e9cifiques. \u00bb<\/em><\/p>\n<p>De nombreuses ressources sont d\u00e9sormais disponibles sur eduscol:\u00a0http:\/\/eduscol.education.fr\/pid33040-cid91995\/jouer-et-apprendre.html, pour montrer en quoi l&rsquo;\u00e9cole maternelle est un temps durant lequel il est n\u00e9cessaire de pratiquer quotidiennement des jeux d&rsquo;exploration, symboliques, de construction et \u00e0 r\u00e8gles, pour le bon d\u00e9veloppement physiologique, neurologique, psycho-socio-affectif et cognitif de l&rsquo;enfant.<\/p>\n<div style=\"width: 640px;\" class=\"wp-video\"><video class=\"wp-video-shortcode\" id=\"video-342-1\" width=\"640\" height=\"360\" preload=\"metadata\" controls=\"controls\"><source type=\"video\/mp4\" src=\"\/pole-maternelle\/wp-content\/uploads\/sites\/27\/2017\/01\/00-jeux-libres-ps-ms-gs.mp4?_=1\" \/><a href=\"\/pole-maternelle\/wp-content\/uploads\/sites\/27\/2017\/01\/00-jeux-libres-ps-ms-gs.mp4\">\/pole-maternelle\/wp-content\/uploads\/sites\/27\/2017\/01\/00-jeux-libres-ps-ms-gs.mp4<\/a><\/video><\/div>\n<p>Film extrait des ressources eduscol:\u00a0http:\/\/cache.media.eduscol.education.fr\/file\/Apprendre\/30\/3\/Ress_c1_jouer_jouerapprendre_458303.pdf<\/p>\n","protected":false},"excerpt":{"rendered":"<p>Extrait du programme de l\u2019\u00e9cole maternelle, bulletin officiel sp\u00e9cial n\u00b0 2 du 26 mars 2015 : [\u2026] 2.1. Apprendre en jouant \u00ab Le jeu favorise la richesse des exp\u00e9riences v\u00e9cues par les enfants dans l\u2019ensemble des classes de l\u2019\u00e9cole maternelle et alimente tous les domaines d\u2019apprentissages. Il permet aux enfants d\u2019exercer leur autonomie, d\u2018agir sur &hellip; <\/p>\n<p><a class=\"more-link btn\" href=\"https:\/\/site.ac-martinique.fr\/pole-maternelle\/enseigner-en-maternelle\/apprendre-en-jouant\/\">Lire la suite<\/a><\/p>\n","protected":false},"author":86,"featured_media":0,"parent":152,"menu_order":0,"comment_status":"closed","ping_status":"closed","template":"","meta":{"footnotes":""},"class_list":["post-342","page","type-page","status-publish","hentry","nodate","item-wrap"],"_links":{"self":[{"href":"https:\/\/site.ac-martinique.fr\/pole-maternelle\/wp-json\/wp\/v2\/pages\/342","targetHints":{"allow":["GET"]}}],"collection":[{"href":"https:\/\/site.ac-martinique.fr\/pole-maternelle\/wp-json\/wp\/v2\/pages"}],"about":[{"href":"https:\/\/site.ac-martinique.fr\/pole-maternelle\/wp-json\/wp\/v2\/types\/page"}],"author":[{"embeddable":true,"href":"https:\/\/site.ac-martinique.fr\/pole-maternelle\/wp-json\/wp\/v2\/users\/86"}],"replies":[{"embeddable":true,"href":"https:\/\/site.ac-martinique.fr\/pole-maternelle\/wp-json\/wp\/v2\/comments?post=342"}],"version-history":[{"count":2,"href":"https:\/\/site.ac-martinique.fr\/pole-maternelle\/wp-json\/wp\/v2\/pages\/342\/revisions"}],"predecessor-version":[{"id":350,"href":"https:\/\/site.ac-martinique.fr\/pole-maternelle\/wp-json\/wp\/v2\/pages\/342\/revisions\/350"}],"up":[{"embeddable":true,"href":"https:\/\/site.ac-martinique.fr\/pole-maternelle\/wp-json\/wp\/v2\/pages\/152"}],"wp:attachment":[{"href":"https:\/\/site.ac-martinique.fr\/pole-maternelle\/wp-json\/wp\/v2\/media?parent=342"}],"curies":[{"name":"wp","href":"https:\/\/api.w.org\/{rel}","templated":true}]}}