{"id":460,"date":"2017-02-21T14:10:18","date_gmt":"2017-02-21T13:10:18","guid":{"rendered":"\/pole-maternelle\/?page_id=460"},"modified":"2017-02-21T14:15:55","modified_gmt":"2017-02-21T13:15:55","slug":"les-observables-pour-les-moins-de-3-ans","status":"publish","type":"page","link":"https:\/\/site.ac-martinique.fr\/pole-maternelle\/scolarisation-des-moins-de-3-ans\/les-observables-pour-les-moins-de-3-ans\/","title":{"rendered":"Les observables pour les moins de 3 ans"},"content":{"rendered":"<p>Les enfants de moins de 3 ans ont des besoins tr\u00e8s sp\u00e9cifiques et l&rsquo;\u00e9cole doit en tenir compte pour un accueil et une scolarisation r\u00e9ussis. Vous trouverez donc ci-dessous\u00a0une liste d&rsquo;objectifs par domaine de besoin. Cet outil vous permettra d&rsquo;organiser au mieux votre enseignement et d&rsquo;individualiser l&rsquo;observation fine que vous m\u00e8nerez aupr\u00e8s de chacun des enfants. Il pourra \u00e9galement contribuer \u00e0 renseigner l&rsquo;outil de suivi que vous pr\u00e9senterez aux parents par le biais du PIAS (voir les outils pour accueillir les TPS).<\/p>\n<p><a href=\"\/pole-maternelle\/?attachment_id=461\" rel=\"attachment wp-att-461\">Quels objectifs pour les TPS\u00a0<\/a>?<\/p>\n<p>&nbsp;<\/p>\n","protected":false},"excerpt":{"rendered":"<p>Les enfants de moins de 3 ans ont des besoins tr\u00e8s sp\u00e9cifiques et l&rsquo;\u00e9cole doit en tenir compte pour un accueil et une scolarisation r\u00e9ussis. Vous trouverez donc ci-dessous\u00a0une liste d&rsquo;objectifs par domaine de besoin. Cet outil vous permettra d&rsquo;organiser au mieux votre enseignement et d&rsquo;individualiser l&rsquo;observation fine que vous m\u00e8nerez aupr\u00e8s de chacun des &hellip; <\/p>\n<p><a class=\"more-link btn\" href=\"https:\/\/site.ac-martinique.fr\/pole-maternelle\/scolarisation-des-moins-de-3-ans\/les-observables-pour-les-moins-de-3-ans\/\">Lire la suite<\/a><\/p>\n","protected":false},"author":86,"featured_media":0,"parent":41,"menu_order":2,"comment_status":"closed","ping_status":"closed","template":"","meta":{"footnotes":""},"class_list":["post-460","page","type-page","status-publish","hentry","nodate","item-wrap"],"_links":{"self":[{"href":"https:\/\/site.ac-martinique.fr\/pole-maternelle\/wp-json\/wp\/v2\/pages\/460","targetHints":{"allow":["GET"]}}],"collection":[{"href":"https:\/\/site.ac-martinique.fr\/pole-maternelle\/wp-json\/wp\/v2\/pages"}],"about":[{"href":"https:\/\/site.ac-martinique.fr\/pole-maternelle\/wp-json\/wp\/v2\/types\/page"}],"author":[{"embeddable":true,"href":"https:\/\/site.ac-martinique.fr\/pole-maternelle\/wp-json\/wp\/v2\/users\/86"}],"replies":[{"embeddable":true,"href":"https:\/\/site.ac-martinique.fr\/pole-maternelle\/wp-json\/wp\/v2\/comments?post=460"}],"version-history":[{"count":3,"href":"https:\/\/site.ac-martinique.fr\/pole-maternelle\/wp-json\/wp\/v2\/pages\/460\/revisions"}],"predecessor-version":[{"id":465,"href":"https:\/\/site.ac-martinique.fr\/pole-maternelle\/wp-json\/wp\/v2\/pages\/460\/revisions\/465"}],"up":[{"embeddable":true,"href":"https:\/\/site.ac-martinique.fr\/pole-maternelle\/wp-json\/wp\/v2\/pages\/41"}],"wp:attachment":[{"href":"https:\/\/site.ac-martinique.fr\/pole-maternelle\/wp-json\/wp\/v2\/media?parent=460"}],"curies":[{"name":"wp","href":"https:\/\/api.w.org\/{rel}","templated":true}]}}