{"id":469,"date":"2017-03-07T16:54:39","date_gmt":"2017-03-07T15:54:39","guid":{"rendered":"\/pole-maternelle\/?page_id=469"},"modified":"2017-03-07T16:55:02","modified_gmt":"2017-03-07T15:55:02","slug":"enseigner-la-langue-ecrite-en-maternelle-m-t-zerbato","status":"publish","type":"page","link":"https:\/\/site.ac-martinique.fr\/pole-maternelle\/entrer-dans-lecrit-a-la-maternelle\/enseigner-la-langue-ecrite-en-maternelle-m-t-zerbato\/","title":{"rendered":"Enseigner la langue \u00e9crite en Maternelle-M.T ZERBATO"},"content":{"rendered":"<p>Le diaporama suivant nous a \u00e9t\u00e9 offert par Mme ZERBATO-POUDOU lors de son passage dans notre acad\u00e9mie. C&rsquo;est le support des pr\u00e9sentations auxquelles ont pu assister les enseignants convi\u00e9s aux conf\u00e9rences du mois de novembre 2016.<\/p>\n<p><a href=\"\/pole-maternelle\/?attachment_id=467\" rel=\"attachment wp-att-467\">Ecriture_maternelle_Zerbato-Poudou_<\/a><\/p>\n","protected":false},"excerpt":{"rendered":"<p>Le diaporama suivant nous a \u00e9t\u00e9 offert par Mme ZERBATO-POUDOU lors de son passage dans notre acad\u00e9mie. C&rsquo;est le support des pr\u00e9sentations auxquelles ont pu assister les enseignants convi\u00e9s aux conf\u00e9rences du mois de novembre 2016. Ecriture_maternelle_Zerbato-Poudou_<\/p>\n","protected":false},"author":86,"featured_media":0,"parent":271,"menu_order":3,"comment_status":"closed","ping_status":"closed","template":"","meta":{"footnotes":""},"class_list":["post-469","page","type-page","status-publish","hentry","nodate","item-wrap"],"_links":{"self":[{"href":"https:\/\/site.ac-martinique.fr\/pole-maternelle\/wp-json\/wp\/v2\/pages\/469","targetHints":{"allow":["GET"]}}],"collection":[{"href":"https:\/\/site.ac-martinique.fr\/pole-maternelle\/wp-json\/wp\/v2\/pages"}],"about":[{"href":"https:\/\/site.ac-martinique.fr\/pole-maternelle\/wp-json\/wp\/v2\/types\/page"}],"author":[{"embeddable":true,"href":"https:\/\/site.ac-martinique.fr\/pole-maternelle\/wp-json\/wp\/v2\/users\/86"}],"replies":[{"embeddable":true,"href":"https:\/\/site.ac-martinique.fr\/pole-maternelle\/wp-json\/wp\/v2\/comments?post=469"}],"version-history":[{"count":1,"href":"https:\/\/site.ac-martinique.fr\/pole-maternelle\/wp-json\/wp\/v2\/pages\/469\/revisions"}],"predecessor-version":[{"id":471,"href":"https:\/\/site.ac-martinique.fr\/pole-maternelle\/wp-json\/wp\/v2\/pages\/469\/revisions\/471"}],"up":[{"embeddable":true,"href":"https:\/\/site.ac-martinique.fr\/pole-maternelle\/wp-json\/wp\/v2\/pages\/271"}],"wp:attachment":[{"href":"https:\/\/site.ac-martinique.fr\/pole-maternelle\/wp-json\/wp\/v2\/media?parent=469"}],"curies":[{"name":"wp","href":"https:\/\/api.w.org\/{rel}","templated":true}]}}