{"id":3346,"date":"2016-06-21T16:04:30","date_gmt":"2016-06-21T20:04:30","guid":{"rendered":"\/pole-maths\/?page_id=3346"},"modified":"2016-06-21T16:07:15","modified_gmt":"2016-06-21T20:07:15","slug":"semaine-du-numerique","status":"publish","type":"page","link":"https:\/\/site.ac-martinique.fr\/pole-maths\/?page_id=3346","title":{"rendered":"Semaine du num\u00e9rique"},"content":{"rendered":"<h1><span style=\"font-size: x-small;color: #ff0000\"><strong style=\"font-size: 2.4em;line-height: 1.5em\">D\u00e9fi codage avec le robot Thymio II<\/strong><\/span><\/h1>\n<p><a href=\"\/pole-maths\/wp-content\/uploads\/sites\/26\/2016\/06\/main-et-thymio.png\"><img loading=\"lazy\" decoding=\"async\" class=\"wp-image-3330 alignleft\" src=\"\/pole-maths\/wp-content\/uploads\/sites\/26\/2016\/06\/main-et-thymio.png\" alt=\"\" width=\"197\" height=\"168\" srcset=\"https:\/\/site.ac-martinique.fr\/pole-maths\/wp-content\/uploads\/sites\/26\/2016\/06\/main-et-thymio.png 357w, https:\/\/site.ac-martinique.fr\/pole-maths\/wp-content\/uploads\/sites\/26\/2016\/06\/main-et-thymio-150x128.png 150w, https:\/\/site.ac-martinique.fr\/pole-maths\/wp-content\/uploads\/sites\/26\/2016\/06\/main-et-thymio-300x255.png 300w\" sizes=\"auto, (max-width: 197px) 100vw, 197px\" \/><\/a><span style=\"color: #000000\">La Mission Math\u00e9matique a particip\u00e9 au d\u00e9fi du code\u00a0intitul\u00e9<\/span><strong><span style=\"color: #000000\">\u00a0\u00ab\u00a01, 2, 3\u2026\u00a0CODONS \u00bb, \u00a0le mardi 26 janvier 2016, <\/span><\/strong><span style=\"color: #000000\">dans le cadre de\u00a0<strong>\u00ab\u00a0la Semaine du Num\u00e9rique \u00e0 l\u2019Ecole\u00a0\u00bb <\/strong>.Une classe de CE1 de Plateau Fofo a mis en oeuvre des activit\u00e9s de programmation avec le robot Thymio II et particip\u00e9e\u00a0\u00e0 des<strong>\u00ab\u00a0Coding game\u00a0\u00bb, <\/strong>dans le cadre de la premi\u00e8re\u00a0\u00e9dition de la journ\u00e9e du code organis\u00e9 par l&rsquo;<strong>ESPE<\/strong> de la Martinique. <a href=\"\/pole-maths\/?p=3309\" target=\"_blank\">D\u00e9couvrez le d\u00e9fi<\/a>.<\/span><\/p>\n<p><span style=\"color: #000000\">\u00a0<\/span><\/p>\n","protected":false},"excerpt":{"rendered":"<p>D\u00e9fi codage avec le robot Thymio II La Mission Math\u00e9matique a particip\u00e9 au d\u00e9fi du code\u00a0intitul\u00e9\u00a0\u00ab\u00a01, 2, 3\u2026\u00a0CODONS \u00bb, \u00a0le mardi 26 janvier 2016, dans le cadre de\u00a0\u00ab\u00a0la Semaine du Num\u00e9rique \u00e0 l\u2019Ecole\u00a0\u00bb .Une classe de CE1 de Plateau Fofo&#8230; <a class=\"more-link\" href=\"https:\/\/site.ac-martinique.fr\/pole-maths\/?page_id=3346\">Continue Reading &rarr;<\/a><\/p>\n","protected":false},"author":83,"featured_media":0,"parent":0,"menu_order":0,"comment_status":"closed","ping_status":"closed","template":"","meta":{"footnotes":""},"class_list":["post-3346","page","type-page","status-publish","hentry"],"_links":{"self":[{"href":"https:\/\/site.ac-martinique.fr\/pole-maths\/index.php?rest_route=\/wp\/v2\/pages\/3346","targetHints":{"allow":["GET"]}}],"collection":[{"href":"https:\/\/site.ac-martinique.fr\/pole-maths\/index.php?rest_route=\/wp\/v2\/pages"}],"about":[{"href":"https:\/\/site.ac-martinique.fr\/pole-maths\/index.php?rest_route=\/wp\/v2\/types\/page"}],"author":[{"embeddable":true,"href":"https:\/\/site.ac-martinique.fr\/pole-maths\/index.php?rest_route=\/wp\/v2\/users\/83"}],"replies":[{"embeddable":true,"href":"https:\/\/site.ac-martinique.fr\/pole-maths\/index.php?rest_route=%2Fwp%2Fv2%2Fcomments&post=3346"}],"version-history":[{"count":6,"href":"https:\/\/site.ac-martinique.fr\/pole-maths\/index.php?rest_route=\/wp\/v2\/pages\/3346\/revisions"}],"predecessor-version":[{"id":3353,"href":"https:\/\/site.ac-martinique.fr\/pole-maths\/index.php?rest_route=\/wp\/v2\/pages\/3346\/revisions\/3353"}],"wp:attachment":[{"href":"https:\/\/site.ac-martinique.fr\/pole-maths\/index.php?rest_route=%2Fwp%2Fv2%2Fmedia&parent=3346"}],"curies":[{"name":"wp","href":"https:\/\/api.w.org\/{rel}","templated":true}]}}