{"id":5222,"date":"2024-11-07T16:19:28","date_gmt":"2024-11-07T20:19:28","guid":{"rendered":"https:\/\/site.ac-martinique.fr\/pole-maths\/?page_id=5222"},"modified":"2025-02-21T12:05:37","modified_gmt":"2025-02-21T16:05:37","slug":"accueil","status":"publish","type":"page","link":"https:\/\/site.ac-martinique.fr\/pole-maths\/?page_id=5222","title":{"rendered":"Accueil"},"content":{"rendered":"\n<p><strong><span style=\"font-size: medium;\">\u00ab\u00a0Les maths sont un langage merveilleux, qui m&rsquo;a toujours fascin\u00e9e &nbsp;en ce qu&rsquo;il se construit en permanence.\u00a0\u00bb<\/span><\/strong><\/p>\n\n\n\n<p>Sylvie Paycha<\/p>\n\n\n\n<h2 class=\"wp-block-heading\">Pr\u00e9sentation de la mission<\/h2>\n\n\n\n<p><em>Afin de r\u00e9pondre aux ambitions de l\u2019\u00e9cole et aux besoins de consolidation des comp\u00e9tences math\u00e9matiques des \u00e9l\u00e8ves, l\u2019Acad\u00e9mie de Martinique s\u2019est engag\u00e9e depuis plusieurs ann\u00e9es dans la mise en \u0153uvre d\u2019un vaste plan en faveur de l\u2019enseignement des math\u00e9matiques.<\/em><\/p>\n<p><em>La &nbsp;mission acad\u00e9mique \u00ab\u00a0Math\u00e9matiques Premier degr\u00e9\u00a0\u00bb se compose ainsi de deux IEN charg\u00e9s de mission, de deux CPD, et d&rsquo;un CPC-RMC par circonscription avec l&rsquo;appui de PEMF.<\/em><\/p>\n<p><em>Cette \u00e9quipe,&nbsp; constitu\u00e9e en communaut\u00e9 d\u2019apprentissage professionnelle, produit de nombreuses ressources acad\u00e9miques et participe \u00e0 l\u2019accompagnement de tous les professeurs des \u00e9coles.<\/em><\/p>\n<p><em>Son objectif est de permettre aux \u00e9l\u00e8ves de prendre plaisir \u00e0 faire des math\u00e9matiques et d\u2019am\u00e9liorer r\u00e9ellement et durablement leurs comp\u00e9tences en math\u00e9matiques.<\/em><\/p>\n<p><em>Ce site regroupe donc une large gamme de ressources p\u00e9dagogiques math\u00e9matiques adapt\u00e9es \u00e0 diff\u00e9rents niveaux.<\/em><\/p>\n<p><em>Nous croyons fermement que chaque \u00e9l\u00e8ve peut r\u00e9ussir en math\u00e9matiques avec les bons outils et les m\u00e9thodes pertinentes. <\/em><\/p>\n<p><em>Explorez notre site, d\u00e9couvrez nos ressources, et n&rsquo;h\u00e9sitez pas \u00e0 nous contacter pour toute question ou besoin.<br><\/em><\/p>\n<p><em>Une rubrique pour l&rsquo;utilisation de ressources \u00e0 destination des parents d&rsquo;\u00e9l\u00e8ves, soucieux des attentes des enseignants, pourra r\u00e9pondre \u00e0 leurs interrogations et \u00e0 leurs pr\u00e9occupations. <\/em><\/p>\n\n\n\n\n\n<div class=\"wp-block-group\"><div class=\"wp-block-group__inner-container is-layout-constrained wp-block-group-is-layout-constrained\">\n<p><em><strong>Inspecteurs charg\u00e9s de mission :<\/strong><\/em><\/p>\n\n\n\n<p>Mike DULCIO, mike.dulcio@ac-martinique.fr<\/p>\n\n\n\n<p>Nathalie ZOZIME, <span style=\"color: #0080ff;\">nathalie.denis@ac-martinique.fr<\/span><\/p>\n\n\n\n<p><em><strong>Conseill\u00e8res P\u00e9dagogiques D\u00e9partementales<\/strong><\/em><\/p>\n\n\n\n<p>Pascale ZELINE, pascale.zeline@ac-martinique.fr<\/p>\n\n\n\n<p>Karine LAURENT, karine.laurent@ac-martinique.fr<\/p>\n\n\n\n<p><strong>Adresse mail\u00a0<\/strong><\/p>\n\n\n\n<p><a href=\"mailto:missionmathematiques1d@ac-martiinque.fr\">missionmathematiques1d@ac-martinique.fr<\/a><\/p>\n\n\n<\/div><\/div>\n\n\n","protected":false},"excerpt":{"rendered":"<p>\u00ab\u00a0Les maths sont un langage merveilleux, qui m&rsquo;a toujours fascin\u00e9e &nbsp;en ce qu&rsquo;il se construit en permanence.\u00a0\u00bb Sylvie Paycha Pr\u00e9sentation de la mission Afin de r\u00e9pondre aux ambitions de l\u2019\u00e9cole et aux besoins de consolidation des comp\u00e9tences math\u00e9matiques des \u00e9l\u00e8ves,&#8230; <a class=\"more-link\" href=\"https:\/\/site.ac-martinique.fr\/pole-maths\/?page_id=5222\">Continue Reading &rarr;<\/a><\/p>\n","protected":false},"author":302,"featured_media":0,"parent":0,"menu_order":0,"comment_status":"closed","ping_status":"closed","template":"","meta":{"footnotes":""},"class_list":["post-5222","page","type-page","status-publish","hentry"],"_links":{"self":[{"href":"https:\/\/site.ac-martinique.fr\/pole-maths\/index.php?rest_route=\/wp\/v2\/pages\/5222","targetHints":{"allow":["GET"]}}],"collection":[{"href":"https:\/\/site.ac-martinique.fr\/pole-maths\/index.php?rest_route=\/wp\/v2\/pages"}],"about":[{"href":"https:\/\/site.ac-martinique.fr\/pole-maths\/index.php?rest_route=\/wp\/v2\/types\/page"}],"author":[{"embeddable":true,"href":"https:\/\/site.ac-martinique.fr\/pole-maths\/index.php?rest_route=\/wp\/v2\/users\/302"}],"replies":[{"embeddable":true,"href":"https:\/\/site.ac-martinique.fr\/pole-maths\/index.php?rest_route=%2Fwp%2Fv2%2Fcomments&post=5222"}],"version-history":[{"count":9,"href":"https:\/\/site.ac-martinique.fr\/pole-maths\/index.php?rest_route=\/wp\/v2\/pages\/5222\/revisions"}],"predecessor-version":[{"id":5375,"href":"https:\/\/site.ac-martinique.fr\/pole-maths\/index.php?rest_route=\/wp\/v2\/pages\/5222\/revisions\/5375"}],"wp:attachment":[{"href":"https:\/\/site.ac-martinique.fr\/pole-maths\/index.php?rest_route=%2Fwp%2Fv2%2Fmedia&parent=5222"}],"curies":[{"name":"wp","href":"https:\/\/api.w.org\/{rel}","templated":true}]}}