{"id":722,"date":"2020-06-30T15:00:58","date_gmt":"2020-06-30T19:00:58","guid":{"rendered":"\/pole-maths\/?page_id=722"},"modified":"2025-02-28T18:06:56","modified_gmt":"2025-02-28T22:06:56","slug":"nombres-et-calcul","status":"publish","type":"page","link":"https:\/\/site.ac-martinique.fr\/pole-maths\/?page_id=722","title":{"rendered":"NOMBRES ET CALCUL"},"content":{"rendered":"\n<h2><span style=\"color: #008000;\"><em>NUMERATION<\/em><\/span><\/h2>\n\n\n\n<h3><span style=\"color: #ff0000;\"><strong>Importance de la distinction de deux syst\u00e8mes de num\u00e9ration<\/strong><\/span><br \/><em>Il existe deux syst\u00e8mes de num\u00e9ration, deux mani\u00e8res de d\u00e9signer les nombres :<br \/>d\u2019une part les noms des nombres \u00e0 l\u2019oral qui se trouvent dans la comptine num\u00e9rique<br \/>en fran\u00e7ais (la num\u00e9ration orale, par exemple, \u00ab vingt-trois \u00bb), et d\u2019autre part les d\u00e9signations \u00e9crites chiffr\u00e9es des nombres (la num\u00e9ration \u00e9crite chiffr\u00e9e, par exemple,<br \/>\u00ab 23 \u00bb). Ce sont deux syst\u00e8mes distincts de repr\u00e9sentation des nombres qu\u2019il convient<br \/>de mettre en relation.<\/em><\/h3>\n\n\n\n<p><strong><span style=\"color: #ff0000;\">Cycle 2 et 3 : le jeu de la toupie &#8211; aspect d\u00e9cimal de la num\u00e9ration<\/span><\/strong><\/p>\n\n\n<div class=\"wp-block-image\">\n<figure class=\"alignleft\"><a href=\"\/pole-maths\/wp-content\/uploads\/sites\/26\/2020\/06\/miniature-jeu-de-la-toupie.jpg\"><img loading=\"lazy\" decoding=\"async\" width=\"300\" height=\"125\" src=\"\/pole-maths\/wp-content\/uploads\/sites\/26\/2020\/06\/miniature-jeu-de-la-toupie-300x125.jpg\" alt=\"\" class=\"wp-image-4737\" srcset=\"https:\/\/site.ac-martinique.fr\/pole-maths\/wp-content\/uploads\/sites\/26\/2020\/06\/miniature-jeu-de-la-toupie-300x125.jpg 300w, https:\/\/site.ac-martinique.fr\/pole-maths\/wp-content\/uploads\/sites\/26\/2020\/06\/miniature-jeu-de-la-toupie-150x63.jpg 150w, https:\/\/site.ac-martinique.fr\/pole-maths\/wp-content\/uploads\/sites\/26\/2020\/06\/miniature-jeu-de-la-toupie-768x321.jpg 768w, https:\/\/site.ac-martinique.fr\/pole-maths\/wp-content\/uploads\/sites\/26\/2020\/06\/miniature-jeu-de-la-toupie-1024x427.jpg 1024w\" sizes=\"auto, (max-width: 300px) 100vw, 300px\" \/><\/a><\/figure>\n<\/div>\n\n\n<p><strong>D\u00e9clin\u00e9 sur 3 niveaux permettant de travailler l&rsquo;aspect d\u00e9cimal de la num\u00e9ration jusqu&rsquo;aux centaines puis milliers pour arriver aux fractions d\u00e9cimales et nombres d\u00e9cimaux, d\u00e9couvrer le jeu de la toupie en d\u00e9tail gr\u00e2ce aux fiches professeurs.&nbsp; &nbsp;<\/strong><strong><a href=\"\/pole-maths\/?p=4698\" target=\"_blank\" rel=\"noopener noreferrer\">Pour en savoir plus<\/a><\/strong><\/p>\n\n\n\n<p><\/p>\n\n\n\n<p><strong><span style=\"color: #ff0000;\">Cycle 2 et cycle 3&nbsp; : droites vierges gradu\u00e9es&nbsp;<\/span><\/strong><\/p>\n\n\n<div class=\"wp-block-image\">\n<figure class=\"alignleft\"><a href=\"\/pole-maths\/wp-content\/uploads\/sites\/26\/2019\/03\/image-doc-droites.jpg\"><img loading=\"lazy\" decoding=\"async\" width=\"150\" height=\"103\" src=\"\/pole-maths\/wp-content\/uploads\/sites\/26\/2019\/03\/image-doc-droites-150x103.jpg\" alt=\"\" class=\"wp-image-4231\" srcset=\"https:\/\/site.ac-martinique.fr\/pole-maths\/wp-content\/uploads\/sites\/26\/2019\/03\/image-doc-droites-150x103.jpg 150w, https:\/\/site.ac-martinique.fr\/pole-maths\/wp-content\/uploads\/sites\/26\/2019\/03\/image-doc-droites-300x205.jpg 300w, https:\/\/site.ac-martinique.fr\/pole-maths\/wp-content\/uploads\/sites\/26\/2019\/03\/image-doc-droites-768x525.jpg 768w, https:\/\/site.ac-martinique.fr\/pole-maths\/wp-content\/uploads\/sites\/26\/2019\/03\/image-doc-droites.jpg 885w\" sizes=\"auto, (max-width: 150px) 100vw, 150px\" \/><\/a><\/figure>\n<\/div>\n\n\n<p><\/p>\n\n\n\n<p>Ressource \u00e0 t\u00e9l\u00e9charger:&nbsp;&nbsp;<strong>droites vierges gradu\u00e9es pour nombres entiers et nombres d\u00e9cimaux.&nbsp;&nbsp;<a href=\"\/pole-maths\/?p=4224\" target=\"_blank\" rel=\"noopener noreferrer\">Pour en savoir plus<\/a><\/strong><\/p>\n\n\n\n<h2 class=\"wp-block-heading\">\u00a0<\/h2>\n\n\n\n<p><strong><span style=\"color: #ff0000;\">Cycle 2 et 3 : Des probl\u00e8mes mettant en jeu les connaissances du syst\u00e8me de num\u00e9ration&nbsp; sur le th\u00e8me des masques chirurgicaux<\/span><\/strong><\/p>\n\n\n\n<p><strong>Exemple de probl\u00e8me CE2 du pack 4<\/strong><\/p>\n\n\n<div class=\"wp-block-image\">\n<figure class=\"aligncenter\"><a href=\"\/pole-maths\/wp-content\/uploads\/sites\/26\/2020\/06\/CE2-P4-masques.jpg\"><img loading=\"lazy\" decoding=\"async\" width=\"781\" height=\"108\" src=\"\/pole-maths\/wp-content\/uploads\/sites\/26\/2020\/06\/CE2-P4-masques.jpg\" alt=\"\" class=\"wp-image-4770\" srcset=\"https:\/\/site.ac-martinique.fr\/pole-maths\/wp-content\/uploads\/sites\/26\/2020\/06\/CE2-P4-masques.jpg 781w, https:\/\/site.ac-martinique.fr\/pole-maths\/wp-content\/uploads\/sites\/26\/2020\/06\/CE2-P4-masques-150x21.jpg 150w, https:\/\/site.ac-martinique.fr\/pole-maths\/wp-content\/uploads\/sites\/26\/2020\/06\/CE2-P4-masques-300x41.jpg 300w, https:\/\/site.ac-martinique.fr\/pole-maths\/wp-content\/uploads\/sites\/26\/2020\/06\/CE2-P4-masques-768x106.jpg 768w\" sizes=\"auto, (max-width: 781px) 100vw, 781px\" \/><\/a><\/figure>\n<\/div>\n\n<div class=\"wp-block-image\">\n<figure class=\"aligncenter\"><img loading=\"lazy\" decoding=\"async\" width=\"672\" height=\"629\" src=\"\/pole-maths\/wp-content\/uploads\/sites\/26\/2020\/06\/CM1-P6-masques.jpg\" alt=\"\" class=\"wp-image-4769\" srcset=\"https:\/\/site.ac-martinique.fr\/pole-maths\/wp-content\/uploads\/sites\/26\/2020\/06\/CM1-P6-masques.jpg 672w, https:\/\/site.ac-martinique.fr\/pole-maths\/wp-content\/uploads\/sites\/26\/2020\/06\/CM1-P6-masques-150x140.jpg 150w, https:\/\/site.ac-martinique.fr\/pole-maths\/wp-content\/uploads\/sites\/26\/2020\/06\/CM1-P6-masques-300x281.jpg 300w\" sizes=\"auto, (max-width: 672px) 100vw, 672px\" \/><\/figure>\n<\/div>\n\n\n<p><strong>Exemple de probl\u00e8me CM1 du pack 6<\/strong><\/p>\n\n\n\n\n<div class=\"wp-block-image\">\n<figure class=\"alignleft\"><a href=\"\/pole-maths\/wp-content\/uploads\/sites\/26\/2017\/02\/Glisse-nombre_\u00e9l\u00e8ve_C3_noir_blanc.jpg\"><img loading=\"lazy\" decoding=\"async\" width=\"300\" height=\"128\" src=\"\/pole-maths\/wp-content\/uploads\/sites\/26\/2017\/02\/Glisse-nombre_\u00e9l\u00e8ve_C3_noir_blanc-300x128.jpg\" alt=\"\" class=\"wp-image-3551\" srcset=\"https:\/\/site.ac-martinique.fr\/pole-maths\/wp-content\/uploads\/sites\/26\/2017\/02\/Glisse-nombre_\u00e9l\u00e8ve_C3_noir_blanc-300x128.jpg 300w, https:\/\/site.ac-martinique.fr\/pole-maths\/wp-content\/uploads\/sites\/26\/2017\/02\/Glisse-nombre_\u00e9l\u00e8ve_C3_noir_blanc-150x64.jpg 150w, https:\/\/site.ac-martinique.fr\/pole-maths\/wp-content\/uploads\/sites\/26\/2017\/02\/Glisse-nombre_\u00e9l\u00e8ve_C3_noir_blanc.jpg 600w\" sizes=\"auto, (max-width: 300px) 100vw, 300px\" \/><\/a><\/figure>\n<\/div>\n\n\n<p><strong>T\u00e9l\u00e9charger le <span style=\"color: #ff0000;\"><a style=\"color: #ff0000;\" href=\"\/pole-maths\/?p=3534\" target=\"_blank\" rel=\"noreferrer noopener\">\u00ab\u00a0glisse-nombre\u00a0\u00bb cycle 2 et le \u00ab\u00a0glisse-nombre\u00a0\u00bb<\/a><\/span> cycle 3 en noir et blanc. \u00a0<\/strong><\/p>\n<p>\u00a0<\/p>\n<p>\u00a0<\/p>\n<p>\u00a0<\/p>\n\n\n<div class=\"wp-block-image\">\n<figure class=\"alignleft\"><img loading=\"lazy\" decoding=\"async\" width=\"300\" height=\"90\" src=\"\/pole-maths\/wp-content\/uploads\/sites\/26\/2016\/11\/tableau-CE2-fin-petit-300x90.jpg\" alt=\"\" class=\"wp-image-3463\" srcset=\"https:\/\/site.ac-martinique.fr\/pole-maths\/wp-content\/uploads\/sites\/26\/2016\/11\/tableau-CE2-fin-petit-300x90.jpg 300w, https:\/\/site.ac-martinique.fr\/pole-maths\/wp-content\/uploads\/sites\/26\/2016\/11\/tableau-CE2-fin-petit-150x45.jpg 150w, https:\/\/site.ac-martinique.fr\/pole-maths\/wp-content\/uploads\/sites\/26\/2016\/11\/tableau-CE2-fin-petit-1024x308.jpg 1024w\" sizes=\"auto, (max-width: 300px) 100vw, 300px\" \/><\/figure>\n<\/div>\n\n\n<p><strong><span style=\"color: #ff0000;\">Le tableau \u00ab\u00a0les nombres et les unit\u00e9s de grandeurs\u00a0\u00bb \u00e0 construire<\/span>.\u00a0<\/strong>Le syst\u00e8me des mesures de longueurs, de masses et de contenances est issu du syst\u00e8me d\u00e9cimal de num\u00e9ration. Il est int\u00e9ressant que les \u00e9l\u00e8ves en aient une vision syst\u00e9mique sous la forme d&rsquo;un tableau liant les deux syst\u00e8mes afin de \u00a0pouvoir mobiliser leurs savoirs et savoir-faire aussi bien en nombres et calcul qu&rsquo;en grandeurs et mesures. \u00a0A cette fin, la Mission vous propose <strong><a href=\"\/pole-maths\/?p=3443\" target=\"_blank\" rel=\"noreferrer noopener\">un tableau intitul\u00e9 \u00ab\u00a0nombres et unit\u00e9s de grandeurs \u00bb d\u00e9clin\u00e9 au CE1, \u00a0au CE2 et au CM \u00a0(programmes 2015).<\/a><\/strong><\/p>\n<p>\u00a0<\/p>\n\n\n\n<h1><em><span style=\"color: #800080;\">CALCUL<\/span><\/em><\/h1>\n\n\n\n<p><\/p>\n\n\n\n<h3><span style=\"color: #ff0000;\"><strong>Importance du travail des diff\u00e9rents modes de calcul<\/strong><\/span><br \/><em>Les diff\u00e9rents modes de calcul (calcul mental, calcul en ligne, calcul pos\u00e9) se<br \/>construisent en \u00e9troite relation. Si l\u2019enseignement de ces diff\u00e9rents modes doit<br \/>respecter dans un premier temps une chronologie faisant intervenir davantage<br \/>du calcul mental ou du calcul en ligne, il n\u2019y a pas de hi\u00e9rarchie entre les diff\u00e9rents<br \/>modes de calcul. Ces diff\u00e9rents modes contribuent \u00e0 donner \u00e0 l\u2019\u00e9l\u00e8ve du pouvoir sur<br \/>les nombres, \u00e0 les explorer, \u00e0 les appr\u00e9hender selon des points de vue diff\u00e9rents et \u00e0<br \/>r\u00e9utiliser ces connaissances pour r\u00e9soudre des probl\u00e8mes.<\/em><\/h3>\n\n\n<div class=\"wp-block-image\">\n<figure class=\"alignleft\"><a href=\"\/pole-maths\/wp-content\/uploads\/sites\/26\/2017\/02\/image_parcours1-1.jpg\"><img loading=\"lazy\" decoding=\"async\" width=\"150\" height=\"150\" src=\"\/pole-maths\/wp-content\/uploads\/sites\/26\/2017\/02\/image_parcours1-1-150x150.jpg\" alt=\"\" class=\"wp-image-3600\" srcset=\"https:\/\/site.ac-martinique.fr\/pole-maths\/wp-content\/uploads\/sites\/26\/2017\/02\/image_parcours1-1-150x150.jpg 150w, https:\/\/site.ac-martinique.fr\/pole-maths\/wp-content\/uploads\/sites\/26\/2017\/02\/image_parcours1-1-300x300.jpg 300w, https:\/\/site.ac-martinique.fr\/pole-maths\/wp-content\/uploads\/sites\/26\/2017\/02\/image_parcours1-1.jpg 393w\" sizes=\"auto, (max-width: 150px) 100vw, 150px\" \/><\/a><\/figure>\n<\/div>\n\n\n<p><strong><span style=\"color: #ff0000;\">Le parcours calcul mental et calcul en ligne du cycle 2 au cycle 3<\/span> est le fruit d\u2019un travail collaboratif entre enseignants de diff\u00e9rents REP+, CPC et formateurs REP+ de l\u2019acad\u00e9mie.\u00a0<\/strong><\/p>\n\n\n\n<p>Les faits num\u00e9riques, les proc\u00e9dures et propri\u00e9t\u00e9s des op\u00e9rations mises en jeu sont d\u00e9crits \u00e0 l\u2019aide d\u2019exemples pour chacun des niveaux de chaque cycle. <a href=\"\/pole-maths\/?p=3593\" target=\"_blank\" rel=\"noreferrer noopener\">\u00a0Pour en savoir plus.<\/a><\/p>\n<p>\u00a0<\/p>\n\n\n\n<p><span style=\"background-color: #ffffff; color: #ff0000;\"><strong>Cycle 2 et Cycle 3 : d\u00e9couvrez les \u00ab\u00a0compte est bon\u00a0\u00bb des packs de la mission\u00a0<\/strong><\/span><\/p>\n<p>Dans le cadre de la continuit\u00e9 p\u00e9dagogique en 201\/2020,\u00a0 les\u00a0\u00a0<strong>6 packs produits par la mission contiennent des \u00ab\u00a0compte est bon\u00a0\u00bb \u00e0 d\u00e9couvrir ainsi que leurs coups de pouce :<\/strong><\/p>\n<p><a href=\"\/pole-maths\/wp-content\/uploads\/sites\/26\/2013\/12\/Compte1.jpg\"><img loading=\"lazy\" decoding=\"async\" class=\"aligncenter size-medium wp-image-4752\" src=\"\/pole-maths\/wp-content\/uploads\/sites\/26\/2013\/12\/Compte1-300x208.jpg\" alt=\"\" width=\"300\" height=\"208\" srcset=\"https:\/\/site.ac-martinique.fr\/pole-maths\/wp-content\/uploads\/sites\/26\/2013\/12\/Compte1-300x208.jpg 300w, https:\/\/site.ac-martinique.fr\/pole-maths\/wp-content\/uploads\/sites\/26\/2013\/12\/Compte1-150x104.jpg 150w, https:\/\/site.ac-martinique.fr\/pole-maths\/wp-content\/uploads\/sites\/26\/2013\/12\/Compte1.jpg 360w\" sizes=\"auto, (max-width: 300px) 100vw, 300px\" \/><\/a><\/p>\n<p><a href=\"\/pole-maths\/wp-content\/uploads\/sites\/26\/2013\/12\/Compte2.jpg\"><img loading=\"lazy\" decoding=\"async\" class=\"aligncenter size-medium wp-image-4753\" src=\"\/pole-maths\/wp-content\/uploads\/sites\/26\/2013\/12\/Compte2-300x237.jpg\" alt=\"\" width=\"300\" height=\"237\" srcset=\"https:\/\/site.ac-martinique.fr\/pole-maths\/wp-content\/uploads\/sites\/26\/2013\/12\/Compte2-300x237.jpg 300w, https:\/\/site.ac-martinique.fr\/pole-maths\/wp-content\/uploads\/sites\/26\/2013\/12\/Compte2-150x118.jpg 150w, https:\/\/site.ac-martinique.fr\/pole-maths\/wp-content\/uploads\/sites\/26\/2013\/12\/Compte2.jpg 398w\" sizes=\"auto, (max-width: 300px) 100vw, 300px\" \/><\/a><\/p>\n<p><a href=\"\/pole-maths\/wp-content\/uploads\/sites\/26\/2013\/12\/Compte3.jpg\"><img loading=\"lazy\" decoding=\"async\" class=\"aligncenter size-medium wp-image-4754\" src=\"\/pole-maths\/wp-content\/uploads\/sites\/26\/2013\/12\/Compte3-300x79.jpg\" alt=\"\" width=\"300\" height=\"79\" srcset=\"https:\/\/site.ac-martinique.fr\/pole-maths\/wp-content\/uploads\/sites\/26\/2013\/12\/Compte3-300x79.jpg 300w, https:\/\/site.ac-martinique.fr\/pole-maths\/wp-content\/uploads\/sites\/26\/2013\/12\/Compte3-150x39.jpg 150w, https:\/\/site.ac-martinique.fr\/pole-maths\/wp-content\/uploads\/sites\/26\/2013\/12\/Compte3.jpg 426w\" sizes=\"auto, (max-width: 300px) 100vw, 300px\" \/><\/a><a href=\"\/pole-maths\/wp-content\/uploads\/sites\/26\/2013\/12\/Compte4.jpg\"><img loading=\"lazy\" decoding=\"async\" class=\"aligncenter size-medium wp-image-4755\" src=\"\/pole-maths\/wp-content\/uploads\/sites\/26\/2013\/12\/Compte4-300x78.jpg\" alt=\"\" width=\"300\" height=\"78\" srcset=\"https:\/\/site.ac-martinique.fr\/pole-maths\/wp-content\/uploads\/sites\/26\/2013\/12\/Compte4-300x78.jpg 300w, https:\/\/site.ac-martinique.fr\/pole-maths\/wp-content\/uploads\/sites\/26\/2013\/12\/Compte4-150x39.jpg 150w, https:\/\/site.ac-martinique.fr\/pole-maths\/wp-content\/uploads\/sites\/26\/2013\/12\/Compte4.jpg 673w\" sizes=\"auto, (max-width: 300px) 100vw, 300px\" \/><\/a><\/p>\n<p>Pour en savoir plus t\u00e9l\u00e9charger:<\/p>\n<ul>\n<li><strong><a href=\"\/pole-maths\/?p=4487\" target=\"_blank\" rel=\"noopener noreferrer\">le pack 1<\/a><\/strong><\/li>\n<li><strong><a href=\"\/pole-maths\/?p=4540\" target=\"_blank\" rel=\"noopener noreferrer\">le pack 2<\/a><\/strong><\/li>\n<li><strong><a href=\"\/pole-maths\/?p=4583\" target=\"_blank\" rel=\"noopener noreferrer\">le pack 3<\/a><\/strong><\/li>\n<li><strong><a href=\"\/pole-maths\/?p=4628\" target=\"_blank\" rel=\"noopener noreferrer\">le pack 4<\/a><\/strong><\/li>\n<li><strong><a href=\"\/pole-maths\/?p=4662\" target=\"_blank\" rel=\"noopener noreferrer\">le pack 5 (pour faire le point)<\/a><\/strong><\/li>\n<li><strong><a href=\"\/pole-maths\/?p=4705\" target=\"_blank\" rel=\"noopener noreferrer\">le pack 6<\/a><\/strong><\/li>\n<\/ul>\n\n\n\n<h3><span style=\"color: #ff0000;\"><strong>Calcul mental<\/strong><\/span><\/h3>\n<p><a href=\"\/pole-maths\/wp-content\/uploads\/sites\/26\/2013\/12\/diapo1_calcul_mental.jpg\"><img loading=\"lazy\" decoding=\"async\" class=\"alignleft wp-image-1667\" src=\"\/pole-maths\/wp-content\/uploads\/sites\/26\/2013\/12\/diapo1_calcul_mental.jpg\" alt=\"\" width=\"220\" height=\"137\" \/><\/a><\/p>\n<p>Conf\u00e9rence pr\u00e9sent\u00e9e de <strong>Jean-Jacques Calmelet<\/strong> pr\u00e9sent\u00e9e lors du module de formation Calcul mental et TIC. <strong><a title=\"article Calmelet usage du num\u00e9rique\" href=\"\/pole-maths\/?p=506\" target=\"_blank\" rel=\"noopener noreferrer\">T\u00e9l\u00e9charger la conf\u00e9rence.<\/a><\/strong><\/p>\n<p>\u00a0<\/p>\n<p>\u00a0<\/p>\n\n\n\n<p><span style=\"color: #ff0000;\"><strong>Nombres et Calcul: la r\u00e9versibilit\u00e9 des op\u00e9rations<\/strong><\/span><\/p>\n\n\n<div class=\"wp-block-image\">\n<figure class=\"alignleft\"><img decoding=\"async\" src=\"https:\/\/lh6.googleusercontent.com\/-8Zy-LNdmGvo\/Un049aIic3I\/AAAAAAAAB8g\/JnuYbTgaWSo\/w440-h336-no\/botrop_20_petit.jpg\" alt=\"\"\/><\/figure>\n<\/div>\n\n\n<p><strong><a href=\"\/pole-maths\/?p=572\" target=\"_blank\" rel=\"noreferrer noopener\">Le jeu du serpent &#8211; de la GS \u00e0 la 6<sup>\u00e8me\u00a0<\/sup><\/a><\/strong><\/p>\n\n\n\n<p>Un jeu de plateau et de d\u00e9s o\u00f9 \u00a0la\u00a0<strong>r\u00e9versibilit\u00e9 des op\u00e9rations<\/strong>\u00a0est au coeur des\u00a0<strong>attaques<\/strong>\u00a0et de la\u00a0<strong>d\u00e9fense<\/strong>.<\/p>\n<p>\u00a0<\/p>\n\n\n\n\n\n<p>\u00a0<\/p>\n<p>\u00a0<\/p>\n\n\n<div class=\"wp-block-image\">\n<figure class=\"alignleft\"><a href=\"\/pole-maths\/wp-content\/uploads\/sites\/26\/2014\/02\/logo-calculatice-248x60.png\"><img loading=\"lazy\" decoding=\"async\" width=\"248\" height=\"60\" src=\"\/pole-maths\/wp-content\/uploads\/sites\/26\/2014\/02\/logo-calculatice-248x60.png\" alt=\"\" class=\"wp-image-2177\" srcset=\"https:\/\/site.ac-martinique.fr\/pole-maths\/wp-content\/uploads\/sites\/26\/2014\/02\/logo-calculatice-248x60.png 248w, https:\/\/site.ac-martinique.fr\/pole-maths\/wp-content\/uploads\/sites\/26\/2014\/02\/logo-calculatice-248x60-150x36.png 150w\" sizes=\"auto, (max-width: 248px) 100vw, 248px\" \/><\/a><\/figure>\n<\/div>\n\n\n<p><strong>Pour le calcul mental, un outil en ligne ou t\u00e9l\u00e9chargeable.<\/strong> Con\u00e7u par les \u00e9quipes TICE et math\u00e9matiques de l\u2019Inspection Acad\u00e9mique du Nord, cette application propose, sous des formes originales et innovantes, des ressources num\u00e9riques permettant une pratique r\u00e9guli\u00e8re du calcul mental \u00e0 l\u2019\u00e9cole \u00e9l\u00e9mentaire.<\/p>\n<p>\u00a0<\/p>\n\n\n\n\n<div class=\"wp-block-image\">\n<figure class=\"alignleft\"><a href=\"\/pole-maths\/wp-content\/uploads\/sites\/26\/2014\/02\/doc-calculatice-joa-21.png\"><img decoding=\"async\" src=\"\/pole-maths\/wp-content\/uploads\/sites\/26\/2014\/02\/doc-calculatice-joa-21-150x77.png\" alt=\"\"\/><\/a><\/figure>\n<\/div>\n\n\n<p>En documentation, la mission propose un document \u00ab\u00a0mn\u00e9motechnique\u00a0\u00bb des exercices et des options de l&rsquo;outil t\u00e9l\u00e9chargeable. <strong><a href=\"\/pole-maths\/?p=2186\" target=\"_blank\" rel=\"noreferrer noopener\">D\u00e9couvrir l&rsquo;article.<\/a><\/strong><\/p>\n<p>\u00a0<\/p>\n\n\n\n\n<div class=\"wp-block-image\">\n<figure class=\"alignleft\"><a href=\"\/pole-maths\/wp-content\/uploads\/sites\/26\/2015\/06\/affichage-double-moiti\u00e9.png\"><img loading=\"lazy\" decoding=\"async\" width=\"300\" height=\"201\" src=\"\/pole-maths\/wp-content\/uploads\/sites\/26\/2015\/06\/affichage-double-moiti\u00e9-300x201.png\" alt=\"affichage double, moiti\u00e9\" class=\"wp-image-3238\" srcset=\"https:\/\/site.ac-martinique.fr\/pole-maths\/wp-content\/uploads\/sites\/26\/2015\/06\/affichage-double-moiti\u00e9-300x201.png 300w, https:\/\/site.ac-martinique.fr\/pole-maths\/wp-content\/uploads\/sites\/26\/2015\/06\/affichage-double-moiti\u00e9-150x101.png 150w, https:\/\/site.ac-martinique.fr\/pole-maths\/wp-content\/uploads\/sites\/26\/2015\/06\/affichage-double-moiti\u00e9.png 687w\" sizes=\"auto, (max-width: 300px) 100vw, 300px\" \/><\/a><\/figure>\n<\/div>\n\n\n<p>Le document <span style=\"color: #ff0000;\"><strong>\u00ab\u00a0Doubles et moiti\u00e9s, tiers&#8230;\u00a0\u00bb<\/strong><\/span> facilite la pr\u00e9paration de la classe du CP au CM. Il propose des <strong>activit\u00e9s vari\u00e9es<\/strong>, un \u00e9clairage sur les difficult\u00e9s que rencontrent les \u00e9l\u00e8ves et des <strong>exemples d&rsquo;affichages r\u00e9f\u00e9rents<\/strong>. Il est accompagn\u00e9 d&rsquo;un mat\u00e9riel p\u00e9dagogique facilitant leur mise en oeuvre. <strong><a href=\"\/pole-maths\/?p=3236\" target=\"_blank\" rel=\"noreferrer noopener\">D\u00e9couvrir l&rsquo;article.<\/a>\u00a0<\/strong><\/p>\n<p>\u00a0<\/p>\n","protected":false},"excerpt":{"rendered":"<p>NUMERATION Importance de la distinction de deux syst\u00e8mes de num\u00e9rationIl existe deux syst\u00e8mes de num\u00e9ration, deux mani\u00e8res de d\u00e9signer les nombres :d\u2019une part les noms des nombres \u00e0 l\u2019oral qui se trouvent dans la comptine num\u00e9riqueen fran\u00e7ais (la num\u00e9ration orale,&#8230; <a class=\"more-link\" href=\"https:\/\/site.ac-martinique.fr\/pole-maths\/?page_id=722\">Continue Reading &rarr;<\/a><\/p>\n","protected":false},"author":83,"featured_media":0,"parent":0,"menu_order":0,"comment_status":"closed","ping_status":"closed","template":"","meta":{"footnotes":""},"class_list":["post-722","page","type-page","status-publish","hentry"],"_links":{"self":[{"href":"https:\/\/site.ac-martinique.fr\/pole-maths\/index.php?rest_route=\/wp\/v2\/pages\/722","targetHints":{"allow":["GET"]}}],"collection":[{"href":"https:\/\/site.ac-martinique.fr\/pole-maths\/index.php?rest_route=\/wp\/v2\/pages"}],"about":[{"href":"https:\/\/site.ac-martinique.fr\/pole-maths\/index.php?rest_route=\/wp\/v2\/types\/page"}],"author":[{"embeddable":true,"href":"https:\/\/site.ac-martinique.fr\/pole-maths\/index.php?rest_route=\/wp\/v2\/users\/83"}],"replies":[{"embeddable":true,"href":"https:\/\/site.ac-martinique.fr\/pole-maths\/index.php?rest_route=%2Fwp%2Fv2%2Fcomments&post=722"}],"version-history":[{"count":76,"href":"https:\/\/site.ac-martinique.fr\/pole-maths\/index.php?rest_route=\/wp\/v2\/pages\/722\/revisions"}],"predecessor-version":[{"id":5384,"href":"https:\/\/site.ac-martinique.fr\/pole-maths\/index.php?rest_route=\/wp\/v2\/pages\/722\/revisions\/5384"}],"wp:attachment":[{"href":"https:\/\/site.ac-martinique.fr\/pole-maths\/index.php?rest_route=%2Fwp%2Fv2%2Fmedia&parent=722"}],"curies":[{"name":"wp","href":"https:\/\/api.w.org\/{rel}","templated":true}]}}