{"id":896,"date":"2017-12-23T16:27:32","date_gmt":"2017-12-23T16:27:32","guid":{"rendered":"\/robotique\/?page_id=896"},"modified":"2017-12-25T17:27:05","modified_gmt":"2017-12-25T17:27:05","slug":"telecommande-ir","status":"publish","type":"page","link":"https:\/\/site.ac-martinique.fr\/robotique\/?page_id=896","title":{"rendered":"T\u00e9l\u00e9commande IR"},"content":{"rendered":"<h1 style=\"text-align: center\"><strong><span style=\"color: #ff9900\">Comment contr\u00f4ler un syst\u00e8me automatis\u00e9 \u00e0 distance?<\/span><\/strong> Pour 1 \u00e0 4\u00a0\u20ac<\/h1>\n<p>&nbsp;<\/p>\n<p>Mat\u00e9riel : r\u00e9cepteur infrarouge grove ou autre, vieille t\u00e9l\u00e9commande de t\u00e9l\u00e9vision.<\/p>\n<p><a href=\"\/robotique\/wp-content\/uploads\/sites\/31\/2017\/12\/Mat\u00e9riel-commande-IR.jpg\"><img loading=\"lazy\" decoding=\"async\" class=\"aligncenter size-full wp-image-897\" src=\"\/robotique\/wp-content\/uploads\/sites\/31\/2017\/12\/Mat\u00e9riel-commande-IR.jpg\" alt=\"materiel-commande-ir\" width=\"986\" height=\"283\" srcset=\"https:\/\/site.ac-martinique.fr\/robotique\/wp-content\/uploads\/sites\/31\/2017\/12\/Mat\u00e9riel-commande-IR.jpg 986w, https:\/\/site.ac-martinique.fr\/robotique\/wp-content\/uploads\/sites\/31\/2017\/12\/Mat\u00e9riel-commande-IR-300x86.jpg 300w\" sizes=\"auto, (max-width: 986px) 100vw, 986px\" \/><\/a><\/p>\n<p>&nbsp;<\/p>\n<p>https:\/\/www.youtube.com\/watch?v=XD1Mk2GrS4g&#038;feature=youtu.be<\/p>\n<p>&nbsp;<\/p>\n<p><strong><a href=\"\/robotique\/?page_id=885\">T\u00e9l\u00e9chargement Blockly@rduino Martinique ici<\/a><\/strong><\/p>\n<p>&nbsp;<\/p>\n<p><span style=\"color: #f09b13\"><strong><code><span style=\"font-family: Georgia, 'Bitstream Charter', serif\"><span style=\"font-size: medium\">DE LA COMPR\u00c9HENSION DU PROGRAMME EN C++ A LA CONCEPTION DES BLOCS<\/span><\/span><\/code><\/strong><\/span><\/p>\n<p><span style=\"color: #0000ff\"><strong>ETAPE 1 : PRINCIPE DE FONCTIONNEMENT\u00a0<\/strong><\/span><\/p>\n<p>https:\/\/www.youtube.com\/watch?v=mA5wtsC9FkE<\/p>\n<p>&nbsp;<\/p>\n<p><strong><span style=\"color: #0000ff\">ETAPE 2 : TESTER ET COMPRENDRE LE PROGRAMME EN C++<\/span><\/strong><\/p>\n<p><a href=\"\/robotique\/wp-content\/uploads\/sites\/31\/2017\/12\/Programme-C-IR.jpg\"><img loading=\"lazy\" decoding=\"async\" class=\"aligncenter size-full wp-image-903\" src=\"\/robotique\/wp-content\/uploads\/sites\/31\/2017\/12\/Programme-C-IR.jpg\" alt=\"programme-c-ir\" width=\"706\" height=\"574\" srcset=\"https:\/\/site.ac-martinique.fr\/robotique\/wp-content\/uploads\/sites\/31\/2017\/12\/Programme-C-IR.jpg 706w, https:\/\/site.ac-martinique.fr\/robotique\/wp-content\/uploads\/sites\/31\/2017\/12\/Programme-C-IR-300x244.jpg 300w\" sizes=\"auto, (max-width: 706px) 100vw, 706px\" \/><\/a><\/p>\n<p>&nbsp;<\/p>\n<p><strong><span style=\"color: #0000ff\">ETAPE 3 : REFLEXION SUR LES BLOCS<\/span><\/strong><\/p>\n<p><a href=\"\/robotique\/wp-content\/uploads\/sites\/31\/2017\/12\/Elaboration-des-blocs-2.jpg\"><img loading=\"lazy\" decoding=\"async\" class=\"aligncenter size-large wp-image-904\" src=\"\/robotique\/wp-content\/uploads\/sites\/31\/2017\/12\/Elaboration-des-blocs-2-1024x523.jpg\" alt=\"elaboration-des-blocs-2\" width=\"640\" height=\"327\" srcset=\"https:\/\/site.ac-martinique.fr\/robotique\/wp-content\/uploads\/sites\/31\/2017\/12\/Elaboration-des-blocs-2-1024x523.jpg 1024w, https:\/\/site.ac-martinique.fr\/robotique\/wp-content\/uploads\/sites\/31\/2017\/12\/Elaboration-des-blocs-2-300x153.jpg 300w, https:\/\/site.ac-martinique.fr\/robotique\/wp-content\/uploads\/sites\/31\/2017\/12\/Elaboration-des-blocs-2.jpg 1167w\" sizes=\"auto, (max-width: 640px) 100vw, 640px\" \/><\/a><\/p>\n<p>&nbsp;<\/p>\n<p><strong><span style=\"color: #0000ff\">ETAPE 4 : PROGRAMMATION DES BLOCS<\/span><\/strong><span style=\"color: #0000ff\"><span style=\"color: #000000\"> (cliquer dessus pour agrandir)<\/span><\/span><\/p>\n<p><a href=\"\/robotique\/wp-content\/uploads\/sites\/31\/2017\/12\/Elaboration-des-blocs.jpg\"><img loading=\"lazy\" decoding=\"async\" class=\"aligncenter size-large wp-image-905\" src=\"\/robotique\/wp-content\/uploads\/sites\/31\/2017\/12\/Elaboration-des-blocs-1024x598.jpg\" alt=\"elaboration-des-blocs\" width=\"640\" height=\"374\" srcset=\"https:\/\/site.ac-martinique.fr\/robotique\/wp-content\/uploads\/sites\/31\/2017\/12\/Elaboration-des-blocs-1024x598.jpg 1024w, https:\/\/site.ac-martinique.fr\/robotique\/wp-content\/uploads\/sites\/31\/2017\/12\/Elaboration-des-blocs-300x175.jpg 300w, https:\/\/site.ac-martinique.fr\/robotique\/wp-content\/uploads\/sites\/31\/2017\/12\/Elaboration-des-blocs.jpg 1164w\" sizes=\"auto, (max-width: 640px) 100vw, 640px\" \/><\/a><\/p>\n<p><a href=\"\/robotique\/wp-content\/uploads\/sites\/31\/2017\/12\/Elaboration-des-blocs-21.jpg\"><img loading=\"lazy\" decoding=\"async\" class=\"aligncenter size-full wp-image-936\" src=\"\/robotique\/wp-content\/uploads\/sites\/31\/2017\/12\/Elaboration-des-blocs-21.jpg\" alt=\"elaboration-des-blocs-2\" width=\"1006\" height=\"591\" srcset=\"https:\/\/site.ac-martinique.fr\/robotique\/wp-content\/uploads\/sites\/31\/2017\/12\/Elaboration-des-blocs-21.jpg 1006w, https:\/\/site.ac-martinique.fr\/robotique\/wp-content\/uploads\/sites\/31\/2017\/12\/Elaboration-des-blocs-21-300x176.jpg 300w\" sizes=\"auto, (max-width: 1006px) 100vw, 1006px\" \/><\/a><\/p>\n<p>Cr\u00e9ation des blocs avec &#8220;blockly developer tools&#8221; : <a href=\"https:\/\/blockly-demo.appspot.com\/static\/demos\/blockfactory\/index.html\">https:\/\/blocklydemo.appspot.com\/static\/demos\/blockfactory\/index.html<\/a><\/p>\n<p>https:\/\/www.youtube.com\/watch?v=s2_xaEvcVI0<\/p>\n<p>&nbsp;<\/p>\n<p>TUTORIEL POUR FABRIQUER DES <a href=\"http:\/\/www.libreduc.cc\/wiki\/doku.php\/fr\/arduino\/blockly_rduino\/creerblocsmultiling\">BLOCS SUR LE SITE DE SEBASTIEN CANET:<\/a><\/p>\n<p><a href=\"\/robotique\/wp-content\/uploads\/sites\/31\/2017\/12\/LIBRE-EDUC.jpg\"><img loading=\"lazy\" decoding=\"async\" class=\"aligncenter size-large wp-image-906\" src=\"\/robotique\/wp-content\/uploads\/sites\/31\/2017\/12\/LIBRE-EDUC-1024x521.jpg\" alt=\"libre-educ\" width=\"640\" height=\"326\" srcset=\"https:\/\/site.ac-martinique.fr\/robotique\/wp-content\/uploads\/sites\/31\/2017\/12\/LIBRE-EDUC-1024x521.jpg 1024w, https:\/\/site.ac-martinique.fr\/robotique\/wp-content\/uploads\/sites\/31\/2017\/12\/LIBRE-EDUC-300x153.jpg 300w, https:\/\/site.ac-martinique.fr\/robotique\/wp-content\/uploads\/sites\/31\/2017\/12\/LIBRE-EDUC.jpg 1473w\" sizes=\"auto, (max-width: 640px) 100vw, 640px\" \/><\/a><\/p>\n","protected":false},"excerpt":{"rendered":"<p>Comment contr\u00f4ler un syst\u00e8me automatis\u00e9 \u00e0 distance? Pour 1 \u00e0 4\u00a0\u20ac &nbsp; Mat\u00e9riel : r\u00e9cepteur infrarouge grove ou autre, vieille t\u00e9l\u00e9commande de t\u00e9l\u00e9vision. &nbsp; https:\/\/www.youtube.com\/watch?v=XD1Mk2GrS4g&#038;feature=youtu.be &nbsp; T\u00e9l\u00e9chargement Blockly@rduino Martinique ici &nbsp; DE LA COMPR\u00c9HENSION DU PROGRAMME EN C++ A LA &hellip; <a href=\"https:\/\/site.ac-martinique.fr\/robotique\/?page_id=896\">Continue reading <span class=\"meta-nav\">&rarr;<\/span><\/a><\/p>\n","protected":false},"author":80,"featured_media":0,"parent":0,"menu_order":0,"comment_status":"closed","ping_status":"closed","template":"","meta":{"footnotes":""},"class_list":["post-896","page","type-page","status-publish","hentry"],"_links":{"self":[{"href":"https:\/\/site.ac-martinique.fr\/robotique\/index.php?rest_route=\/wp\/v2\/pages\/896","targetHints":{"allow":["GET"]}}],"collection":[{"href":"https:\/\/site.ac-martinique.fr\/robotique\/index.php?rest_route=\/wp\/v2\/pages"}],"about":[{"href":"https:\/\/site.ac-martinique.fr\/robotique\/index.php?rest_route=\/wp\/v2\/types\/page"}],"author":[{"embeddable":true,"href":"https:\/\/site.ac-martinique.fr\/robotique\/index.php?rest_route=\/wp\/v2\/users\/80"}],"replies":[{"embeddable":true,"href":"https:\/\/site.ac-martinique.fr\/robotique\/index.php?rest_route=%2Fwp%2Fv2%2Fcomments&post=896"}],"version-history":[{"count":9,"href":"https:\/\/site.ac-martinique.fr\/robotique\/index.php?rest_route=\/wp\/v2\/pages\/896\/revisions"}],"predecessor-version":[{"id":937,"href":"https:\/\/site.ac-martinique.fr\/robotique\/index.php?rest_route=\/wp\/v2\/pages\/896\/revisions\/937"}],"wp:attachment":[{"href":"https:\/\/site.ac-martinique.fr\/robotique\/index.php?rest_route=%2Fwp%2Fv2%2Fmedia&parent=896"}],"curies":[{"name":"wp","href":"https:\/\/api.w.org\/{rel}","templated":true}]}}