{"id":2260,"date":"2024-01-24T03:11:07","date_gmt":"2024-01-24T02:11:07","guid":{"rendered":"https:\/\/site.ac-martinique.fr\/sbssa\/?page_id=2260"},"modified":"2024-02-06T21:03:12","modified_gmt":"2024-02-06T20:03:12","slug":"mentions-legales","status":"publish","type":"page","link":"https:\/\/site.ac-martinique.fr\/sbssa\/mentions-legales\/","title":{"rendered":"Mentions l\u00e9gales"},"content":{"rendered":"\n<div class=\"wp-block-group is-layout-constrained wp-block-group-is-layout-constrained\">\n<p><span style=\"font-size: revert; color: var(--ast-global-color-3); background-color: var(--ast-global-color-5); font-family: 'Alegreya Sans', sans-serif; font-weight: 400;\">En vertu de la<\/span><span style=\"font-size: revert; color: var(--ast-global-color-3); background-color: var(--ast-global-color-5);\">\u00a0loi pour la confiance dans l\u2019\u00e9conomie num\u00e9rique (LCEN) du 21 juin 2004, voici les coordonn\u00e9es de l\u2019\u00e9diteur et du prestataire qui accueille le site <\/span><a style=\"font-size: revert; background-color: var(--ast-global-color-5);\" href=\"https:\/\/site.ac-martinique.fr\/sbssa\/\">https:\/\/site.ac-martinique.fr\/sbssa\/<\/a><span style=\"font-size: revert; color: var(--ast-global-color-3); background-color: var(--ast-global-color-5);\">\u00a0<\/span><\/p>\n<article id=\"post-2276\" class=\"post-2276 post type-post status-draft format-standard hentry category-non-classe ast-article-single\">\n<div class=\"ast-post-format- ast-no-thumb single-layout-1\">\n<div class=\"entry-content clear\">\n<div class=\"body clear\">\n<div class=\"text crayon article-texte-26 \">\n<ul class=\"spip\" role=\"list\">\n<li>Site disciplinaire\u00a0<strong>standard<\/strong><\/li>\n<li>Directeur de la publication : Mme Nathalie MONS, Rectrice Acad\u00e9mie Martinique<\/li>\n<li>Directeur de la r\u00e9daction : Mr JOANNES-ELISABETH Olivier, IEN-ET SBSSA Martinique<\/li>\n<li>Webmestre : D\u00e9lhia PETRICIEN, Interlocuteur Acad\u00e9mique au num\u00e9rique IAN<\/li>\n<li>H\u00e9bergeur\u00a0:\u00a0<a class=\"spip_out\" href=\"https:\/\/www.ac-martinique.fr\/\" rel=\"external\">Acad\u00e9mie de la Martinique<\/a><\/li>\n<\/ul>\n<h2 class=\"spip\">DROITS D\u2019AUTEURS<\/h2>\n<p>Ce site rel\u00e8ve de la l\u00e9gislation fran\u00e7aise et internationale sur le droit d\u2019auteur et la propri\u00e9t\u00e9 intellectuelle.<\/p>\n<p>Tous les droits de reproduction sont r\u00e9serv\u00e9s.<\/p>\n<h2 class=\"spip\">LIENS HYPERTEXTES<\/h2>\n<p>Ce site contient des liens hypertextes permettant l\u2019acc\u00e8s \u00e0 des sites qui ne sont pas \u00e9dit\u00e9s par le responsable de ce site.<\/p>\n<p>En cons\u00e9quence le directeur de publication ne saurait \u00eatre tenue pour responsable du contenu des sites auxquels l\u2019internaute aurait ainsi acc\u00e8s.<\/p>\n<p>Il est formellement interdit de collecter et d\u2019utiliser les informations disponibles sur le site \u00e0 des fins commerciales.<\/p>\n<p>Cette interdiction s\u2019\u00e9tend notamment, sans que cette liste ne soit limitative, \u00e0 tout \u00e9l\u00e9ment r\u00e9dactionnel figurant sur le site, \u00e0 la pr\u00e9sentation des \u00e9crans, aux logiciels n\u00e9cessaires \u00e0 l\u2019exploitation, aux logos, images, photos, graphiques, de quelque nature qu\u2019ils soient.<\/p>\n<h2 class=\"spip\">LIENS HYPERTEXTES VERS CE SITE<\/h2>\n<p>A l\u2019exception de sites diffusant des informations et\/ou contenus ayant un caract\u00e8re ill\u00e9gal et\/ou \u00e0 caract\u00e8re politique, religieux, pornographique, x\u00e9nophobe, vous pouvez cr\u00e9er un lien hypertexte vers notre Site sur votre site.<\/p>\n<p>La mise en place de lien hypertexte n\u2019autorise en aucune fa\u00e7on la reproduction d\u2019\u00e9l\u00e9ments du site ou la pr\u00e9sentation sur des sites tiers d\u2019\u00e9l\u00e9ments du Site sous forme de Frame ou syst\u00e8me apparent\u00e9.<\/p>\n<p>Enfin, la mise en place de lien hypertexte n\u2019autorise en aucune fa\u00e7on de proposer l\u2019envoi d\u2019un message pr\u00e9-r\u00e9dig\u00e9 \u00e0 une adresse mail li\u00e9e au Site ou la mise en place d\u2019un syst\u00e8me permettant l\u2019envoi massif de messages quelle qu\u2019en soit la nature.<\/p>\n<p>Tous les droits de reproduction sont r\u00e9serv\u00e9s.<\/p>\n<\/div>\n<\/div>\n<\/div>\n<\/div>\n<\/article>\n<nav class=\"navigation post-navigation\" role=\"navigation\" aria-label=\"Post navigation\"><span class=\"screen-reader-text\">Post navigation<\/span>\n<div class=\"nav-links\">\n<div class=\"nav-previous\">\u00a0<\/div>\n<\/div>\n<\/nav>\n<\/div>\n","protected":false},"excerpt":{"rendered":"<p>En vertu de la\u00a0loi pour la confiance dans l\u2019\u00e9conomie num\u00e9rique (LCEN) du 21 juin 2004, voici les coordonn\u00e9es de l\u2019\u00e9diteur et du prestataire qui accueille le site https:\/\/site.ac-martinique.fr\/sbssa\/\u00a0 Site disciplinaire\u00a0standard Directeur de la publication : Mme Nathalie MONS, Rectrice Acad\u00e9mie Martinique Directeur de la r\u00e9daction : Mr JOANNES-ELISABETH Olivier, IEN-ET SBSSA Martinique Webmestre : D\u00e9lhia [&hellip;]<\/p>\n","protected":false},"author":454,"featured_media":0,"parent":0,"menu_order":0,"comment_status":"closed","ping_status":"closed","template":"","meta":{"_uag_custom_page_level_css":"","site-sidebar-layout":"default","site-content-layout":"","ast-site-content-layout":"default","site-content-style":"default","site-sidebar-style":"default","ast-global-header-display":"","ast-banner-title-visibility":"","ast-main-header-display":"","ast-hfb-above-header-display":"","ast-hfb-below-header-display":"","ast-hfb-mobile-header-display":"","site-post-title":"","ast-breadcrumbs-content":"","ast-featured-img":"","footer-sml-layout":"","ast-disable-related-posts":"","theme-transparent-header-meta":"","adv-header-id-meta":"","stick-header-meta":"","header-above-stick-meta":"","header-main-stick-meta":"","header-below-stick-meta":"","astra-migrate-meta-layouts":"default","ast-page-background-enabled":"default","ast-page-background-meta":{"desktop":{"background-color":"var(--ast-global-color-4)","background-image":"","background-repeat":"repeat","background-position":"center center","background-size":"auto","background-attachment":"scroll","background-type":"","background-media":"","overlay-type":"","overlay-color":"","overlay-opacity":"","overlay-gradient":""},"tablet":{"background-color":"","background-image":"","background-repeat":"repeat","background-position":"center center","background-size":"auto","background-attachment":"scroll","background-type":"","background-media":"","overlay-type":"","overlay-color":"","overlay-opacity":"","overlay-gradient":""},"mobile":{"background-color":"","background-image":"","background-repeat":"repeat","background-position":"center center","background-size":"auto","background-attachment":"scroll","background-type":"","background-media":"","overlay-type":"","overlay-color":"","overlay-opacity":"","overlay-gradient":""}},"ast-content-background-meta":{"desktop":{"background-color":"var(--ast-global-color-5)","background-image":"","background-repeat":"repeat","background-position":"center center","background-size":"auto","background-attachment":"scroll","background-type":"","background-media":"","overlay-type":"","overlay-color":"","overlay-opacity":"","overlay-gradient":""},"tablet":{"background-color":"var(--ast-global-color-5)","background-image":"","background-repeat":"repeat","background-position":"center center","background-size":"auto","background-attachment":"scroll","background-type":"","background-media":"","overlay-type":"","overlay-color":"","overlay-opacity":"","overlay-gradient":""},"mobile":{"background-color":"var(--ast-global-color-5)","background-image":"","background-repeat":"repeat","background-position":"center center","background-size":"auto","background-attachment":"scroll","background-type":"","background-media":"","overlay-type":"","overlay-color":"","overlay-opacity":"","overlay-gradient":""}},"footnotes":""},"class_list":["post-2260","page","type-page","status-publish","hentry"],"uagb_featured_image_src":{"full":false,"thumbnail":false,"medium":false,"medium_large":false,"large":false,"1536x1536":false,"2048x2048":false},"uagb_author_info":{"display_name":"Delhia PETRICIEN","author_link":"https:\/\/site.ac-martinique.fr\/sbssa\/author\/dpetricien\/"},"uagb_comment_info":0,"uagb_excerpt":"En vertu de la\u00a0loi pour la confiance dans l\u2019\u00e9conomie num\u00e9rique (LCEN) du 21 juin 2004, voici les coordonn\u00e9es de l\u2019\u00e9diteur et du prestataire qui accueille le site https:\/\/site.ac-martinique.fr\/sbssa\/\u00a0 Site disciplinaire\u00a0standard Directeur de la publication : Mme Nathalie MONS, Rectrice Acad\u00e9mie Martinique Directeur de la r\u00e9daction : Mr JOANNES-ELISABETH Olivier, IEN-ET SBSSA Martinique Webmestre : D\u00e9lhia\u2026","_links":{"self":[{"href":"https:\/\/site.ac-martinique.fr\/sbssa\/wp-json\/wp\/v2\/pages\/2260","targetHints":{"allow":["GET"]}}],"collection":[{"href":"https:\/\/site.ac-martinique.fr\/sbssa\/wp-json\/wp\/v2\/pages"}],"about":[{"href":"https:\/\/site.ac-martinique.fr\/sbssa\/wp-json\/wp\/v2\/types\/page"}],"author":[{"embeddable":true,"href":"https:\/\/site.ac-martinique.fr\/sbssa\/wp-json\/wp\/v2\/users\/454"}],"replies":[{"embeddable":true,"href":"https:\/\/site.ac-martinique.fr\/sbssa\/wp-json\/wp\/v2\/comments?post=2260"}],"version-history":[{"count":3,"href":"https:\/\/site.ac-martinique.fr\/sbssa\/wp-json\/wp\/v2\/pages\/2260\/revisions"}],"predecessor-version":[{"id":2280,"href":"https:\/\/site.ac-martinique.fr\/sbssa\/wp-json\/wp\/v2\/pages\/2260\/revisions\/2280"}],"wp:attachment":[{"href":"https:\/\/site.ac-martinique.fr\/sbssa\/wp-json\/wp\/v2\/media?parent=2260"}],"curies":[{"name":"wp","href":"https:\/\/api.w.org\/{rel}","templated":true}]}}