{"id":2782,"date":"2024-06-25T02:11:18","date_gmt":"2024-06-25T01:11:18","guid":{"rendered":"https:\/\/site.ac-martinique.fr\/sbssa\/?page_id=2782"},"modified":"2025-03-08T22:58:56","modified_gmt":"2025-03-08T21:58:56","slug":"accueil-3","status":"publish","type":"page","link":"https:\/\/site.ac-martinique.fr\/sbssa\/","title":{"rendered":"BIENVENUE SUR LE SITE ACADEMIQUE SBSSA"},"content":{"rendered":"\n<p><\/p>\n\n\n\n<div class=\"wp-block-group alignfull is-layout-flow wp-block-group-is-layout-flow\">\n<h5 class=\"wp-block-heading has-text-align-center has-ast-global-color-6-background-color has-background tw-block-animation tw-animation-scale-in\" style=\"border-width:2px;border-radius:0px;font-size:34px;font-style:italic;font-weight:800\">BIENVENUE SUR LE SITE ACAD\u00c9MIQUE SBSSA MQUE<\/h5>\n<\/div>\n\n\n\n<hr class=\"wp-block-separator has-alpha-channel-opacity\"\/>\n\n\n\n<p><\/p>\n\n\n\n<p><\/p>\n\n\n\n<div class=\"wp-block-group alignfull is-vertical is-layout-flex wp-container-core-group-is-layout-fe9cc265 wp-block-group-is-layout-flex\">\n<h5 class=\"wp-block-heading has-large-font-size\" style=\"font-style:normal;font-weight:600;text-decoration:underline\">A la une<\/h5>\n\n\n<ul class=\"wp-block-latest-posts__list has-dates tw-mt-8 is-style-tw-posts-border tw-img-ratio-3-2 tw-heading-size-medium tw-stretched-link tw-hide-more-link wp-block-latest-posts\"><li><a class=\"wp-block-latest-posts__post-title\" href=\"https:\/\/site.ac-martinique.fr\/sbssa\/lettre-de-rentree-2025\/\">Prot\u00e9g\u00e9\u00a0: LETTRE DE RENTR\u00c9E 2025<\/a><time datetime=\"2025-11-10T03:40:40+01:00\" class=\"wp-block-latest-posts__post-date\">10 novembre 2025<\/time><div class=\"wp-block-latest-posts__post-excerpt\">Ce contenu est prot\u00e9g\u00e9 par un mot de passe.<\/div><\/li>\n<li><div class=\"wp-block-latest-posts__featured-image alignright\"><img loading=\"lazy\" decoding=\"async\" width=\"200\" height=\"117\" src=\"https:\/\/site.ac-martinique.fr\/sbssa\/wp-content\/uploads\/sites\/21\/2024\/03\/Design-sans-titre-3-200x117.png\" class=\"attachment-medium size-medium wp-post-image\" alt=\"\" style=\"\" srcset=\"https:\/\/site.ac-martinique.fr\/sbssa\/wp-content\/uploads\/sites\/21\/2024\/03\/Design-sans-titre-3-200x117.png 200w, https:\/\/site.ac-martinique.fr\/sbssa\/wp-content\/uploads\/sites\/21\/2024\/03\/Design-sans-titre-3-400x233.png 400w, https:\/\/site.ac-martinique.fr\/sbssa\/wp-content\/uploads\/sites\/21\/2024\/03\/Design-sans-titre-3-768x448.png 768w, https:\/\/site.ac-martinique.fr\/sbssa\/wp-content\/uploads\/sites\/21\/2024\/03\/Design-sans-titre-3.png 960w\" sizes=\"auto, (max-width: 200px) 100vw, 200px\" \/><\/div><a class=\"wp-block-latest-posts__post-title\" href=\"https:\/\/site.ac-martinique.fr\/sbssa\/inrs-et-videos\/\">INRS ET VIDEOS<\/a><time datetime=\"2024-11-21T23:59:11+01:00\" class=\"wp-block-latest-posts__post-date\">21 novembre 2024<\/time><div class=\"wp-block-latest-posts__post-excerpt\">N&rsquo;h\u00e9sitez pas \u00e0 vous abonner sur la cha\u00eene YOUTUBE de L&rsquo;INRS. Webinaires, vid\u00e9os explicatives sur les risques, Les aventures de NAPO&#8230;. de nombreux outils pour traiter de la sant\u00e9\u2026 <a class=\"wp-block-latest-posts__read-more\" href=\"https:\/\/site.ac-martinique.fr\/sbssa\/inrs-et-videos\/\" rel=\"noopener noreferrer\">Lire la suite<span class=\"screen-reader-text\">\u00a0: INRS ET VIDEOS<\/span><\/a><\/div><\/li>\n<li><div class=\"wp-block-latest-posts__featured-image alignright\"><img loading=\"lazy\" decoding=\"async\" width=\"200\" height=\"130\" src=\"https:\/\/site.ac-martinique.fr\/sbssa\/wp-content\/uploads\/sites\/21\/2024\/09\/arton979-200x130.jpg\" class=\"attachment-medium size-medium wp-post-image\" alt=\"\" style=\"\" srcset=\"https:\/\/site.ac-martinique.fr\/sbssa\/wp-content\/uploads\/sites\/21\/2024\/09\/arton979-200x130.jpg 200w, https:\/\/site.ac-martinique.fr\/sbssa\/wp-content\/uploads\/sites\/21\/2024\/09\/arton979.jpg 305w\" sizes=\"auto, (max-width: 200px) 100vw, 200px\" \/><\/div><a class=\"wp-block-latest-posts__post-title\" href=\"https:\/\/site.ac-martinique.fr\/sbssa\/actualites-sante-social-par-le-rnrsms\/\">ACTUALITES SANTE-SOCIALES &#8211; outil rnrsms<\/a><time datetime=\"2024-09-30T17:20:51+01:00\" class=\"wp-block-latest-posts__post-date\">30 septembre 2024<\/time><div class=\"wp-block-latest-posts__post-excerpt\">Le R\u00e9seau National de Ressources en Sciences M\u00e9dico-Sociales (RNRSMS), (https:\/\/rnrsms.ac-creteil.fr\/) de l&rsquo;acad\u00e9mie Ile-de-France, a cr\u00e9e un support r\u00e9guli\u00e8rement actualis\u00e9 autour des actualit\u00e9s sant\u00e9-social au niveau national. Des ressources diverses\u2026 <a class=\"wp-block-latest-posts__read-more\" href=\"https:\/\/site.ac-martinique.fr\/sbssa\/actualites-sante-social-par-le-rnrsms\/\" rel=\"noopener noreferrer\">Lire la suite<span class=\"screen-reader-text\">\u00a0: ACTUALITES SANTE-SOCIALES &#8211; outil rnrsms<\/span><\/a><\/div><\/li>\n<li><div class=\"wp-block-latest-posts__featured-image alignright\"><img loading=\"lazy\" decoding=\"async\" width=\"200\" height=\"96\" src=\"https:\/\/site.ac-martinique.fr\/sbssa\/wp-content\/uploads\/sites\/21\/2024\/09\/Capture-decran-2024-09-30-115800-200x96.png\" class=\"attachment-medium size-medium wp-post-image\" alt=\"\" style=\"\" srcset=\"https:\/\/site.ac-martinique.fr\/sbssa\/wp-content\/uploads\/sites\/21\/2024\/09\/Capture-decran-2024-09-30-115800-200x96.png 200w, https:\/\/site.ac-martinique.fr\/sbssa\/wp-content\/uploads\/sites\/21\/2024\/09\/Capture-decran-2024-09-30-115800-400x193.png 400w, https:\/\/site.ac-martinique.fr\/sbssa\/wp-content\/uploads\/sites\/21\/2024\/09\/Capture-decran-2024-09-30-115800-768x370.png 768w, https:\/\/site.ac-martinique.fr\/sbssa\/wp-content\/uploads\/sites\/21\/2024\/09\/Capture-decran-2024-09-30-115800.png 1070w\" sizes=\"auto, (max-width: 200px) 100vw, 200px\" \/><\/div><a class=\"wp-block-latest-posts__post-title\" href=\"https:\/\/site.ac-martinique.fr\/sbssa\/presse-alcool-les-jeunes-en-premiere-ligne\/\">Presse &#8211; Alcool: les jeunes en premi\u00e8re ligne<\/a><time datetime=\"2024-09-30T17:01:36+01:00\" class=\"wp-block-latest-posts__post-date\">30 septembre 2024<\/time><div class=\"wp-block-latest-posts__post-excerpt\">France- Asso sant\u00e9 alerte encore une fois sur la consommation excessive de l&rsquo;alcool chez les jeunes. Une ressource utilisable pour le module A4 sur les addictions. L&rsquo;article est \u00e0\u2026 <a class=\"wp-block-latest-posts__read-more\" href=\"https:\/\/site.ac-martinique.fr\/sbssa\/presse-alcool-les-jeunes-en-premiere-ligne\/\" rel=\"noopener noreferrer\">Lire la suite<span class=\"screen-reader-text\">\u00a0: Presse &#8211; Alcool: les jeunes en premi\u00e8re ligne<\/span><\/a><\/div><\/li>\n<li><div class=\"wp-block-latest-posts__featured-image alignright\"><img loading=\"lazy\" decoding=\"async\" width=\"200\" height=\"43\" src=\"https:\/\/site.ac-martinique.fr\/sbssa\/wp-content\/uploads\/sites\/21\/2024\/09\/banniere_eduscol_1680x360_862_0-200x43.jpg\" class=\"attachment-medium size-medium wp-post-image\" alt=\"\" style=\"\" srcset=\"https:\/\/site.ac-martinique.fr\/sbssa\/wp-content\/uploads\/sites\/21\/2024\/09\/banniere_eduscol_1680x360_862_0-200x43.jpg 200w, https:\/\/site.ac-martinique.fr\/sbssa\/wp-content\/uploads\/sites\/21\/2024\/09\/banniere_eduscol_1680x360_862_0-400x86.jpg 400w, https:\/\/site.ac-martinique.fr\/sbssa\/wp-content\/uploads\/sites\/21\/2024\/09\/banniere_eduscol_1680x360_862_0-768x165.jpg 768w, https:\/\/site.ac-martinique.fr\/sbssa\/wp-content\/uploads\/sites\/21\/2024\/09\/banniere_eduscol_1680x360_862_0-1536x329.jpg 1536w, https:\/\/site.ac-martinique.fr\/sbssa\/wp-content\/uploads\/sites\/21\/2024\/09\/banniere_eduscol_1680x360_862_0.jpg 1680w\" sizes=\"auto, (max-width: 200px) 100vw, 200px\" \/><\/div><a class=\"wp-block-latest-posts__post-title\" href=\"https:\/\/site.ac-martinique.fr\/sbssa\/lannee-de-terminale-bac-pro-rlp-2024\/\">L\u2019ann\u00e9e de terminale Bac Pro &#8211; RLP 2024<\/a><time datetime=\"2024-09-29T00:45:48+01:00\" class=\"wp-block-latest-posts__post-date\">29 septembre 2024<\/time><div class=\"wp-block-latest-posts__post-excerpt\">La mise en place de la RLP d\u00e8s la rentr\u00e9e de septembre a induit une modification dans la mise en \u0153uvre de l&rsquo;ann\u00e9e de Terminale Bac Pro. Pour cette\u2026 <a class=\"wp-block-latest-posts__read-more\" href=\"https:\/\/site.ac-martinique.fr\/sbssa\/lannee-de-terminale-bac-pro-rlp-2024\/\" rel=\"noopener noreferrer\">Lire la suite<span class=\"screen-reader-text\">\u00a0: L\u2019ann\u00e9e de terminale Bac Pro &#8211; RLP 2024<\/span><\/a><\/div><\/li>\n<li><div class=\"wp-block-latest-posts__featured-image alignright\"><img loading=\"lazy\" decoding=\"async\" width=\"200\" height=\"143\" src=\"https:\/\/site.ac-martinique.fr\/sbssa\/wp-content\/uploads\/sites\/21\/2024\/09\/Capture-decran-2024-09-26-213950-200x143.png\" class=\"attachment-medium size-medium wp-post-image\" alt=\"\" style=\"\" srcset=\"https:\/\/site.ac-martinique.fr\/sbssa\/wp-content\/uploads\/sites\/21\/2024\/09\/Capture-decran-2024-09-26-213950-200x143.png 200w, https:\/\/site.ac-martinique.fr\/sbssa\/wp-content\/uploads\/sites\/21\/2024\/09\/Capture-decran-2024-09-26-213950.png 282w\" sizes=\"auto, (max-width: 200px) 100vw, 200px\" \/><\/div><a class=\"wp-block-latest-posts__post-title\" href=\"https:\/\/site.ac-martinique.fr\/sbssa\/lettre-de-rentree-de-lien-sept-2024\/\">Prot\u00e9g\u00e9\u00a0: LETTRE DE RENTREE DE l&rsquo;IEN &#8211; SEPT 2024<\/a><time datetime=\"2024-09-29T00:03:22+01:00\" class=\"wp-block-latest-posts__post-date\">29 septembre 2024<\/time><div class=\"wp-block-latest-posts__post-excerpt\">Ce contenu est prot\u00e9g\u00e9 par un mot de passe.<\/div><\/li>\n<li><div class=\"wp-block-latest-posts__featured-image alignright\"><img loading=\"lazy\" decoding=\"async\" width=\"200\" height=\"111\" src=\"https:\/\/site.ac-martinique.fr\/sbssa\/wp-content\/uploads\/sites\/21\/2024\/09\/Capture-decran-2024-09-26-140515-200x111.png\" class=\"attachment-medium size-medium wp-post-image\" alt=\"\" style=\"\" srcset=\"https:\/\/site.ac-martinique.fr\/sbssa\/wp-content\/uploads\/sites\/21\/2024\/09\/Capture-decran-2024-09-26-140515-200x111.png 200w, https:\/\/site.ac-martinique.fr\/sbssa\/wp-content\/uploads\/sites\/21\/2024\/09\/Capture-decran-2024-09-26-140515-400x223.png 400w, https:\/\/site.ac-martinique.fr\/sbssa\/wp-content\/uploads\/sites\/21\/2024\/09\/Capture-decran-2024-09-26-140515-768x428.png 768w, https:\/\/site.ac-martinique.fr\/sbssa\/wp-content\/uploads\/sites\/21\/2024\/09\/Capture-decran-2024-09-26-140515.png 811w\" sizes=\"auto, (max-width: 200px) 100vw, 200px\" \/><\/div><a class=\"wp-block-latest-posts__post-title\" href=\"https:\/\/site.ac-martinique.fr\/sbssa\/la-minute-numerique-sbssa-n1\/\">La minute num\u00e9rique sBssa n\u00b01<\/a><time datetime=\"2024-09-28T21:43:41+01:00\" class=\"wp-block-latest-posts__post-date\">28 septembre 2024<\/time><div class=\"wp-block-latest-posts__post-excerpt\">En ce d\u00e9but d&rsquo;ann\u00e9e scolaire, vous avez pu d\u00e9couvrir le premier num\u00e9ro de la Minute num\u00e9rique SBSSA, un outil destin\u00e9 \u00e0 reprendre et centraliser les essentiels num\u00e9riques utiles dans\u2026 <a class=\"wp-block-latest-posts__read-more\" href=\"https:\/\/site.ac-martinique.fr\/sbssa\/la-minute-numerique-sbssa-n1\/\" rel=\"noopener noreferrer\">Lire la suite<span class=\"screen-reader-text\">\u00a0: La minute num\u00e9rique sBssa n\u00b01<\/span><\/a><\/div><\/li>\n<li><div class=\"wp-block-latest-posts__featured-image alignright\"><img loading=\"lazy\" decoding=\"async\" width=\"200\" height=\"113\" src=\"https:\/\/site.ac-martinique.fr\/sbssa\/wp-content\/uploads\/sites\/21\/2024\/09\/Capture-decran-2024-09-17-222613-200x113.png\" class=\"attachment-medium size-medium wp-post-image\" alt=\"\" style=\"\" srcset=\"https:\/\/site.ac-martinique.fr\/sbssa\/wp-content\/uploads\/sites\/21\/2024\/09\/Capture-decran-2024-09-17-222613-200x113.png 200w, https:\/\/site.ac-martinique.fr\/sbssa\/wp-content\/uploads\/sites\/21\/2024\/09\/Capture-decran-2024-09-17-222613-400x225.png 400w, https:\/\/site.ac-martinique.fr\/sbssa\/wp-content\/uploads\/sites\/21\/2024\/09\/Capture-decran-2024-09-17-222613-768x433.png 768w, https:\/\/site.ac-martinique.fr\/sbssa\/wp-content\/uploads\/sites\/21\/2024\/09\/Capture-decran-2024-09-17-222613.png 1185w\" sizes=\"auto, (max-width: 200px) 100vw, 200px\" \/><\/div><a class=\"wp-block-latest-posts__post-title\" href=\"https:\/\/site.ac-martinique.fr\/sbssa\/newsletter-sbssa-n3\/\">Newsletter SBSSA n\u00b03<\/a><time datetime=\"2024-09-18T03:28:24+01:00\" class=\"wp-block-latest-posts__post-date\">18 septembre 2024<\/time><div class=\"wp-block-latest-posts__post-excerpt\">Retrouver la derni\u00e8re newsletter de l&rsquo;ann\u00e9e scolaire 2023-2024. De belles images, de beaux projets qui ont clot\u00fbr\u00e9 le dernier semestre. N&rsquo;h\u00e9sitez pas \u00e0 nous faire part de vos photos\u2026 <a class=\"wp-block-latest-posts__read-more\" href=\"https:\/\/site.ac-martinique.fr\/sbssa\/newsletter-sbssa-n3\/\" rel=\"noopener noreferrer\">Lire la suite<span class=\"screen-reader-text\">\u00a0: Newsletter SBSSA n\u00b03<\/span><\/a><\/div><\/li>\n<\/ul><\/div>\n","protected":false},"excerpt":{"rendered":"<p>BIENVENUE SUR LE SITE ACAD\u00c9MIQUE SBSSA MQUE A la une<\/p>\n","protected":false},"author":454,"featured_media":0,"parent":0,"menu_order":0,"comment_status":"closed","ping_status":"closed","template":"","meta":{"_uag_custom_page_level_css":"","site-sidebar-layout":"default","site-content-layout":"","ast-site-content-layout":"default","site-content-style":"default","site-sidebar-style":"default","ast-global-header-display":"","ast-banner-title-visibility":"","ast-main-header-display":"","ast-hfb-above-header-display":"","ast-hfb-below-header-display":"","ast-hfb-mobile-header-display":"","site-post-title":"disabled","ast-breadcrumbs-content":"","ast-featured-img":"","footer-sml-layout":"","ast-disable-related-posts":"","theme-transparent-header-meta":"","adv-header-id-meta":"","stick-header-meta":"","header-above-stick-meta":"","header-main-stick-meta":"","header-below-stick-meta":"","astra-migrate-meta-layouts":"default","ast-page-background-enabled":"default","ast-page-background-meta":{"desktop":{"background-color":"var(--ast-global-color-4)","background-image":"","background-repeat":"repeat","background-position":"center center","background-size":"auto","background-attachment":"scroll","background-type":"","background-media":"","overlay-type":"","overlay-color":"","overlay-opacity":"","overlay-gradient":""},"tablet":{"background-color":"","background-image":"","background-repeat":"repeat","background-position":"center center","background-size":"auto","background-attachment":"scroll","background-type":"","background-media":"","overlay-type":"","overlay-color":"","overlay-opacity":"","overlay-gradient":""},"mobile":{"background-color":"","background-image":"","background-repeat":"repeat","background-position":"center center","background-size":"auto","background-attachment":"scroll","background-type":"","background-media":"","overlay-type":"","overlay-color":"","overlay-opacity":"","overlay-gradient":""}},"ast-content-background-meta":{"desktop":{"background-color":"var(--ast-global-color-5)","background-image":"","background-repeat":"repeat","background-position":"center center","background-size":"auto","background-attachment":"scroll","background-type":"","background-media":"","overlay-type":"","overlay-color":"","overlay-opacity":"","overlay-gradient":""},"tablet":{"background-color":"var(--ast-global-color-5)","background-image":"","background-repeat":"repeat","background-position":"center center","background-size":"auto","background-attachment":"scroll","background-type":"","background-media":"","overlay-type":"","overlay-color":"","overlay-opacity":"","overlay-gradient":""},"mobile":{"background-color":"var(--ast-global-color-5)","background-image":"","background-repeat":"repeat","background-position":"center center","background-size":"auto","background-attachment":"scroll","background-type":"","background-media":"","overlay-type":"","overlay-color":"","overlay-opacity":"","overlay-gradient":""}},"footnotes":""},"class_list":["post-2782","page","type-page","status-publish","hentry"],"uagb_featured_image_src":{"full":false,"thumbnail":false,"medium":false,"medium_large":false,"large":false,"1536x1536":false,"2048x2048":false},"uagb_author_info":{"display_name":"Delhia PETRICIEN","author_link":"https:\/\/site.ac-martinique.fr\/sbssa\/author\/dpetricien\/"},"uagb_comment_info":0,"uagb_excerpt":"BIENVENUE SUR LE SITE ACAD\u00c9MIQUE SBSSA MQUE A la une","_links":{"self":[{"href":"https:\/\/site.ac-martinique.fr\/sbssa\/wp-json\/wp\/v2\/pages\/2782","targetHints":{"allow":["GET"]}}],"collection":[{"href":"https:\/\/site.ac-martinique.fr\/sbssa\/wp-json\/wp\/v2\/pages"}],"about":[{"href":"https:\/\/site.ac-martinique.fr\/sbssa\/wp-json\/wp\/v2\/types\/page"}],"author":[{"embeddable":true,"href":"https:\/\/site.ac-martinique.fr\/sbssa\/wp-json\/wp\/v2\/users\/454"}],"replies":[{"embeddable":true,"href":"https:\/\/site.ac-martinique.fr\/sbssa\/wp-json\/wp\/v2\/comments?post=2782"}],"version-history":[{"count":14,"href":"https:\/\/site.ac-martinique.fr\/sbssa\/wp-json\/wp\/v2\/pages\/2782\/revisions"}],"predecessor-version":[{"id":2958,"href":"https:\/\/site.ac-martinique.fr\/sbssa\/wp-json\/wp\/v2\/pages\/2782\/revisions\/2958"}],"wp:attachment":[{"href":"https:\/\/site.ac-martinique.fr\/sbssa\/wp-json\/wp\/v2\/media?parent=2782"}],"curies":[{"name":"wp","href":"https:\/\/api.w.org\/{rel}","templated":true}]}}